000
CXUS55 KCYS 281000
CF6RWL
PRELIMINARY LOCAL CLIMATOLOGICAL DATA (WS FORM: F-6)

                                          STATION:   RAWLINS WYOMING AIRPORT
                                          MONTH:     APRIL
                                          YEAR:      2017
                                          LATITUDE:   41 47 N
                                          LONGITUDE: 107 12 W

  TEMPERATURE IN F:       :PCPN:    SNOW:  WIND      :SUNSHINE: SKY     :PK WND
================================================================================
1   2   3   4   5  6A  6B    7    8   9   10  11  12  13   14  15   16   17  18
                                     12Z  AVG MX 2MIN
DY MAX MIN AVG DEP HDD CDD  WTR  SNW DPTH SPD SPD DIR MIN PSBL S-S WX    SPD DR
================================================================================

 1  50  27  39   3  26   0 0.00    M    M  9.1 18  60   M    M   5        25  50
 2  52  30  41   4  24   0 0.05    M    M 12.6 25 280   M    M   5 1      34 270
 3  46  24  35  -2  30   0    T    M    M 12.1 24 240   M    M   3 1      30 260
 4  38  18  28  -9  37   0 0.07    M    M  9.5 23 360   M    M   7 128    28 360
 5  51  16  34  -3  31   0 0.00    M    M 14.9 28 250   M    M   2        45 250
 6  62  26  44   6  21   0 0.00    M    M 10.7 21 250   M    M   0        30 260
 7  66  44  55  17  10   0 0.00    M    M 21.5 37 230   M    M   1        48 240
 8  59  36  48  10  17   0 0.01    M    M 20.7 39 190   M    M   5        50 230
 9  45  27  36  -2  29   0 0.03    M    M 21.1 38 260   M    M   8 1      46 250
10  50  20  35  -3  30   0    T    M    M 12.2 26 240   M    M   2        35 230
11  60  23  42   3  23   0 0.00    M    M  8.1 25 210   M    M   2        35 220
12  65  29  47   8  18   0 0.00    M    M  5.6 20 250   M    M   1        26 250
13  73  27  50  11  15   0 0.00    M    M 13.2 33 200   M    M   0        42 210
14  60  35  48   8  17   0 0.00    M    M 16.4 29 280   M    M   1        39 240
15  53  27  40   0  25   0 0.00    M    M 13.7 31 270   M    M   1        37 270
16  60  23  42   2  23   0 0.00    M    M  9.4 23 280   M    M   2        32 260
17  68  30  49   9  16   0 0.00    M    M 16.4 40 220   M    M   2        51 220
18  64  34  49   8  16   0    T    M    M  9.9 25 250   M    M   7        31 240
19  56  26  41   0  24   0 0.06    M    M 16.9 36 250   M    M   5 1      47 250
20  60  22  41   0  24   0 0.12    M    M  6.6 24 170   M    M   3 13     30 190
21  46  29  38  -4  27   0    T    M    M 15.3 28 270   M    M   9        37 270
22  56  27  42   0  23   0 0.00    M    M  5.4 15 210   M    M   5        20 220
23  67  34  51   9  14   0 0.09    M    M 17.4 37 230   M    M   1        48 250
24  54  34  44   2  21   0 0.15    M    M 16.0 35 240   M    M   5 1      45 260
25  41  28  35  -8  30   0 0.08    M    M 12.2 30 260   M    M   7 18     39 270
26  46  27  37  -6  28   0 0.06    M    M 13.6 31 280   M    M   6 13     39 280
27  45  30  38  -5  27   0 0.21    M    M 19.4 35 260   M    M   8 128    45 250
================================================================================
SM 1493  753       626   0  0.93    M    359.9          M      103
================================================================================
AV 55.3 27.9                              13.3 FASTST   M    M   4    MAX(MPH)
                                 MISC ---->  # 40 220               # 51  220
================================================================================
NOTES:
# LAST OF SEVERAL OCCURRENCES

COLUMN 17 PEAK WIND IN M.P.H.

PRELIMINARY LOCAL CLIMATOLOGICAL DATA (WS FORM: F-6) , PAGE 2

                                          STATION:  RAWLINS WYOMING AIRPORT
                                          MONTH:    APRIL
                                          YEAR:     2017
                                          LATITUDE:   41 47 N
                                          LONGITUDE: 107 12 W

[TEMPERATURE DATA]      [PRECIPITATION DATA]       SYMBOLS USED IN COLUMN 16

AVERAGE MONTHLY: 41.6   TOTAL FOR MONTH:   0.93    1 = FOG OR MIST
DPTR FM NORMAL:   1.9   DPTR FM NORMAL:    0.00    2 = FOG REDUCING VISIBILITY
HIGHEST:    73 ON 13    GRTST 24HR  0.24 ON 23-24      TO 1/4 MILE OR LESS
LOWEST:     16 ON  5                               3 = THUNDER
                        SNOW, ICE PELLETS, HAIL    4 = ICE PELLETS
                        TOTAL MONTH:    M          5 = HAIL
                        GRTST 24HR    M  ON   M    6 = FREEZING RAIN OR DRIZZLE
                        GRTST DEPTH:  M  ON   M    7 = DUSTSTORM OR SANDSTORM:
                                                       VSBY 1/2 MILE OR LESS
                                                   8 = SMOKE OR HAZE
[NO. OF DAYS WITH]      [WEATHER - DAYS WITH]      9 = BLOWING SNOW
                                                   X = TORNADO
MAX 32 OR BELOW:   0    0.01 INCH OR MORE:  11
MAX 90 OR ABOVE:   0    0.10 INCH OR MORE:   3
MIN 32 OR BELOW:  21    0.50 INCH OR MORE:   0
MIN  0 OR BELOW:   0    1.00 INCH OR MORE:   0

[HDD (BASE 65) ]
TOTAL THIS MO.   626    CLEAR  (SCALE 0-3)  14
DPTR FM NORMAL   -58    PTCLDY (SCALE 4-7)  10
TOTAL FM JUL 1  6858    CLOUDY (SCALE 8-10)  3
DPTR FM NORMAL  -798

[CDD (BASE 65) ]
TOTAL THIS MO.     0
DPTR FM NORMAL     0    [PRESSURE DATA]
TOTAL FM JAN 1     0    HIGHEST SLP M ON M
DPTR FM NORMAL     0    LOWEST  SLP 29.41 ON 25

[REMARKS]
