000
CXUS55 KCYS 301000
CF6RWL
PRELIMINARY LOCAL CLIMATOLOGICAL DATA (WS FORM: F-6)

                                          STATION:   RAWLINS WYOMING AIRPORT
                                          MONTH:     JUNE
                                          YEAR:      2015
                                          LATITUDE:   41 47 N
                                          LONGITUDE: 107 12 W

  TEMPERATURE IN F:       :PCPN:    SNOW:  WIND      :SUNSHINE: SKY     :PK WND
================================================================================
1   2   3   4   5  6A  6B    7    8   9   10  11  12  13   14  15   16   17  18
                                     12Z  AVG MX 2MIN
DY MAX MIN AVG DEP HDD CDD  WTR  SNW DPTH SPD SPD DIR MIN PSBL S-S WX    SPD DR
================================================================================

 1  81  48  65  11   0   0 0.17    M    M  9.1 39 220   M    M   2 3      49 220
 2  78  46  62   7   3   0 0.00    M    M  9.3 25 230   M    M   1        34 240
 3  77  42  60   5   5   0    T    M    M  6.8 24 300   M    M   0        30 300
 4  78  40  59   4   6   0 0.00    M    M  7.0 29  70   M    M   0        37  60
 5  76  51  64   8   1   0 0.00    M    M 10.7 25 240   M    M   1        33 240
 6  70  47  59   3   6   0    T    M    M 11.3 24 230   M    M   3        33 210
 7  70  44  57   1   8   0    T    M    M  5.7 26 350   M    M   3        33 360
 8  78  41  60   3   5   0 0.00    M    M  7.9 20 260   M    M   1        25 240
 9  81  49  65   8   0   0 0.00    M    M  8.2 38 180   M    M   1        51 190
10  72  45  59   2   6   0 0.00    M    M 11.4 28 230   M    M   2        35 240
11  62  45  54  -4  11   0 0.06    M    M  8.4 22 360   M    M   8 1      25 360
12  77  39  58   0   7   0 0.00    M    M  7.9 18 240   M    M   2        25 250
13  80  55  68  10   0   3 0.00    M    M 13.4 23 280   M    M   0        30 250
14  83  43  63   4   2   0 0.00    M    M  8.9 30 280   M    M   1        37 290
15  74  46  60   1   5   0 0.68    M    M  8.8 30 350   M    M   1 3      37 360
16  78  52  65   5   0   0 0.45    M    M 10.7 18 260   M    M   M 3      33 250
17  81  47  64   4   1   0 0.01    M    M  6.0 25 260   M    M   1        35 240
18  84  48  66   6   0   1 0.00    M    M  5.8 17 350   M    M   0        27 360
19  89  50  70  10   0   5 0.00    M    M 10.5 28 250   M    M   0        39 250
20  83  48  66   5   0   1 0.00    M    M 10.2 26 270   M    M   0        34 220
21  91  49  70   9   0   5 0.00    M    M 10.7 33 240   M    M   0        44 240
22  85  46  66   4   0   1 0.00    M    M  8.6 26 260   M    M   0        35 260
23  89  44  67   5   0   2 0.00    M    M  6.0 25 230   M    M   0        32 230
24  90  48  69   7   0   4 0.00    M    M  7.4 23 210   M    M   0        31 180
25  89  56  73  10   0   8 0.00    M    M 12.8 28 270   M    M   1        34 280
26  84  54  69   6   0   4 0.00    M    M  6.8 17 360   M    M   1        22 350
27  90  50  70   7   0   5 0.00    M    M  4.9 18 340   M    M   0        25 350
28  92  56  74  10   0   9 0.00    M    M  5.9 28  80   M    M   1        38  20
29  88  51  70   6   0   5 0.00    M    M  7.2 17  60   M    M   1        22  60
================================================================================
SM 2350 1380        66  53  1.37    M    248.3          M       31
================================================================================
AV 81.0 47.6                               8.6 FASTST   M    M   1    MAX(MPH)
                                 MISC ---->  # 39 220               # 51  190
================================================================================
NOTES:
# LAST OF SEVERAL OCCURRENCES

COLUMN 17 PEAK WIND IN M.P.H.

PRELIMINARY LOCAL CLIMATOLOGICAL DATA (WS FORM: F-6) , PAGE 2

                                          STATION:  RAWLINS WYOMING AIRPORT
                                          MONTH:    JUNE
                                          YEAR:     2015
                                          LATITUDE:   41 47 N
                                          LONGITUDE: 107 12 W

[TEMPERATURE DATA]      [PRECIPITATION DATA]       SYMBOLS USED IN COLUMN 16

AVERAGE MONTHLY: 64.3   TOTAL FOR MONTH:   1.37    1 = FOG OR MIST
DPTR FM NORMAL:   5.2   DPTR FM NORMAL:    0.36    2 = FOG REDUCING VISIBILITY
HIGHEST:    92 ON 28    GRTST 24HR  0.68 ON 15-15      TO 1/4 MILE OR LESS
LOWEST:     39 ON 12                               3 = THUNDER
                        SNOW, ICE PELLETS, HAIL    4 = ICE PELLETS
                        TOTAL MONTH:    M          5 = HAIL
                        GRTST 24HR    M  ON   M    6 = FREEZING RAIN OR DRIZZLE
                        GRTST DEPTH:  M  ON   M    7 = DUSTSTORM OR SANDSTORM:
                                                       VSBY 1/2 MILE OR LESS
                                                   8 = SMOKE OR HAZE
[NO. OF DAYS WITH]      [WEATHER - DAYS WITH]      9 = BLOWING SNOW
                                                   X = TORNADO
MAX 32 OR BELOW:   0    0.01 INCH OR MORE:   5
MAX 90 OR ABOVE:   4    0.10 INCH OR MORE:   3
MIN 32 OR BELOW:   0    0.50 INCH OR MORE:   1
MIN  0 OR BELOW:   0    1.00 INCH OR MORE:   0

[HDD (BASE 65) ]
TOTAL THIS MO.    66    CLEAR  (SCALE 0-3)  26
DPTR FM NORMAL  -122    PTCLDY (SCALE 4-7)   2
TOTAL FM JUL 1  7328    CLOUDY (SCALE 8-10)  0
DPTR FM NORMAL -1063

[CDD (BASE 65) ]
TOTAL THIS MO.    53
DPTR FM NORMAL    38    [PRESSURE DATA]
TOTAL FM JAN 1    53    HIGHEST SLP  0.00 ON 16
DPTR FM NORMAL    38    LOWEST  SLP  0.00 ON 16

[REMARKS]
