000
CXUS56 KSGX 281445
CF6SAN
PRELIMINARY LOCAL CLIMATOLOGICAL DATA (WS FORM: F-6)

                                          STATION:   SAN DIEGO/LINDBERGH FIELD CA
                                          MONTH:     MAY
                                          YEAR:      2015
                                          LATITUDE:   32 43 N
                                          LONGITUDE: 117 10 W

  TEMPERATURE IN F:       :PCPN:    SNOW:  WIND      :SUNSHINE: SKY     :PK WND
================================================================================
1   2   3   4   5  6A  6B    7    8   9   10  11  12  13   14  15   16   17  18
                                     12Z  AVG MX 2MIN
DY MAX MIN AVG DEP HDD CDD  WTR  SNW DPTH SPD SPD DIR MIN PSBL S-S WX    SPD DR
================================================================================

 1  79  63  71   8   0   6 0.00  0.0    0  6.6 16 310   M    M   6 8      24 300
 2  70  61  66   3   0   1 0.00  0.0    0  6.6 13 230   M    M   6 8      17 220
 3  69  63  66   3   0   1 0.00  0.0    0  7.0 15 300   M    M   8        21 300
 4  68  61  65   2   0   0    T  0.0    0  8.3 18 320   M    M   8 8      24 290
 5  68  61  65   2   0   0 0.00  0.0    0  5.9 16 270   M    M   9        21 270
 6  67  61  64   0   1   0 0.00  0.0    0  8.2 15 270   M    M   9        20 230
 7  64  56  60  -4   5   0 0.05  0.0    0  9.2 21 250   M    M   8        25 250
 8  62  53  58  -6   7   0 0.46  0.0    0  5.9 21 210   M    M   8 38     28 220
 9  67  58  63  -1   2   0    T  0.0    0  6.6 16 300   M    M   8 18     21 290
10  69  58  64   0   1   0 0.00  0.0    0  6.9 15 290   M    M   4        20 280
11  72  60  66   2   0   1 0.00  0.0    0  4.8 14 290   M    M   6        18 280
12  66  59  63  -1   2   0 0.00  0.0    0  8.7 15 200   M    M   6        18 230
13  65  59  62  -2   3   0 0.00  0.0    0  7.2 13 220   M    M   8        21 160
14  66  58  62  -2   3   0 1.63  0.0    0  9.5 20 250   M    M   8 18     26 230
15  65  56  61  -3   4   0 0.21  0.0    0  6.9 21 180   M    M   7        25 160
16  67  59  63  -1   2   0    T  0.0    0  6.2 16 160   M    M   8        20 160
17  68  58  63  -1   2   0 0.00  0.0    0  6.3 15 250   M    M   6        18 260
18  68  61  65   1   0   0 0.00  0.0    0  6.5 14 260   M    M   7        20 260
19  67  60  64   0   1   0 0.00  0.0    0  6.4 13 240   M    M   5        20 230
20  68  61  65   1   0   0 0.00  0.0    0  7.0 15 260   M    M   7        17 260
21  67  61  64   0   1   0 0.01  0.0    0  9.3 16 250   M    M   8        26 250
22  68  60  64   0   1   0 0.01  0.0    0  8.4 17 280   M    M   8        21 290
23  68  61  65   1   0   0 0.02  0.0    0  7.1 14 210   M    M   7        18 230
24  69  61  65   1   0   0 0.00  0.0    0  7.0 13 300   M    M   7        20 290
25  65  61  63  -1   2   0    T  0.0    0  4.9 10 270   M    M  10 8      13 280
26  67  62  65   1   0   0    T  0.0    0  6.0 14 280   M    M  10        17 270
27  69  61  65   1   0   0 0.00  0.0    0  7.0 13 280   M    M   8        18 310
================================================================================
SM 1828 1613        37   9  2.39     0.0 190.4          M      200
================================================================================
AV 67.7 59.7                               7.1 FASTST   M    M   7    MAX(MPH)
                                 MISC ---->  # 21 250               # 28  220
================================================================================
NOTES:
# LAST OF SEVERAL OCCURRENCES

COLUMN 17 PEAK WIND IN M.P.H.

PRELIMINARY LOCAL CLIMATOLOGICAL DATA (WS FORM: F-6) , PAGE 2

                                          STATION:  SAN DIEGO/LINDBERGH FIELD CA
                                          MONTH:    MAY
                                          YEAR:     2015
                                          LATITUDE:   32 43 N
                                          LONGITUDE: 117 10 W

[TEMPERATURE DATA]      [PRECIPITATION DATA]       SYMBOLS USED IN COLUMN 16

AVERAGE MONTHLY: 63.7   TOTAL FOR MONTH:   2.39    1 = FOG OR MIST
DPTR FM NORMAL:  -0.1   DPTR FM NORMAL:    2.28    2 = FOG REDUCING VISIBILITY
HIGHEST:    79 ON  1    GRTST 24HR  1.84 ON 14-15      TO 1/4 MILE OR LESS
LOWEST:     53 ON  8                               3 = THUNDER
                        SNOW, ICE PELLETS, HAIL    4 = ICE PELLETS
                        TOTAL MONTH:   0.0 INCH    5 = HAIL
                        GRTST 24HR     0.0         6 = FREEZING RAIN OR DRIZZLE
                        GRTST DEPTH:   0           7 = DUSTSTORM OR SANDSTORM:
                                                       VSBY 1/2 MILE OR LESS
                                                   8 = SMOKE OR HAZE
[NO. OF DAYS WITH]      [WEATHER - DAYS WITH]      9 = BLOWING SNOW
                                                   X = TORNADO
MAX 32 OR BELOW:   0    0.01 INCH OR MORE:   7
MAX 90 OR ABOVE:   0    0.10 INCH OR MORE:   3
MIN 32 OR BELOW:   0    0.50 INCH OR MORE:   1
MIN  0 OR BELOW:   0    1.00 INCH OR MORE:   1

[HDD (BASE 65) ]
TOTAL THIS MO.    37    CLEAR  (SCALE 0-3)   0
DPTR FM NORMAL   -16    PTCLDY (SCALE 4-7)  20
TOTAL FM JUL 1   440    CLOUDY (SCALE 8-10)  7
DPTR FM NORMAL  -762

[CDD (BASE 65) ]
TOTAL THIS MO.     9
DPTR FM NORMAL   -18    [PRESSURE DATA]
TOTAL FM JAN 1   178    HIGHEST SLP M ON M
DPTR FM NORMAL   127    LOWEST  SLP 29.79 ON 15

[REMARKS]
