000
CXUS56 KSGX 301545
CF6SAN
PRELIMINARY LOCAL CLIMATOLOGICAL DATA (WS FORM: F-6)

                                          STATION:   SAN DIEGO INTL AIRPORT  CA
                                          MONTH:     AUGUST
                                          YEAR:      2016
                                          LATITUDE:   32 43 N
                                          LONGITUDE: 117 10 W

  TEMPERATURE IN F:       :PCPN:    SNOW:  WIND      :SUNSHINE: SKY     :PK WND
================================================================================
1   2   3   4   5  6A  6B    7    8   9   10  11  12  13   14  15   16   17  18
                                     12Z  AVG MX 2MIN
DY MAX MIN AVG DEP HDD CDD  WTR  SNW DPTH SPD SPD DIR MIN PSBL S-S WX    SPD DR
================================================================================

 1  80  69  75   4   0  10 0.00  0.0    0  5.8 14 210   M    M   3        16 270
 2  79  70  75   4   0  10 0.00  0.0    0  6.8 15 280   M    M   6        18 280
 3  79  69  74   3   0   9 0.00  0.0    0  6.2 13 220   M    M   7        16 280
 4  78  69  74   3   0   9 0.00  0.0    0  6.5 14 260   M    M   7        19 250
 5  77  71  74   3   0   9 0.00  0.0    0  6.3 14 270   M    M   8        21 250
 6  77  69  73   2   0   8 0.00  0.0    0  8.1 14 290   M    M   8        19 300
 7  76  68  72   1   0   7 0.00  0.0    0  5.7 13 230   M    M   9        18 220
 8  71  67  69  -2   0   4 0.00  0.0    0  6.5 13 230   M    M   9        15 230
 9  75  67  71   0   0   6 0.00  0.0    0  5.7 13 220   M    M   5        17 220
10  78  68  73   2   0   8 0.00  0.0    0  5.8 14 260   M    M   6        18 290
11  77  70  74   2   0   9 0.00  0.0    0  6.9 14 280   M    M   8        19 290
12  80  70  75   3   0  10 0.00  0.0    0  8.3 16 300   M    M   5        21 330
13  80  70  75   3   0  10 0.00  0.0    0  7.9 16 290   M    M   3        21 290
14  82  70  76   4   0  11 0.00  0.0    0  6.9 15 280   M    M   2        18 310
15  84  71  78   6   0  13 0.00  0.0    0  8.2 17 290   M    M   2        21 300
16  81  68  75   3   0  10 0.00  0.0    0  8.2 16 290   M    M   3 1      20 310
17  80  67  74   2   0   9 0.00  0.0    0  7.9 16 310   M    M   4 18     21 290
18  78  67  73   1   0   8 0.00  0.0    0  6.1 15 290   M    M   5        18 290
19  79  67  73   1   0   8 0.00  0.0    0  7.3 16 290   M    M   6        20 300
20  77  67  72   0   0   7 0.00  0.0    0  8.1 17 290   M    M   6 8      22 280
21  78  67  73   1   0   8 0.00  0.0    0  7.6 16 280   M    M   5        20 280
22  77  66  72   0   0   7 0.00  0.0    0  6.3 13 290   M    M   4        17 280
23  76  62  69  -3   0   4 0.00  0.0    0  4.6 10 320   M    M   5 1      15 290
24  77  67  72   0   0   7 0.00  0.0    0  5.8 13 300   M    M   4        17 330
25  74  66  70  -2   0   5 0.00  0.0    0  5.2 13 300   M    M   6        17 240
26  73  66  70  -2   0   5 0.00  0.0    0  6.2 14 220   M    M   7        16 240
27  75  67  71  -1   0   6 0.00  0.0    0  6.7 17 290   M    M   7        22 270
28  77  69  73   1   0   8 0.00  0.0    0  7.4 14 290   M    M   5        19 280
29  78  68  73   1   0   8 0.00  0.0    0  5.8 15 290   M    M   4        19 320
================================================================================
SM 2253 1972         0 233  0.00     0.0 194.8          M      159
================================================================================
AV 77.7 68.0                               6.7 FASTST   M    M   5    MAX(MPH)
                                 MISC ---->  # 17 290               # 22  280
================================================================================
NOTES:
# LAST OF SEVERAL OCCURRENCES

COLUMN 17 PEAK WIND IN M.P.H.

PRELIMINARY LOCAL CLIMATOLOGICAL DATA (WS FORM: F-6) , PAGE 2

                                          STATION:  SAN DIEGO INTL AIRPORT  CA
                                          MONTH:    AUGUST
                                          YEAR:     2016
                                          LATITUDE:   32 43 N
                                          LONGITUDE: 117 10 W

[TEMPERATURE DATA]      [PRECIPITATION DATA]       SYMBOLS USED IN COLUMN 16

AVERAGE MONTHLY: 72.8   TOTAL FOR MONTH:   0.00    1 = FOG OR MIST
DPTR FM NORMAL:   1.2   DPTR FM NORMAL:   -0.02    2 = FOG REDUCING VISIBILITY
HIGHEST:    84 ON 15    GRTST 24HR  0.00 ON 29-29      TO 1/4 MILE OR LESS
LOWEST:     62 ON 23                               3 = THUNDER
                        SNOW, ICE PELLETS, HAIL    4 = ICE PELLETS
                        TOTAL MONTH:   0.0 INCH    5 = HAIL
                        GRTST 24HR     0.0         6 = FREEZING RAIN OR DRIZZLE
                        GRTST DEPTH:   0           7 = DUSTSTORM OR SANDSTORM:
                                                       VSBY 1/2 MILE OR LESS
                                                   8 = SMOKE OR HAZE
[NO. OF DAYS WITH]      [WEATHER - DAYS WITH]      9 = BLOWING SNOW
                                                   X = TORNADO
MAX 32 OR BELOW:   0    0.01 INCH OR MORE:   0
MAX 90 OR ABOVE:   0    0.10 INCH OR MORE:   0
MIN 32 OR BELOW:   0    0.50 INCH OR MORE:   0
MIN  0 OR BELOW:   0    1.00 INCH OR MORE:   0

[HDD (BASE 65) ]
TOTAL THIS MO.     0    CLEAR  (SCALE 0-3)   2
DPTR FM NORMAL     0    PTCLDY (SCALE 4-7)  25
TOTAL FM JUL 1     0    CLOUDY (SCALE 8-10)  2
DPTR FM NORMAL    -1

[CDD (BASE 65) ]
TOTAL THIS MO.   233
DPTR FM NORMAL    42    [PRESSURE DATA]
TOTAL FM JAN 1   667    HIGHEST SLP M ON M
DPTR FM NORMAL   211    LOWEST  SLP 29.76 ON  7

[REMARKS]
