000
CXUS55 KLOX 211155
CF6SBA
PRELIMINARY LOCAL CLIMATOLOGICAL DATA (WS FORM: F-6)

                                          STATION:   SANTA BARBARA AIRPORT CA
                                          MONTH:     NOVEMBER
                                          YEAR:      2017
                                          LATITUDE:   34 25 N
                                          LONGITUDE: 119 50 W

  TEMPERATURE IN F:       :PCPN:    SNOW:  WIND      :SUNSHINE: SKY     :PK WND
================================================================================
1   2   3   4   5  6A  6B    7    8   9   10  11  12  13   14  15   16   17  18
                                     12Z  AVG MX 2MIN
DY MAX MIN AVG DEP HDD CDD  WTR  SNW DPTH SPD SPD DIR MIN PSBL S-S WX    SPD DR
================================================================================

 1  70  58  64   5   1   0 0.00  0.0    0  4.4 15 260   M    M   9        18 270
 2  68  59  64   5   1   0 0.00  0.0    0  3.6 13 210   M    M   9        15 220
 3  70  51  61   2   4   0 0.00  0.0    0  4.0 10 190   M    M   5        14 160
 4  71  48  60   1   5   0    T    M    0  6.9 21 260   M    M   3        27 270
 5  71  52  62   4   3   0 0.00  0.0    0  5.6 15 250   M    M   2        19 260
 6  66  51  59   1   6   0 0.00  0.0    0  3.4 12 140   M    M   6        15  90
 7  71  48  60   2   5   0 0.00  0.0    0  3.3 10 220   M    M   1        14 210
 8  72  47  60   2   5   0 0.00  0.0    0  2.9 13 240   M    M   3        15 240
 9  70  49  60   2   5   0 0.00  0.0    0  5.0 17 260   M    M   2 1      22 270
10  68  47  58   0   7   0 0.00  0.0    0  3.3 10 130   M    M   2 1      15 170
11  68  45  57   0   8   0 0.00  0.0    0  1.8 10 220   M    M   0        13 210
12  68  47  58   1   7   0 0.00  0.0    0  1.8  8 210   M    M   1        11 210
13  69  43  56  -1   9   0 0.00  0.0    0  3.1 12 140   M    M   0 1      15 140
14  73  48  61   4   4   0 0.00  0.0    0  4.5 10 150   M    M   0        13  50
15  74  49  62   6   3   0 0.00  0.0    0  3.2  9 220   M    M   1        11 250
16  68  56  62   6   3   0 0.07  0.0    0  2.9 12 260   M    M   6 1      14 260
17  74  48  61   5   4   0 0.00  0.0    0  7.3 22 260   M    M   1        28 270
18  69  43  56   0   9   0 0.00  0.0    0  3.4 13 260   M    M   0         M  M
19  68  40  54  -2  11   0 0.00  0.0    0  3.8 14 270   M    M   0        18 280
20  70  44  57   2   8   0 0.00  0.0    0  3.3 12 150   M    M   0        13 140
================================================================================
SM 1398  973       108   0  0.07     0.0  77.6          M       51
================================================================================
AV 69.9 48.7                               3.9 FASTST   M    M   3    MAX(MPH)
                                 MISC ---->  # 22 260               # 28  270
================================================================================
NOTES:
# LAST OF SEVERAL OCCURRENCES

COLUMN 17 PEAK WIND IN M.P.H.

PRELIMINARY LOCAL CLIMATOLOGICAL DATA (WS FORM: F-6) , PAGE 2

                                          STATION:  SANTA BARBARA AIRPORT CA
                                          MONTH:    NOVEMBER
                                          YEAR:     2017
                                          LATITUDE:   34 25 N
                                          LONGITUDE: 119 50 W

[TEMPERATURE DATA]      [PRECIPITATION DATA]       SYMBOLS USED IN COLUMN 16

AVERAGE MONTHLY: 59.3   TOTAL FOR MONTH:   0.07    1 = FOG OR MIST
DPTR FM NORMAL:   1.9   DPTR FM NORMAL:   -0.94    2 = FOG REDUCING VISIBILITY
HIGHEST:    74 ON 17,15 GRTST 24HR  0.07 ON 16-16      TO 1/4 MILE OR LESS
LOWEST:     40 ON 19                               3 = THUNDER
                        SNOW, ICE PELLETS, HAIL    4 = ICE PELLETS
                        TOTAL MONTH:   0.0 INCH    5 = HAIL
                        GRTST 24HR     0.0         6 = FREEZING RAIN OR DRIZZLE
                        GRTST DEPTH:   0           7 = DUSTSTORM OR SANDSTORM:
                                                       VSBY 1/2 MILE OR LESS
                                                   8 = SMOKE OR HAZE
[NO. OF DAYS WITH]      [WEATHER - DAYS WITH]      9 = BLOWING SNOW
                                                   X = TORNADO
MAX 32 OR BELOW:   0    0.01 INCH OR MORE:   1
MAX 90 OR ABOVE:   0    0.10 INCH OR MORE:   0
MIN 32 OR BELOW:   0    0.50 INCH OR MORE:   0
MIN  0 OR BELOW:   0    1.00 INCH OR MORE:   0

[HDD (BASE 65) ]
TOTAL THIS MO.   108    CLEAR  (SCALE 0-3)  14
DPTR FM NORMAL   -46    PTCLDY (SCALE 4-7)   4
TOTAL FM JUL 1   200    CLOUDY (SCALE 8-10)  2
DPTR FM NORMAL  -171

[CDD (BASE 65) ]
TOTAL THIS MO.     0
DPTR FM NORMAL     0    [PRESSURE DATA]
TOTAL FM JAN 1   378    HIGHEST SLP M ON M
DPTR FM NORMAL   192    LOWEST  SLP 29.86 ON  1

[REMARKS]
