000
CXUS53 KMKX 170810
CF6SBM
PRELIMINARY LOCAL CLIMATOLOGICAL DATA (WS FORM: F-6)
STATION: SHEBOYGAN WI
MONTH: APRIL
YEAR: 2024
LATITUDE: 43 46 N
LONGITUDE: 87 51 W
TEMPERATURE IN F: :PCPN: SNOW: WIND :SUNSHINE: SKY :PK WND
================================================================================
1 2 3 4 5 6A 6B 7 8 9 10 11 12 13 14 15 16 17 18
12Z AVG MX 2MIN
DY MAX MIN AVG DEP HDD CDD WTR SNW DPTH SPD SPD DIR MIN PSBL S-S WX SPD DR
================================================================================
1 40 30 35 -3 30 0 0.21 M M 13.7 24 50 M M 6 1 31 50
2 37 32 35 -3 30 0 1.24 M M 18.7 30 40 M M 10 1 39 360
3 37 32 35 -4 30 0 0.14 M M 14.6 24 350 M M 10 1 41 360
4 40 32 36 -3 29 0 0.08 M M 12.9 23 350 M M 10 1 33 350
5 48 30 39 0 26 0 0.00 M M 7.9 16 30 M M 4 24 350
6 50 24 37 -3 28 0 0.00 M M 6.2 14 50 M M 0 21 30
7 49 27 38 -2 27 0 0.06 M M 8.7 24 120 M M 5 38 130
8 62 38 50 10 15 0 0.00 M M 10.2 28 220 M M 1 36 210
9 58 36 47 6 18 0 0.00 M M 8.0 23 300 M M 3 34 280
10 67 35 51 10 14 0 0.00 M M 7.0 17 260 M M 3 23 250
11 57 42 50 9 15 0 0.02 M M 5.1 13 90 M M 7 18 100
12 60 39 50 8 15 0 T M M 15.9 29 310 M M 5 45 320
13 62 36 49 7 16 0 0.00 M M 7.8 17 170 M M 0 24 170
14 74 41 58 16 7 0 0.00 M M 9.8 26 240 M M 0 38 230
15 69 34 52 9 13 0 0.00 M M 7.2 15 330 M M 0 23 320
16 56 40 48 5 17 0 0.18 M M 13.8 30 190 M M 3 3 48 170
================================================================================
SM 866 548 330 0 1.93 M 167.5 M 67
================================================================================
AV 54.1 34.3 10.5 FASTST M M 4 MAX(MPH)
MISC ----> # 30 40 48 170
================================================================================
NOTES:
# LAST OF SEVERAL OCCURRENCES
COLUMN 17 PEAK WIND IN M.P.H.
PRELIMINARY LOCAL CLIMATOLOGICAL DATA (WS FORM: F-6) , PAGE 2
STATION: SHEBOYGAN WI
MONTH: APRIL
YEAR: 2024
LATITUDE: 43 46 N
LONGITUDE: 87 51 W
[TEMPERATURE DATA] [PRECIPITATION DATA] SYMBOLS USED IN COLUMN 16
AVERAGE MONTHLY: 44.2 TOTAL FOR MONTH: 1.93 1 = FOG OR MIST
DPTR FM NORMAL: 3.7 DPTR FM NORMAL: 0.33 2 = FOG REDUCING VISIBILITY
HIGHEST: 74 ON 14 GRTST 24HR 1.26 ON 2- 3 TO 1/4 MILE OR LESS
LOWEST: 24 ON 6 3 = THUNDER
SNOW, ICE PELLETS, HAIL 4 = ICE PELLETS
TOTAL MONTH: M 5 = HAIL
GRTST 24HR M ON M 6 = FREEZING RAIN OR DRIZZLE
GRTST DEPTH: M ON M 7 = DUSTSTORM OR SANDSTORM:
VSBY 1/2 MILE OR LESS
8 = SMOKE OR HAZE
[NO. OF DAYS WITH] [WEATHER - DAYS WITH] 9 = BLOWING SNOW
X = TORNADO
MAX 32 OR BELOW: 0 0.01 INCH OR MORE: 7
MAX 90 OR ABOVE: 0 0.10 INCH OR MORE: 4
MIN 32 OR BELOW: 7 0.50 INCH OR MORE: 1
MIN 0 OR BELOW: 0 1.00 INCH OR MORE: 1
[HDD (BASE 65) ]
TOTAL THIS MO. 330 CLEAR (SCALE 0-3) 6
DPTR FM NORMAL -61 PTCLDY (SCALE 4-7) 7
TOTAL FM JUL 1 5668 CLOUDY (SCALE 8-10) 3
DPTR FM NORMAL -1193
[CDD (BASE 65) ]
TOTAL THIS MO. 0
DPTR FM NORMAL 0 [PRESSURE DATA]
TOTAL FM JAN 1 0 HIGHEST SLP M ON M
DPTR FM NORMAL 0 LOWEST SLP 29.09 ON 3
[REMARKS]