000
CXUS53 KMKX 310655
CF6SBM
PRELIMINARY LOCAL CLIMATOLOGICAL DATA (WS FORM: F-6)

                                          STATION:   SHEBOYGAN WI
                                          MONTH:     AUGUST
                                          YEAR:      2016
                                          LATITUDE:   43 46 N
                                          LONGITUDE:  87 51 W

  TEMPERATURE IN F:       :PCPN:    SNOW:  WIND      :SUNSHINE: SKY     :PK WND
================================================================================
1   2   3   4   5  6A  6B    7    8   9   10  11  12  13   14  15   16   17  18
                                     12Z  AVG MX 2MIN
DY MAX MIN AVG DEP HDD CDD  WTR  SNW DPTH SPD SPD DIR MIN PSBL S-S WX    SPD DR
================================================================================

 1  79  56  68  -1   0   3    T  0.0    0  3.3 12 100   M    M   2 12     16 110
 2  82  55  69   0   0   4 0.00    M    M  4.9 15 180   M    M   1 12     20 180
 3  84  65  75   6   0  10 0.01    M    M  5.0 15 190   M    M   0 13     18 180
 4  89  65  77   8   0  12 0.08    M    M  8.6 25 240   M    M   2 1      34 230
 5  82  64  73   4   0   8 0.00  0.0    0  8.0 16 270   M    M   4        21 310
 6  81  61  71   2   0   6 0.00  0.0    0  5.3 12 320   M    M   3        16 320
 7  76  53  65  -4   0   0 0.00  0.0    0  4.5 10  80   M    M   1        22  30
 8  79  51  65  -3   0   0 0.00  0.0    0  4.3 13 130   M    M   1 12     19 110
 9  87  59  73   5   0   8    T  0.0    0  5.8 17 180   M    M   3 1      22 220
10  87  66  77   9   0  12 0.00  0.0    0  5.0 15 170   M    M   1 1      18 180
11  88  68  78  10   0  13 0.06  0.0    0  8.3 20 260   M    M   2 128    27 220
12  75  70  73   5   0   8 0.12  0.0    0  7.3 14  50   M    M   7 1      16  30
13  83  62  73   5   0   8 0.07  0.0    0  6.9 15 320   M    M   6 1      23 310
14  84  59  72   4   0   7 0.00  0.0    0  4.8 10 250   M    M   2 1      16 240
15  81  59  70   2   0   5 0.00  0.0    0  4.1 10 130   M    M   0 1      13 120
16  85  67  76   8   0  11 0.00  0.0    0  6.3 14 240   M    M   3 1      17 190
17  85  63  74   6   0   9 0.05  0.0    0  6.7 16 250   M    M   2 1      20 250
18  86  59  73   5   0   8 0.00  0.0    0  6.0 16 180   M    M   0 1      20 170
19  80  66  73   5   0   8 0.18    M    M  6.2 17 260   M    M   4 123    23 250
20  78  61  70   3   0   5 0.60    M    M 10.5 24 270   M    M   7 13     31 260
21  71  52  62  -5   3   0 0.08    M    M  7.6 17 280   M    M   6 18     23 270
22  78  50  64  -3   1   0 0.00    M    M  7.3 16 170   M    M   0        21 160
23  82  56  69   2   0   4 0.00  0.0    0  8.9 20 180   M    M   1        26 180
24  83  66  75   8   0  10 0.07  0.0    0 10.7 22 210   M    M   6 13     26 220
25  80  63  72   6   0   7 0.00  0.0    0  7.5 13 250   M    M   0 1      18 290
26  75  54  65  -1   0   0 0.00  0.0    0  3.2 10 300   M    M   1 1      14 330
27  72  60  66   0   0   1 0.68  0.0    0  4.2 15  50   M    M  10 12     18  60
28  79  59  69   3   0   4 0.00  0.0    0  3.7 13 180   M    M   4 12     15 180
29  81  57  69   3   0   4 0.00  0.0    0  3.3 12 170   M    M   3 12     14 180
30  84  66  75  10   0  10 0.00    M    M  5.8 22  30   M    M   1 1      27  40
================================================================================
SM 2436 1812         4 185  2.00     0.0 184.0          M       83
================================================================================
AV 81.2 60.4                               6.1 FASTST   M    M   3    MAX(MPH)
                                 MISC ---->  # 25 240               # 34  230
================================================================================
NOTES:
# LAST OF SEVERAL OCCURRENCES

COLUMN 17 PEAK WIND IN M.P.H.

PRELIMINARY LOCAL CLIMATOLOGICAL DATA (WS FORM: F-6) , PAGE 2

                                          STATION:  SHEBOYGAN WI
                                          MONTH:    AUGUST
                                          YEAR:     2016
                                          LATITUDE:   43 46 N
                                          LONGITUDE:  87 51 W

[TEMPERATURE DATA]      [PRECIPITATION DATA]       SYMBOLS USED IN COLUMN 16

AVERAGE MONTHLY: 70.8   TOTAL FOR MONTH:   2.00    1 = FOG OR MIST
DPTR FM NORMAL:   3.2   DPTR FM NORMAL:   -1.32    2 = FOG REDUCING VISIBILITY
HIGHEST:    89 ON  4    GRTST 24HR  0.68 ON 27-27      TO 1/4 MILE OR LESS
LOWEST:     50 ON 22                               3 = THUNDER
                        SNOW, ICE PELLETS, HAIL    4 = ICE PELLETS
                        TOTAL MONTH:   0.0 INCH    5 = HAIL
                        GRTST 24HR     0.0         6 = FREEZING RAIN OR DRIZZLE
                        GRTST DEPTH:   0           7 = DUSTSTORM OR SANDSTORM:
                                                       VSBY 1/2 MILE OR LESS
                                                   8 = SMOKE OR HAZE
[NO. OF DAYS WITH]      [WEATHER - DAYS WITH]      9 = BLOWING SNOW
                                                   X = TORNADO
MAX 32 OR BELOW:   0    0.01 INCH OR MORE:  11
MAX 90 OR ABOVE:   0    0.10 INCH OR MORE:   4
MIN 32 OR BELOW:   0    0.50 INCH OR MORE:   2
MIN  0 OR BELOW:   0    1.00 INCH OR MORE:   0

[HDD (BASE 65) ]
TOTAL THIS MO.     4    CLEAR  (SCALE 0-3)  20
DPTR FM NORMAL   -31    PTCLDY (SCALE 4-7)   9
TOTAL FM JUL 1    15    CLOUDY (SCALE 8-10)  1
DPTR FM NORMAL   -41

[CDD (BASE 65) ]
TOTAL THIS MO.   185
DPTR FM NORMAL    72    [PRESSURE DATA]
TOTAL FM JAN 1   468    HIGHEST SLP M ON M
DPTR FM NORMAL   110    LOWEST  SLP 29.59 ON 20

[REMARKS]
