000
CXUS53 KIWX 010800
CF6SBN
PRELIMINARY LOCAL CLIMATOLOGICAL DATA (WS FORM: F-6)

                                          STATION:   SOUTH BEND
                                          MONTH:     JUNE
                                          YEAR:      2015
                                          LATITUDE:   41 42 N
                                          LONGITUDE:  86 19 W

  TEMPERATURE IN F:       :PCPN:    SNOW:  WIND      :SUNSHINE: SKY     :PK WND
================================================================================
1   2   3   4   5  6A  6B    7    8   9   10  11  12  13   14  15   16   17  18
                                     12Z  AVG MX 2MIN
DY MAX MIN AVG DEP HDD CDD  WTR  SNW DPTH SPD SPD DIR MIN PSBL S-S WX    SPD DR
================================================================================

 1  68  48  58  -6   7   0 0.00  0.0    0  5.7 13  30   M    M   4        16  40
 2  73  44  59  -6   6   0 0.00  0.0    0  5.6 15 130   M    M   0        19 140
 3  75  47  61  -4   4   0 0.00  0.0    0  6.0 15 140   M    M   1        19 150
 4  81  52  67   1   0   2 0.00  0.0    0  4.3 13 200   M    M   2 1      18 250
 5  71  55  63  -3   2   0 0.04  0.0    0  9.8 20 350   M    M   1 18     23 340
 6  78  58  68   2   0   3 0.00  0.0    0  7.6 16 140   M    M   3        20 140
 7  75  61  68   2   0   3 0.17  0.0    0 12.6 22 220   M    M   5 13     28 210
 8  81  59  70   3   0   5 0.60  0.0    0 11.1 32 270   M    M   6 13     45 260
 9  80  55  68   1   0   3 0.00  0.0    0  6.0 12 280   M    M   0 1      14 280
10  90  70  80  12   0  15    T  0.0    0 11.0 24 240   M    M   3        32 240
11  86  69  78  10   0  13 0.09  0.0    0  7.2 29 130   M    M   4        41 130
12  77  62  70   2   0   5 0.14  0.0    0  8.0 20 240   M    M   8 18     25 260
13  89  65  77   8   0  12 0.00  0.0    0  7.5 22 190   M    M   6 1      27 200
14  85  73  79  10   0  14 0.02  0.0    0 10.3 22 250   M    M   6 18     28 250
15  81  70  76   7   0  11 0.83  0.0    0  8.5 17 260   M    M   7 1      24 250
16  78  58  68  -2   0   3 0.03  0.0    0  9.6 17 340   M    M   4 1      22 320
17  73  58  66  -4   0   1 0.11  0.0    0  4.4 10 210   M    M  10 1      12 210
18  83  64  74   4   0   9 0.01  0.0    0  8.2 18 300   M    M   6 1      22 290
19  75  61  68  -2   0   3 0.00  0.0    0  7.2 13 120   M    M   1 1      16 110
20  81  65  73   2   0   8 0.20  0.0    0  7.5 24 170   M    M   7 1      29 170
21  83  67  75   4   0  10 0.04  0.0    0  6.2 28 160   M    M   4        35 170
22  85  68  77   6   0  12    T  0.0    0 11.7 29 190   M    M   5 12     36 210
23  82  60  71   0   0   6 0.03  0.0    0 11.2 24 330   M    M   2        31 260
24  78  56  67  -5   0   2 0.00  0.0    0  3.4 10 140   M    M   3        14 230
25  79  67  73   1   0   8 0.28  0.0    0  4.5  9 230   M    M   8 1      13 160
26  74  63  69  -3   0   4 0.23  0.0    0  8.5 17 110   M    M   8 1      23 100
27  73  58  66  -6   0   1 0.90  0.0    0 12.4 22 350   M    M   6 1      29  10
28  78  54  66  -6   0   1 0.00  0.0    0  5.6 18 250   M    M   1        22 250
29  71  62  67  -5   0   2 0.33  0.0    0  7.4 14 110   M    M   8 1      16 110
30  74  58  66  -7   0   1 0.02  0.0    0  8.1 18 300   M    M   6 18     22 320
================================================================================
SM 2357 1807        19 157  4.07     0.0 237.1          M      135
================================================================================
AV 78.6 60.2                               7.9 FASTST   M    M   5    MAX(MPH)
                                 MISC ---->  # 32 270               # 45  260
================================================================================
NOTES:
# LAST OF SEVERAL OCCURRENCES

COLUMN 17 PEAK WIND IN M.P.H.

PRELIMINARY LOCAL CLIMATOLOGICAL DATA (WS FORM: F-6) , PAGE 2

                                          STATION:  SOUTH BEND
                                          MONTH:    JUNE
                                          YEAR:     2015
                                          LATITUDE:   41 42 N
                                          LONGITUDE:  86 19 W

[TEMPERATURE DATA]      [PRECIPITATION DATA]       SYMBOLS USED IN COLUMN 16

AVERAGE MONTHLY: 69.4   TOTAL FOR MONTH:   4.07    1 = FOG OR MIST
DPTR FM NORMAL:   0.3   DPTR FM NORMAL:    0.28    2 = FOG REDUCING VISIBILITY
HIGHEST:    90 ON 10    GRTST 24HR  1.13 ON 26-27      TO 1/4 MILE OR LESS
LOWEST:     44 ON  2                               3 = THUNDER
                        SNOW, ICE PELLETS, HAIL    4 = ICE PELLETS
                        TOTAL MONTH:   0.0 INCH    5 = HAIL
                        GRTST 24HR     0.0         6 = FREEZING RAIN OR DRIZZLE
                        GRTST DEPTH:   0           7 = DUSTSTORM OR SANDSTORM:
                                                       VSBY 1/2 MILE OR LESS
                                                   8 = SMOKE OR HAZE
[NO. OF DAYS WITH]      [WEATHER - DAYS WITH]      9 = BLOWING SNOW
                                                   X = TORNADO
MAX 32 OR BELOW:   0    0.01 INCH OR MORE:  18
MAX 90 OR ABOVE:   1    0.10 INCH OR MORE:  10
MIN 32 OR BELOW:   0    0.50 INCH OR MORE:   3
MIN  0 OR BELOW:   0    1.00 INCH OR MORE:   0

[HDD (BASE 65) ]
TOTAL THIS MO.    19    CLEAR  (SCALE 0-3)  11
DPTR FM NORMAL   -25    PTCLDY (SCALE 4-7)  15
TOTAL FM JUL 1  6623    CLOUDY (SCALE 8-10)  4
DPTR FM NORMAL   325

[CDD (BASE 65) ]
TOTAL THIS MO.   157
DPTR FM NORMAL    -8    [PRESSURE DATA]
TOTAL FM JAN 1   243    HIGHEST SLP 30.25 ON  1
DPTR FM NORMAL    22    LOWEST  SLP 29.63 ON  8

[REMARKS]
#FINAL-06-15#
