000
CXUS56 KSTO 231425
CF6SCK
PRELIMINARY LOCAL CLIMATOLOGICAL DATA (WS FORM: F-6)

                                          STATION:   STOCKTON AIRPORT CA
                                          MONTH:     JANUARY
                                          YEAR:      2018
                                          LATITUDE:   37 54 N
                                          LONGITUDE: 121 15 W

  TEMPERATURE IN F:       :PCPN:    SNOW:  WIND      :SUNSHINE: SKY     :PK WND
================================================================================
1   2   3   4   5  6A  6B    7    8   9   10  11  12  13   14  15   16   17  18
                                     12Z  AVG MX 2MIN
DY MAX MIN AVG DEP HDD CDD  WTR  SNW DPTH SPD SPD DIR MIN PSBL S-S WX    SPD DR
================================================================================

 1  65  35  50   6  15   0 0.00  0.0    0  1.8  7 120   M    M   2 128    10 280
 2  63  43  53   9  12   0 0.00  0.0    0  2.8  8 250   M    M   0 18      9  90
 3  58  39  49   4  16   0 0.11  0.0    0  4.3 16  90   M    M   2 18     19  80
 4  69  49  59  14   6   0 0.09  0.0    0  7.4 18 140   M    M   6 18     24 140
 5  68  48  58  13   7   0 0.09  0.0    0  5.4 15 320   M    M   8 128    17 320
 6  64  44  54   9  11   0 0.17  0.0    0  4.6 14 320   M    M   3 1      17 340
 7  54  42  48   3  17   0 0.00  0.0    0  4.2  8 300   M    M   7 128     9 300
 8  60  49  55  10  10   0 1.39    M    0  9.1 18 140   M    M  10 1      24 150
 9  60  53  57  12   8   0 0.71  0.0    0  6.9 25 150   M    M  10 1      31 150
10  57  50  54   9  11   0    T  0.0    0  5.4 14 280   M    M   9        16 290
11  63  47  55  10  10   0 0.00  0.0    0  2.8 10 160   M    M   4 1      14 170
12  54  41  48   3  17   0 0.00  0.0    0  4.0 13 300   M    M   9 12     14 300
13  54  51  53   8  12   0 0.00  0.0    0  5.5 10 110   M    M  10 18     12 130
14  56  48  52   7  13   0 0.00  0.0    0  4.2 18 260   M    M   7 18     24 260
15  53  44  49   3  16   0 0.00  0.0    0  2.9  9 110   M    M   9 12     11 110
16  56  49  53   7  12   0    T    M    0  4.9 12 280   M    M  10 12     14 280
17  56  52  54   8  11   0 0.00  0.0    0  4.7 12 150   M    M  10 1      13 150
18  61  51  56  10   9   0 0.14  0.0    0  8.1 16 310   M    M  10 18     19 290
19  60  44  52   6  13   0    T    M    0  9.4 20 300   M    M   1        23 300
20  60  38  49   3  16   0 0.00  0.0    0 10.8 22 300   M    M   0        28 310
21  58  33  46   0  19   0 0.00  0.0    0  5.0  9 130   M    M   3        12 130
22  58  47  53   7  12   0 0.07    M    0  9.5 18 130   M    M  10 18     23 120
================================================================================
SM 1307  997       273   0  2.77     0.0 123.7          M      140
================================================================================
AV 59.4 45.3                               5.6 FASTST   M    M   6    MAX(MPH)
                                 MISC ---->  # 25 150               # 31  150
================================================================================
NOTES:
# LAST OF SEVERAL OCCURRENCES

COLUMN 17 PEAK WIND IN M.P.H.

PRELIMINARY LOCAL CLIMATOLOGICAL DATA (WS FORM: F-6) , PAGE 2

                                          STATION:  STOCKTON AIRPORT CA
                                          MONTH:    JANUARY
                                          YEAR:     2018
                                          LATITUDE:   37 54 N
                                          LONGITUDE: 121 15 W

[TEMPERATURE DATA]      [PRECIPITATION DATA]       SYMBOLS USED IN COLUMN 16

AVERAGE MONTHLY: 52.4   TOTAL FOR MONTH:   2.77    1 = FOG OR MIST
DPTR FM NORMAL:   7.1   DPTR FM NORMAL:    0.86    2 = FOG REDUCING VISIBILITY
HIGHEST:    69 ON  4    GRTST 24HR  1.39 ON  8- 8      TO 1/4 MILE OR LESS
LOWEST:     33 ON 21                               3 = THUNDER
                        SNOW, ICE PELLETS, HAIL    4 = ICE PELLETS
                        TOTAL MONTH:   0.0 INCH    5 = HAIL
                        GRTST 24HR     0.0         6 = FREEZING RAIN OR DRIZZLE
                        GRTST DEPTH:   0           7 = DUSTSTORM OR SANDSTORM:
                                                       VSBY 1/2 MILE OR LESS
                                                   8 = SMOKE OR HAZE
[NO. OF DAYS WITH]      [WEATHER - DAYS WITH]      9 = BLOWING SNOW
                                                   X = TORNADO
MAX 32 OR BELOW:   0    0.01 INCH OR MORE:   8
MAX 90 OR ABOVE:   0    0.10 INCH OR MORE:   5
MIN 32 OR BELOW:   0    0.50 INCH OR MORE:   2
MIN  0 OR BELOW:   0    1.00 INCH OR MORE:   1

[HDD (BASE 65) ]
TOTAL THIS MO.   273    CLEAR  (SCALE 0-3)   6
DPTR FM NORMAL  -160    PTCLDY (SCALE 4-7)   6
TOTAL FM JUL 1  1108    CLOUDY (SCALE 8-10) 10
DPTR FM NORMAL  -385

[CDD (BASE 65) ]
TOTAL THIS MO.     0
DPTR FM NORMAL     0    [PRESSURE DATA]
TOTAL FM JAN 1     0    HIGHEST SLP M ON M
DPTR FM NORMAL     0    LOWEST  SLP 29.58 ON  9

[REMARKS]
