000
CXUS56 KSTO 251455
CF6SCK
PRELIMINARY LOCAL CLIMATOLOGICAL DATA (WS FORM: F-6)

                                          STATION:   STOCKTON AIRPORT CA
                                          MONTH:     NOVEMBER
                                          YEAR:      2014
                                          LATITUDE:   37 54 N
                                          LONGITUDE: 121 15 W

  TEMPERATURE IN F:       :PCPN:    SNOW:  WIND      :SUNSHINE: SKY     :PK WND
================================================================================
1   2   3   4   5  6A  6B    7    8   9   10  11  12  13   14  15   16   17  18
                                     12Z  AVG MX 2MIN
DY MAX MIN AVG DEP HDD CDD  WTR  SNW DPTH SPD SPD DIR MIN PSBL S-S WX    SPD DR
================================================================================

 1  65  48  57  -1   8   0 0.10    M    0  6.9 15 170   M    M   6 1      20 170
 2  67  43  55  -3  10   0 0.00  0.0    0  7.7 21 340   M    M   0 12     24 340
 3  69  38  54  -3  11   0 0.00  0.0    0  1.0  7 260   M    M   0         8 320
 4  71  42  57   0   8   0 0.00  0.0    0  1.0  7 260   M    M   0 1      10 270
 5  74  45  60   3   5   0 0.00  0.0    0  3.8 10 140   M    M   0 18     13 130
 6  76  47  62   6   3   0 0.00  0.0    0  3.3 12 320   M    M   0 18     26 330
 7  77  49  63   7   2   0 0.00  0.0    0  3.6 10 310   M    M   0 18     45 270
 8  80  48  64   8   1   0 0.00  0.0    0  2.2  7 280   M    M   0 18     10 140
 9  78  48  63   8   2   0 0.00  0.0    0  1.7  7 270   M    M   0 18      9 300
10  78  46  62   7   3   0 0.00  0.0    0  2.7  8 340   M    M   0 128    26 200
11  69  49  59   5   6   0 0.00  0.0    0  4.3 13 290   M    M   4 18     24 230
12  69  54  62   8   3   0    T  0.0    0  2.9 12 310   M    M   5        29 210
13  66  56  61   7   4   0 0.40  0.0    0  9.0 18 150   M    M   9 18     23 160
14  68  48  58   5   7   0 0.00  0.0    0  5.0 13 300   M    M   3 12     18 310
15  66  45  56   3   9   0 0.00  0.0    0  6.0 12 310   M    M   1 1      14 310
16  59  42  51  -2  14   0 0.00  0.0    0  4.8 20 320   M    M   0        25 310
17  66  38  52   0  13   0 0.00  0.0    0  2.3  9  80   M    M   0 128    10  80
18  64  37  51  -1  14   0 0.00  0.0    0  1.7  8 260   M    M   2 18      9 260
19  65  47  56   4   9   0 0.09    M    0  6.0 14 120   M    M   9 18     18 120
20  56  50  53   2  12   0 0.09  0.0    0  2.9 14 100   M    M  10 12     16 100
21  58  50  54   3  11   0 0.00  0.0    0  4.6 13 130   M    M   9 1      14 130
22  60  48  54   3  11   0 0.15    M    0 11.2 24 140   M    M   8 128    29 140
23  62  41  52   2  13   0 0.00  0.0    0  6.1 16 300   M    M   2 12     18 290
24  63  35  49  -1  16   0 0.00  0.0    0  2.3  8  90   M    M   1 12     12 250
================================================================================
SM 1626 1094       195   0  0.83     0.0 103.0          M       69
================================================================================
AV 67.8 45.6                               4.3 FASTST   M    M   3    MAX(MPH)
                                 MISC ---->  # 24 140               # 45  270
================================================================================
NOTES:
# LAST OF SEVERAL OCCURRENCES

COLUMN 17 PEAK WIND IN M.P.H.

PRELIMINARY LOCAL CLIMATOLOGICAL DATA (WS FORM: F-6) , PAGE 2

                                          STATION:  STOCKTON AIRPORT CA
                                          MONTH:    NOVEMBER
                                          YEAR:     2014
                                          LATITUDE:   37 54 N
                                          LONGITUDE: 121 15 W

[TEMPERATURE DATA]      [PRECIPITATION DATA]       SYMBOLS USED IN COLUMN 16

AVERAGE MONTHLY: 56.7   TOTAL FOR MONTH:   0.83    1 = FOG OR MIST
DPTR FM NORMAL:   2.7   DPTR FM NORMAL:   -0.50    2 = FOG REDUCING VISIBILITY
HIGHEST:    80 ON  8    GRTST 24HR  0.40 ON 13-13      TO 1/4 MILE OR LESS
LOWEST:     35 ON 24                               3 = THUNDER
                        SNOW, ICE PELLETS, HAIL    4 = ICE PELLETS
                        TOTAL MONTH:   0.0 INCH    5 = HAIL
                        GRTST 24HR     0.0         6 = FREEZING RAIN OR DRIZZLE
                        GRTST DEPTH:   0           7 = DUSTSTORM OR SANDSTORM:
                                                       VSBY 1/2 MILE OR LESS
                                                   8 = SMOKE OR HAZE
[NO. OF DAYS WITH]      [WEATHER - DAYS WITH]      9 = BLOWING SNOW
                                                   X = TORNADO
MAX 32 OR BELOW:   0    0.01 INCH OR MORE:   5
MAX 90 OR ABOVE:   0    0.10 INCH OR MORE:   3
MIN 32 OR BELOW:   0    0.50 INCH OR MORE:   0
MIN  0 OR BELOW:   0    1.00 INCH OR MORE:   0

[HDD (BASE 65) ]
TOTAL THIS MO.   195    CLEAR  (SCALE 0-3)  16
DPTR FM NORMAL   -70    PTCLDY (SCALE 4-7)   4
TOTAL FM JUL 1   216    CLOUDY (SCALE 8-10)  4
DPTR FM NORMAL  -146

[CDD (BASE 65) ]
TOTAL THIS MO.     0
DPTR FM NORMAL     0    [PRESSURE DATA]
TOTAL FM JAN 1  1658    HIGHEST SLP M ON M
DPTR FM NORMAL   338    LOWEST  SLP 29.70 ON  1

[REMARKS]
