000
CXUS55 KLOX 231655
CF6SDB
PRELIMINARY LOCAL CLIMATOLOGICAL DATA (WS FORM: F-6)

                                          STATION:   SANDBERG CA
                                          MONTH:     JUNE
                                          YEAR:      2017
                                          LATITUDE:   34 45 N
                                          LONGITUDE: 118 44 W

  TEMPERATURE IN F:       :PCPN:    SNOW:  WIND      :SUNSHINE: SKY     :PK WND
================================================================================
1   2   3   4   5  6A  6B    7    8   9   10  11  12  13   14  15   16   17  18
                                     12Z  AVG MX 2MIN
DY MAX MIN AVG DEP HDD CDD  WTR  SNW DPTH SPD SPD DIR MIN PSBL S-S WX    SPD DR
================================================================================

 1  72  53  63   1   2   0    T  0.0    0 19.0  M 340   M    M   0         M 330
 2  91  58  75  13   0  10 0.00  0.0    0 12.9  M 350   M    M   0         M 340
 3  90  66  78  15   0  13 0.00  0.0    0 11.5  M 340   M    M   0         M 320
 4  85  66  76  13   0  11 0.00  0.0    0 14.3  M 330   M    M   0         M 360
 5  89  62  76  13   0  11 0.00  0.0    0 14.0  M 330   M    M   0         M 350
 6  88  65  77  13   0  12 0.00  0.0    0 11.2  M 330   M    M   0         M 330
 7  83  60  72   8   0   7 0.00  0.0    0 13.4  M 330   M    M   0         M 340
 8  78  56  67   3   0   2 0.00  0.0    0 15.6 30 330   M    M   0        37 320
 9  74  53  64   0   1   0 0.00  0.0    0 14.4 26 330   M    M   2        34 330
10  69  50  60  -5   5   0 0.00  0.0    0 13.9 28 340   M    M   3 12     33 340
11  58  44  51 -14  14   0    T    M    0 13.7 30 330   M    M   5 18     40 350
12  62  38  50 -15  15   0 0.00  0.0    0 17.9 36 330   M    M   0        43 330
13  75  48  62  -4   3   0 0.00  0.0    0 19.3 43 330   M    M   0        50 330
14  89  57  73   7   0   8 0.00  0.0    0 12.7 24 340   M    M   0        31 330
15  83  62  73   7   0   8 0.00  0.0    M 19.3 31 340   M    M   0        40 350
16  97  63  80  13   0  15 0.00  0.0    0 12.2 28 340   M    M   0        35 340
17  91  68  80  13   0  15 0.00  0.0    0 16.3 29 340   M    M   0        36 340
18  99  71  85  18   0  20 0.00  0.0    0 13.3 29 330   M    M   0        33 340
19 101  77  89  21   0  24 0.00  0.0    0 12.1 22 330   M    M   0        27 330
20  99  76  88  20   0  23 0.00  0.0    0 11.1 21 340   M    M   0        27 340
21  99  77  88  20   0  23 0.00  0.0    0 11.1 21 320   M    M   0        27 330
22  94  73  84  15   0  19 0.00  0.0    0 10.5 20 180   M    M   0        27 170
================================================================================
SM 1866 1343        40 221    T      0.0 309.7          M       10
================================================================================
AV 84.8 61.1                              14.1 FASTST   M    M   0    MAX(MPH)
                                 MISC ---->  # 43 330               # 50  330
================================================================================
NOTES:
# LAST OF SEVERAL OCCURRENCES

COLUMN 17 PEAK WIND IN M.P.H.

PRELIMINARY LOCAL CLIMATOLOGICAL DATA (WS FORM: F-6) , PAGE 2

                                          STATION:  SANDBERG CA
                                          MONTH:    JUNE
                                          YEAR:     2017
                                          LATITUDE:   34 45 N
                                          LONGITUDE: 118 44 W

[TEMPERATURE DATA]      [PRECIPITATION DATA]       SYMBOLS USED IN COLUMN 16

AVERAGE MONTHLY: 72.9   TOTAL FOR MONTH:      T    1 = FOG OR MIST
DPTR FM NORMAL:   7.7   DPTR FM NORMAL:   -0.06    2 = FOG REDUCING VISIBILITY
HIGHEST:   101 ON 19    GRTST 24HR    T  ON 11-11      TO 1/4 MILE OR LESS
LOWEST:     38 ON 12                               3 = THUNDER
                        SNOW, ICE PELLETS, HAIL    4 = ICE PELLETS
                        TOTAL MONTH:   0.0 INCH    5 = HAIL
                        GRTST 24HR     0.0         6 = FREEZING RAIN OR DRIZZLE
                        GRTST DEPTH:   0           7 = DUSTSTORM OR SANDSTORM:
                                                       VSBY 1/2 MILE OR LESS
                                                   8 = SMOKE OR HAZE
[NO. OF DAYS WITH]      [WEATHER - DAYS WITH]      9 = BLOWING SNOW
                                                   X = TORNADO
MAX 32 OR BELOW:   0    0.01 INCH OR MORE:   0
MAX 90 OR ABOVE:   9    0.10 INCH OR MORE:   0
MIN 32 OR BELOW:   0    0.50 INCH OR MORE:   0
MIN  0 OR BELOW:   0    1.00 INCH OR MORE:   0

[HDD (BASE 65) ]
TOTAL THIS MO.    40    CLEAR  (SCALE 0-3)  21
DPTR FM NORMAL   -34    PTCLDY (SCALE 4-7)   1
TOTAL FM JUL 1  3088    CLOUDY (SCALE 8-10)  0
DPTR FM NORMAL -1014

[CDD (BASE 65) ]
TOTAL THIS MO.   221
DPTR FM NORMAL   139    [PRESSURE DATA]
TOTAL FM JAN 1   366    HIGHEST SLP M ON M
DPTR FM NORMAL   239    LOWEST  SLP 29.64 ON 21

[REMARKS]
