000
CXUS55 KPSR 291005
CF6SDL
PRELIMINARY LOCAL CLIMATOLOGICAL DATA (WS FORM: F-6)

                                          STATION:   SCOTTSDALE AZ
                                          MONTH:     AUGUST
                                          YEAR:      2015
                                          LATITUDE:   33 37 N
                                          LONGITUDE: 111 55 W

  TEMPERATURE IN F:       :PCPN:    SNOW:  WIND      :SUNSHINE: SKY     :PK WND
================================================================================
1   2   3   4   5  6A  6B    7    8   9   10  11  12  13   14  15   16   17  18
                                     12Z  AVG MX 2MIN
DY MAX MIN AVG DEP HDD CDD  WTR  SNW DPTH SPD SPD DIR MIN PSBL S-S WX    SPD DR
================================================================================

 1 102  81  92   0   0  27 0.00  0.0    0  2.4 10 230   M    M   1        15 190
 2 106  86  96   4   0  31 0.00  0.0    0  5.4 18 250   M    M   1        30 250
 3 107  84  96   4   0  31 0.00  0.0    0  3.1 15 250   M    M   0        21 230
 4 109  86  98   6   0  33 0.00  0.0    0  3.7 14 230   M    M   0        18 230
 5 110  85  98   6   0  33 0.00  0.0    0  3.5 15 250   M    M   0 8      21 260
 6 103  90  97   5   0  32 0.00  0.0    0  2.9 13 150   M    M   0        16 150
 7 103  81  92   0   0  27 0.01  0.0    0  4.6 17 150   M    M   2 38     25 160
 8 100  78  89  -3   0  24 0.00  0.0    0  3.3 10 190   M    M   0        18 220
 9 104  84  94   2   0  29 0.00  0.0    0  2.7 14 190   M    M   1 8      17 200
10 102  85  94   2   0  29 0.00  0.0    0  3.5 13 130   M    M   1        18 130
11  97  77  87  -5   0  22 0.12  0.0    0  5.3 29 140   M    M   1 38     46 150
12 106  79  93   2   0  28 0.00  0.0    0  3.8 22  40   M    M   0        26  50
13 111  85  98   7   0  33 0.00  0.0    0  2.0 14 210   M    M   0        20 200
14 112  91 102  11   0  37 0.00  0.0    0  4.4 15 200   M    M   0        20 200
15 113  87 100   9   0  35 0.00  0.0    0  2.3 12 260   M    M   0        16 240
16 111  90 101  10   0  36 0.00  0.0    0  6.1 16 260   M    M   0        23 280
17 105  90  98   7   0  33 0.00  0.0    0  6.5 17 260   M    M   0        25 260
18 103  84  94   3   0  29 0.00  0.0    0  4.1 13 240   M    M   0        18 250
19 103  85  94   3   0  29 0.00  0.0    0  4.1 16 240   M    M   0        20 250
20 104  85  95   4   0  30 0.00  0.0    0  4.1 13 260   M    M   0        20 280
21 103  86  95   4   0  30 0.00  0.0    0  4.8 13 250   M    M   1        25 270
22 103  86  95   4   0  30 0.00  0.0    0  3.6 12 220   M    M   1        16 240
23 105  84  95   4   0  30 0.00  0.0    0  3.7 21  30   M    M   0        26  30
24 105  85  95   4   0  30 0.00  0.0    0  3.2 15  40   M    M   0        23 130
25  99  77  88  -3   0  23 0.05  0.0    0  5.0 18 130   M    M   2 3      24 160
26 103  82  93   2   0  28 0.00  0.0    0  2.5 10 250   M    M   0        15 250
27 105  84  95   5   0  30 0.03  0.0    0  3.6 24  50   M    M   1 3      30 260
28 107  79  93   3   0  28 0.00  0.0    0  2.8 10 250   M    M   0        15 260
================================================================================
SM 2941 2356         0 837  0.21     0.0 107.0          M       12
================================================================================
AV105.0 84.1                               3.8 FASTST   M    M   0    MAX(MPH)
                                 MISC ---->  # 29 140               # 46  150
================================================================================
NOTES:
# LAST OF SEVERAL OCCURRENCES

COLUMN 17 PEAK WIND IN M.P.H.

PRELIMINARY LOCAL CLIMATOLOGICAL DATA (WS FORM: F-6) , PAGE 2

                                          STATION:  SCOTTSDALE AZ
                                          MONTH:    AUGUST
                                          YEAR:     2015
                                          LATITUDE:   33 37 N
                                          LONGITUDE: 111 55 W

[TEMPERATURE DATA]      [PRECIPITATION DATA]       SYMBOLS USED IN COLUMN 16

AVERAGE MONTHLY: 94.6   TOTAL FOR MONTH:   0.21    1 = FOG OR MIST
DPTR FM NORMAL:   3.3   DPTR FM NORMAL:   -0.88    2 = FOG REDUCING VISIBILITY
HIGHEST:   113 ON 15    GRTST 24HR  0.12 ON 11-11      TO 1/4 MILE OR LESS
LOWEST:     77 ON 25,11                            3 = THUNDER
                        SNOW, ICE PELLETS, HAIL    4 = ICE PELLETS
                        TOTAL MONTH:   0.0 INCH    5 = HAIL
                        GRTST 24HR     0.0         6 = FREEZING RAIN OR DRIZZLE
                        GRTST DEPTH:   0           7 = DUSTSTORM OR SANDSTORM:
                                                       VSBY 1/2 MILE OR LESS
                                                   8 = SMOKE OR HAZE
[NO. OF DAYS WITH]      [WEATHER - DAYS WITH]      9 = BLOWING SNOW
                                                   X = TORNADO
MAX 32 OR BELOW:   0    0.01 INCH OR MORE:   4
MAX 90 OR ABOVE:  28    0.10 INCH OR MORE:   1
MIN 32 OR BELOW:   0    0.50 INCH OR MORE:   0
MIN  0 OR BELOW:   0    1.00 INCH OR MORE:   0

[HDD (BASE 65) ]
TOTAL THIS MO.     0    CLEAR  (SCALE 0-3)  28
DPTR FM NORMAL     0    PTCLDY (SCALE 4-7)   0
TOTAL FM JUL 1     0    CLOUDY (SCALE 8-10)  0
DPTR FM NORMAL     0

[CDD (BASE 65) ]
TOTAL THIS MO.   837
DPTR FM NORMAL   101    [PRESSURE DATA]
TOTAL FM JAN 1  3203    HIGHEST SLP M ON M
DPTR FM NORMAL   283    LOWEST  SLP 29.61 ON 18

[REMARKS]
