000
CXUS56 KOTX 260900
CF6SFF
PRELIMINARY LOCAL CLIMATOLOGICAL DATA (WS FORM: F-6)

                                          STATION:   SPOKANE WA FELTS AIRPORT
                                          MONTH:     JUNE
                                          YEAR:      2017
                                          LATITUDE:   47 40 N
                                          LONGITUDE: 117 20 W

  TEMPERATURE IN F:       :PCPN:    SNOW:  WIND      :SUNSHINE: SKY     :PK WND
================================================================================
1   2   3   4   5  6A  6B    7    8   9   10  11  12  13   14  15   16   17  18
                                     12Z  AVG MX 2MIN
DY MAX MIN AVG DEP HDD CDD  WTR  SNW DPTH SPD SPD DIR MIN PSBL S-S WX    SPD DR
================================================================================

 1  73  53  63   4   2   0 0.09    M    M  5.8 24 240   M    M   7 38     32 240
 2  76  51  64   5   1   0 0.00    M    M  6.2 17 230   M    M   3        24 180
 3  83  50  67   7   0   2 0.01    M    M  3.3 12 280   M    M   2        16 290
 4  64  45  55  -5  10   0 0.03    M    M  5.5 16 220   M    M   4        21 210
 5  74  43  59  -1   6   0 0.00    M    M  4.0 13 140   M    M   1        16 140
 6  83  49  66   6   0   1 0.00    M    M  2.2  9 120   M    M   0        12 160
 7  95  52  74  14   0   9 0.00    M    M  2.3 13  80   M    M   0        16  60
 8  75  54  65   4   0   0 0.09    M    M  8.6 28 240   M    M   3 1      36 240
 9  68  49  59  -2   6   0 0.00    M    M 10.2 16 220   M    M   5        23 210
10  66  45  56  -5   9   0 0.11    M    M  7.0 18 210   M    M   7 13     26 200
11  71  43  57  -4   8   0 0.00    M    M  2.9 10 330   M    M   2        15  70
12  79  44  62   0   3   0 0.00    M    M  6.4 18 260   M    M   0        27 260
13  73  49  61  -1   4   0 0.00    M    M 13.0 24 220   M    M   4        32 200
14  70  48  59  -3   6   0 0.00    M    M  8.5 16 210   M    M   4        26 220
15  68  56  62   0   3   0 0.37    M    M  5.3 18 240   M    M  10 1      23 240
16  68  54  61  -1   4   0 0.03    M    M 11.9 25 230   M    M   6        34 230
17  71  44  58  -5   7   0    T    M    M  5.5 16 180   M    M   4        21 180
18  78  58  68   5   0   3    T    M    M  6.3 16 240   M    M   6        22 240
19  87  56  72   9   0   7 0.00    M    M  2.8 10 350   M    M   0        14  20
20  87  62  75  12   0  10 0.00    M    M  9.2 25 230   M    M   2        33 200
21  78  51  65   1   0   0 0.00  0.0    0  8.9 22 240   M    M   0        30 290
22  77  50  64   0   1   0 0.00    M    M  3.6 16 340   M    M   0        21 280
23  82  47  65   1   0   0 0.00    M    M  3.2 12  20   M    M   0        20  10
24  88  49  69   5   0   4 0.00    M    M  2.6  9 330   M    M   0        13 330
25  96  52  74   9   0   9 0.00    M    M  2.8 12  80   M    M   0        14  80
================================================================================
SM 1930 1254        70  45  0.73     0.0 148.0          M       70
================================================================================
AV 77.2 50.2                               5.9 FASTST   M    M   3    MAX(MPH)
                                 MISC ---->  # 28 240               # 36  240
================================================================================
NOTES:
# LAST OF SEVERAL OCCURRENCES

COLUMN 17 PEAK WIND IN M.P.H.

PRELIMINARY LOCAL CLIMATOLOGICAL DATA (WS FORM: F-6) , PAGE 2

                                          STATION:  SPOKANE WA FELTS AIRPORT
                                          MONTH:    JUNE
                                          YEAR:     2017
                                          LATITUDE:   47 40 N
                                          LONGITUDE: 117 20 W

[TEMPERATURE DATA]      [PRECIPITATION DATA]       SYMBOLS USED IN COLUMN 16

AVERAGE MONTHLY: 63.7   TOTAL FOR MONTH:   0.73    1 = FOG OR MIST
DPTR FM NORMAL:   1.9   DPTR FM NORMAL:   -0.48    2 = FOG REDUCING VISIBILITY
HIGHEST:    96 ON 25    GRTST 24HR  0.37 ON 15-15      TO 1/4 MILE OR LESS
LOWEST:     43 ON 11, 5                            3 = THUNDER
                        SNOW, ICE PELLETS, HAIL    4 = ICE PELLETS
                        TOTAL MONTH:   0.0 INCH    5 = HAIL
                        GRTST 24HR     0.0         6 = FREEZING RAIN OR DRIZZLE
                        GRTST DEPTH:   0           7 = DUSTSTORM OR SANDSTORM:
                                                       VSBY 1/2 MILE OR LESS
                                                   8 = SMOKE OR HAZE
[NO. OF DAYS WITH]      [WEATHER - DAYS WITH]      9 = BLOWING SNOW
                                                   X = TORNADO
MAX 32 OR BELOW:   0    0.01 INCH OR MORE:   7
MAX 90 OR ABOVE:   2    0.10 INCH OR MORE:   2
MIN 32 OR BELOW:   0    0.50 INCH OR MORE:   0
MIN  0 OR BELOW:   0    1.00 INCH OR MORE:   0

[HDD (BASE 65) ]
TOTAL THIS MO.    70    CLEAR  (SCALE 0-3)  14
DPTR FM NORMAL   -37    PTCLDY (SCALE 4-7)  10
TOTAL FM JUL 1  6113    CLOUDY (SCALE 8-10)  1
DPTR FM NORMAL  -169

[CDD (BASE 65) ]
TOTAL THIS MO.    45
DPTR FM NORMAL    15    [PRESSURE DATA]
TOTAL FM JAN 1    73    HIGHEST SLP M ON M
DPTR FM NORMAL    36    LOWEST  SLP 29.52 ON  8

[REMARKS]
