788
CXUS56 KMTR 261000
CF6SFO
PRELIMINARY LOCAL CLIMATOLOGICAL DATA (WS FORM: F-6)

                                          STATION:   SAN FRANCISCO AIRPORT
                                          MONTH:     MAY
                                          YEAR:      2016
                                          LATITUDE:   37 37 N
                                          LONGITUDE: 122 23 W

  TEMPERATURE IN F:       :PCPN:    SNOW:  WIND      :SUNSHINE: SKY     :PK WND
================================================================================
1   2   3   4   5  6A  6B    7    8   9   10  11  12  13   14  15   16   17  18
                                     12Z  AVG MX 2MIN
DY MAX MIN AVG DEP HDD CDD  WTR  SNW DPTH SPD SPD DIR MIN PSBL S-S WX    SPD DR
================================================================================

 1  80  54  67   9   0   2 0.00  0.0    0  5.6 16 200   M    M   1        20 210
 2  65  51  58   0   7   0 0.00  0.0    0 11.2 23 290   M    M   5        27 290
 3  65  51  58   0   7   0 0.00  0.0    0 14.0 24 280   M    M   8        28 270
 4  67  52  60   1   5   0 0.00  0.0    0  9.3 20 210   M    M   9        23 220
 5  67  54  61   2   4   0 0.00  0.0    0  9.7 18 260   M    M   8        22 280
 6  80  54  67   8   0   2 0.03  0.0    0  8.4 18 260   M    M  10 1      22 260
 7  63  54  59   0   6   0 0.01  0.0    0  8.1 15 220   M    M   9        18 220
 8  67  55  61   2   4   0 0.01  0.0    0 10.4 20 270   M    M   7        25 280
 9  68  52  60   1   5   0 0.00  0.0    0 10.4 21 280   M    M   7        25 280
10  67  52  60   1   5   0 0.00  0.0    0  9.5 25 290   M    M   6        29 300
11  66  52  59   0   6   0 0.00  0.0    0 11.4 23 290   M    M   5        26 290
12  65  53  59   0   6   0 0.00  0.0    0 13.6 24 280   M    M   7        29 280
13  66  55  61   2   4   0 0.00  0.0    0 12.1 24 280   M    M   6        29 270
14  71  54  63   4   2   0 0.00  0.0    0  9.9 24 270   M    M   6        29 270
15  66  56  61   1   4   0 0.00  0.0    0 21.4 33 270   M    M   6        40 270
16  71  54  63   3   2   0 0.00  0.0    0 14.1 30 270   M    M   4        35 270
17  87  54  71  11   0   6 0.00  0.0    0  9.5 25 280   M    M   1        29 280
18  73  56  65   5   0   0 0.00  0.0    0 11.7 29 290   M    M   2        33 290
19  64  53  59  -1   6   0 0.00  0.0    0 24.0 52 270   M    M   7        60 270
20  62  52  57  -3   8   0 0.00  0.0    0 21.7 33 270   M    M   7        41 270
21  64  54  59  -1   6   0 0.00  0.0    0 12.2 22 230   M    M   7        26 270
22  65  55  60   0   5   0 0.00  0.0    0 12.4 23 270   M    M   7        27 260
23  66  54  60   0   5   0 0.00  0.0    0 14.4 23 270   M    M   7        26 280
24  65  56  61   1   4   0 0.00  0.0    0 15.1 24 260   M    M   9        29 260
25  65  56  61   1   4   0 0.00  0.0    0 13.8 25 260   M    M   8        33 270
================================================================================
SM 1705 1343       105  10  0.05     0.0 313.9          M      159
================================================================================
AV 68.2 53.7                              12.6 FASTST   M    M   6    MAX(MPH)
                                 MISC ---->  # 52 270               # 60  270
================================================================================
NOTES:
# LAST OF SEVERAL OCCURRENCES

COLUMN 17 PEAK WIND IN M.P.H.

PRELIMINARY LOCAL CLIMATOLOGICAL DATA (WS FORM: F-6) , PAGE 2

                                          STATION:  SAN FRANCISCO AIRPORT
                                          MONTH:    MAY
                                          YEAR:     2016
                                          LATITUDE:   37 37 N
                                          LONGITUDE: 122 23 W

[TEMPERATURE DATA]      [PRECIPITATION DATA]       SYMBOLS USED IN COLUMN 16

AVERAGE MONTHLY: 61.0   TOTAL FOR MONTH:   0.05    1 = FOG OR MIST
DPTR FM NORMAL:   1.6   DPTR FM NORMAL:   -0.36    2 = FOG REDUCING VISIBILITY
HIGHEST:    87 ON 17    GRTST 24HR  0.03 ON  6- 6      TO 1/4 MILE OR LESS
LOWEST:     51 ON  3, 2                            3 = THUNDER
                        SNOW, ICE PELLETS, HAIL    4 = ICE PELLETS
                        TOTAL MONTH:   0.0 INCH    5 = HAIL
                        GRTST 24HR     0.0         6 = FREEZING RAIN OR DRIZZLE
                        GRTST DEPTH:   0           7 = DUSTSTORM OR SANDSTORM:
                                                       VSBY 1/2 MILE OR LESS
                                                   8 = SMOKE OR HAZE
[NO. OF DAYS WITH]      [WEATHER - DAYS WITH]      9 = BLOWING SNOW
                                                   X = TORNADO
MAX 32 OR BELOW:   0    0.01 INCH OR MORE:   3
MAX 90 OR ABOVE:   0    0.10 INCH OR MORE:   0
MIN 32 OR BELOW:   0    0.50 INCH OR MORE:   0
MIN  0 OR BELOW:   0    1.00 INCH OR MORE:   0

[HDD (BASE 65) ]
TOTAL THIS MO.   105    CLEAR  (SCALE 0-3)   3
DPTR FM NORMAL   -46    PTCLDY (SCALE 4-7)  16
TOTAL FM JUL 1  1873    CLOUDY (SCALE 8-10)  6
DPTR FM NORMAL  -646

[CDD (BASE 65) ]
TOTAL THIS MO.    10
DPTR FM NORMAL    10    [PRESSURE DATA]
TOTAL FM JAN 1    30    HIGHEST SLP 29.94 ON 17
DPTR FM NORMAL    24    LOWEST  SLP 29.78 ON 19

[REMARKS]
