000
CXUS55 KBYZ 181000
CF6SHR
PRELIMINARY LOCAL CLIMATOLOGICAL DATA (WS FORM: F-6)
STATION: SHERIDAN WY
MONTH: APRIL
YEAR: 2024
LATITUDE: 44 46 N
LONGITUDE: 106 58 W
TEMPERATURE IN F: :PCPN: SNOW: WIND :SUNSHINE: SKY :PK WND
================================================================================
1 2 3 4 5 6A 6B 7 8 9 10 11 12 13 14 15 16 17 18
12Z AVG MX 2MIN
DY MAX MIN AVG DEP HDD CDD WTR SNW DPTH SPD SPD DIR MIN PSBL S-S WX SPD DR
================================================================================
1 53 22 38 -2 27 0 T M M 8.1 25 310 M M 4 1 35 320
2 65 29 47 6 18 0 0.00 M M 10.3 28 340 M M 0 38 320
3 76 34 55 14 10 0 0.00 M M 3.8 16 10 M M 1 25 20
4 75 32 54 13 11 0 0.00 M M 5.7 18 150 M M 0 27 150
5 78 49 64 23 1 0 T M M 11.6 33 170 M M 1 45 180
6 53 34 44 3 21 0 0.23 M M 20.4 33 310 M M 9 1 50 290
7 39 35 37 -5 28 0 0.22 M M 23.0 33 310 M M 10 1 48 290
8 51 31 41 -1 24 0 0.14 M M 16.0 30 310 M M 9 1 47 300
9 59 25 42 0 23 0 T M M 8.5 28 310 M M 3 37 300
10 53 24 39 -3 26 0 T M M 14.4 32 330 M M 5 48 330
11 62 22 42 0 23 0 0.00 M M 2.8 9 20 M M 0 16 30
12 79 29 54 12 11 0 0.00 M M 2.7 18 300 M M 0 23 310
13 78 38 58 16 7 0 0.00 M M 5.8 15 320 M M 0 22 330
14 81 36 59 16 6 0 0.00 M M 4.5 14 40 M M 0 8 20 50
15 66 43 55 12 10 0 0.00 M M 17.2 31 320 M M 3 41 320
16 64 40 52 9 13 0 0.04 M M 20.3 37 330 M M 6 57 300
17 40 30 35 -8 30 0 0.65 M M 12.5 30 320 M M 10 128 42 300
================================================================================
SM 1072 553 289 0 1.28 M 187.6 M 61
================================================================================
AV 63.1 32.5 11.0 FASTST M M 4 MAX(MPH)
MISC ----> 37 330 57 300
================================================================================
NOTES:
# LAST OF SEVERAL OCCURRENCES
COLUMN 17 PEAK WIND IN M.P.H.
PRELIMINARY LOCAL CLIMATOLOGICAL DATA (WS FORM: F-6) , PAGE 2
STATION: SHERIDAN WY
MONTH: APRIL
YEAR: 2024
LATITUDE: 44 46 N
LONGITUDE: 106 58 W
[TEMPERATURE DATA] [PRECIPITATION DATA] SYMBOLS USED IN COLUMN 16
AVERAGE MONTHLY: 47.8 TOTAL FOR MONTH: 1.28 1 = FOG OR MIST
DPTR FM NORMAL: 6.0 DPTR FM NORMAL: 0.35 2 = FOG REDUCING VISIBILITY
HIGHEST: 81 ON 14 GRTST 24HR 0.69 ON 16-17 TO 1/4 MILE OR LESS
LOWEST: 22 ON 11, 1 3 = THUNDER
SNOW, ICE PELLETS, HAIL 4 = ICE PELLETS
TOTAL MONTH: M 5 = HAIL
GRTST 24HR M ON M 6 = FREEZING RAIN OR DRIZZLE
GRTST DEPTH: M ON M 7 = DUSTSTORM OR SANDSTORM:
VSBY 1/2 MILE OR LESS
8 = SMOKE OR HAZE
[NO. OF DAYS WITH] [WEATHER - DAYS WITH] 9 = BLOWING SNOW
X = TORNADO
MAX 32 OR BELOW: 0 0.01 INCH OR MORE: 5
MAX 90 OR ABOVE: 0 0.10 INCH OR MORE: 4
MIN 32 OR BELOW: 9 0.50 INCH OR MORE: 1
MIN 0 OR BELOW: 0 1.00 INCH OR MORE: 0
[HDD (BASE 65) ]
TOTAL THIS MO. 289 CLEAR (SCALE 0-3) 9
DPTR FM NORMAL -104 PTCLDY (SCALE 4-7) 4
TOTAL FM JUL 1 5835 CLOUDY (SCALE 8-10) 4
DPTR FM NORMAL -914
[CDD (BASE 65) ]
TOTAL THIS MO. 0
DPTR FM NORMAL 0 [PRESSURE DATA]
TOTAL FM JAN 1 0 HIGHEST SLP M ON M
DPTR FM NORMAL 0 LOWEST SLP 29.34 ON 5
[REMARKS]