000
CXUS55 KBYZ 271442
CF6SHR
PRELIMINARY LOCAL CLIMATOLOGICAL DATA (WS FORM: F-6)

                                          STATION:   SHERIDAN WY
                                          MONTH:     NOVEMBER
                                          YEAR:      2014
                                          LATITUDE:   44 46 N
                                          LONGITUDE: 106 58 W

  TEMPERATURE IN F:       :PCPN:    SNOW:  WIND      :SUNSHINE: SKY     :PK WND
================================================================================
1   2   3   4   5  6A  6B    7    8   9   10  11  12  13   14  15   16   17  18
                                     12Z  AVG MX 2MIN
DY MAX MIN AVG DEP HDD CDD  WTR  SNW DPTH SPD SPD DIR MIN PSBL S-S WX    SPD DR
================================================================================

 1  69  33  51  11  14   0 0.00    M    M  6.1 35 210   M    M   0        43 250
 2  63  31  47   8  18   0 0.00    M    M  7.3 23 310   M    M   2        27 300
 3  51  25  38  -1  27   0 0.00    M    M  9.9 24 330   M    M   1        30 320
 4  63  24  44   6  21   0 0.00    M    M  7.4 17 290   M    M   2        22 240
 5  58  29  44   6  21   0 0.00    M    M  8.8 32 310   M    M   3        44 310
 6  70  26  48  11  17   0 0.00    M    M  3.1 18 150   M    M   0        24 150
 7  61  32  47  10  18   0    T    M    M 13.7 31 320   M    M   7        39 320
 8  64  22  43   7  22   0 0.00    M    M  3.0 13 310   M    M   0        14 290
 9  55  25  40   4  25   0 0.26    M    M  8.0 37 320   M    M   5 1      45 320
10  25  10  18 -17  47   0 0.12    M    M 15.8 37 310   M    M   9 18     45 320
11  12  -7   3 -32  62   0 0.05    M    M 12.4 18 330   M    M   8 18     23 320
12   9 -13  -2 -36  67   0 0.00    M    M  4.8 13 270   M    M   3        14 280
13   7 -17  -5 -39  70   0 0.00    M    M  0.3  5 300   M    M   0         5 290
14  15  -3   6 -27  59   0 0.16    M    M  7.0 17 310   M    M   8 18     19 310
15  11  -9   1 -32  64   0 0.11    M    M  7.0 20 320   M    M   4 8      24 300
16  29  -8  11 -21  54   0 0.03    M    M 15.5 45 320   M    M   3 8      54 310
17  28   1  15 -17  50   0    T    M    M  4.9 20 340   M    M   1 1      24 340
18  43   7  25  -6  40   0 0.00    M    M 10.1 37 300   M    M   1        44 300
19  38  13  26  -5  39   0 0.00    M    M  3.4 14 290   M    M   0        17 290
20  44  10  27  -3  38   0 0.00    M    M  1.2  8 200   M    M   1         9 200
21  52  24  38   8  27   0 0.00    M    M  3.7 13 140   M    M   1        16 150
22  63  23  43  14  22   0    T    M    M  9.4 44 320   M    M   3        59 230
23  40  27  34   5  31   0    T    M    M 16.3 41 300   M    M   5 8      52 310
24  40  23  32   4  33   0 0.03    M    M 15.4 39 310   M    M   8 18     46 310
25  36  27  32   4  33   0 0.37    M    M 13.3 30 290   M    M   9 128    36 290
26  30  22  26  -2  39   0 0.13    M    M  3.6 18 280   M    M  10 12     20 280
================================================================================
SM 1076  377       958   0  1.26    M    211.4          M       94
================================================================================
AV 41.4 14.5                               8.1 FASTST   M    M   4    MAX(MPH)
                                 MISC ---->  # 45 320               # 59  230
================================================================================
NOTES:
# LAST OF SEVERAL OCCURRENCES

COLUMN 17 PEAK WIND IN M.P.H.

PRELIMINARY LOCAL CLIMATOLOGICAL DATA (WS FORM: F-6) , PAGE 2

                                          STATION:  SHERIDAN WY
                                          MONTH:    NOVEMBER
                                          YEAR:     2014
                                          LATITUDE:   44 46 N
                                          LONGITUDE: 106 58 W

[TEMPERATURE DATA]      [PRECIPITATION DATA]       SYMBOLS USED IN COLUMN 16

AVERAGE MONTHLY: 27.9   TOTAL FOR MONTH:   1.26    1 = FOG OR MIST
DPTR FM NORMAL:  -5.6   DPTR FM NORMAL:    0.63    2 = FOG REDUCING VISIBILITY
HIGHEST:    70 ON  6    GRTST 24HR  0.41 ON 25-26      TO 1/4 MILE OR LESS
LOWEST:    -17 ON 13                               3 = THUNDER
                        SNOW, ICE PELLETS, HAIL    4 = ICE PELLETS
                        TOTAL MONTH:    M          5 = HAIL
                        GRTST 24HR    M  ON   M    6 = FREEZING RAIN OR DRIZZLE
                        GRTST DEPTH:  M  ON   M    7 = DUSTSTORM OR SANDSTORM:
                                                       VSBY 1/2 MILE OR LESS
                                                   8 = SMOKE OR HAZE
[NO. OF DAYS WITH]      [WEATHER - DAYS WITH]      9 = BLOWING SNOW
                                                   X = TORNADO
MAX 32 OR BELOW:   9    0.01 INCH OR MORE:   9
MAX 90 OR ABOVE:   0    0.10 INCH OR MORE:   6
MIN 32 OR BELOW:  25    0.50 INCH OR MORE:   0
MIN  0 OR BELOW:   6    1.00 INCH OR MORE:   0

[HDD (BASE 65) ]
TOTAL THIS MO.   958    CLEAR  (SCALE 0-3)  16
DPTR FM NORMAL   140    PTCLDY (SCALE 4-7)   7
TOTAL FM JUL 1  1687    CLOUDY (SCALE 8-10)  3
DPTR FM NORMAL   -39

[CDD (BASE 65) ]
TOTAL THIS MO.     0
DPTR FM NORMAL     0    [PRESSURE DATA]
TOTAL FM JAN 1   346    HIGHEST SLP M ON M
DPTR FM NORMAL   -73    LOWEST  SLP 29.34 ON 22

[REMARKS]
