000
CXUS54 KSJT 231210
CF6SJT
PRELIMINARY LOCAL CLIMATOLOGICAL DATA (WS FORM: F-6)

                                          STATION:   SAN ANGELO
                                          MONTH:     SEPTEMBER
                                          YEAR:      2017
                                          LATITUDE:   31 21 N
                                          LONGITUDE: 100 30 W

  TEMPERATURE IN F:       :PCPN:    SNOW:  WIND      :SUNSHINE: SKY     :PK WND
================================================================================
1   2   3   4   5  6A  6B    7    8   9   10  11  12  13   14  15   16   17  18
                                     12Z  AVG MX 2MIN
DY MAX MIN AVG DEP HDD CDD  WTR  SNW DPTH SPD SPD DIR MIN PSBL S-S WX    SPD DR
================================================================================

 1  94  57  76  -4   0  11 0.00  0.0    0  4.4 13  60   M    M   0 8      18  40
 2  99  66  83   3   0  18 0.80  0.0    0  8.6 23  60   M    M   2 13     28  60
 3  90  67  79  -1   0  14    T  0.0    0  5.3 20 170   M    M   3        26 180
 4  91  65  78  -1   0  13 0.00  0.0    0  5.6 15  50   M    M   1        20  50
 5  94  63  79   0   0  14 0.00  0.0    0  8.2 23  20   M    M   1        27  40
 6  84  61  73  -6   0   8 0.00  0.0    0  7.7 15  70   M    M   2        20  70
 7  88  54  71  -7   0   6 0.00  0.0    0  6.5 17 120   M    M   1        22 120
 8  88  51  70  -8   0   5 0.00  0.0    0  7.0 15  70   M    M   0        23 120
 9  87  53  70  -8   0   5 0.00  0.0    0  6.9 15  60   M    M   0        19  40
10  87  53  70  -8   0   5 0.00  0.0    0  4.2 14  80   M    M   0        20  70
11  89  52  71  -6   0   6 0.00  0.0    0  3.3 15  30   M    M   0        19  20
12  95  54  75  -2   0  10 0.00  0.0    0  5.5 15  40   M    M   0        20  30
13 101  59  80   4   0  15 0.00  0.0    0  5.0 14  90   M    M   0        17  70
14 104  67  86  10   0  21 0.00  0.0    0  8.8 18 170   M    M   0        26 160
15  99  72  86  10   0  21 0.01  0.0    0  8.9 18 170   M    M   0        27 150
16  98  72  85   9   0  20 0.00  0.0    0  8.5 21 180   M    M   0        25 190
17  96  68  82   7   0  17 0.00  0.0    0  6.8 15 140   M    M   0        20 140
18  98  70  84   9   0  19 0.00  0.0    0  6.9 20 200   M    M   0        25 170
19  98  75  87  13   0  22    T  0.0    0 12.2 25 140   M    M   1        35 140
20 102  73  88  14   0  23 0.00  0.0    0 11.3 30 310   M    M   0 3      43 310
21  99  76  88  14   0  23 0.00  0.0    0 10.4 20 190   M    M   0        25 180
22  96  75  86  12   0  21 0.00  0.0    0 12.3 22 170   M    M   2        29 150
================================================================================
SM 2077 1403         0 317  0.81     0.0 164.3          M       13
================================================================================
AV 94.4 63.8                               7.5 FASTST   M    M   1    MAX(MPH)
                                 MISC ---->  # 30 310               # 43  310
================================================================================
NOTES:
# LAST OF SEVERAL OCCURRENCES

COLUMN 17 PEAK WIND IN M.P.H.

PRELIMINARY LOCAL CLIMATOLOGICAL DATA (WS FORM: F-6) , PAGE 2

                                          STATION:  SAN ANGELO
                                          MONTH:    SEPTEMBER
                                          YEAR:     2017
                                          LATITUDE:   31 21 N
                                          LONGITUDE: 100 30 W

[TEMPERATURE DATA]      [PRECIPITATION DATA]       SYMBOLS USED IN COLUMN 16

AVERAGE MONTHLY: 79.1   TOTAL FOR MONTH:   0.81    1 = FOG OR MIST
DPTR FM NORMAL:   2.1   DPTR FM NORMAL:   -1.05    2 = FOG REDUCING VISIBILITY
HIGHEST:   104 ON 14    GRTST 24HR  0.80 ON  2- 2      TO 1/4 MILE OR LESS
LOWEST:     51 ON  8                               3 = THUNDER
                        SNOW, ICE PELLETS, HAIL    4 = ICE PELLETS
                        TOTAL MONTH:   0.0 INCH    5 = HAIL
                        GRTST 24HR     0.0         6 = FREEZING RAIN OR DRIZZLE
                        GRTST DEPTH:   0           7 = DUSTSTORM OR SANDSTORM:
                                                       VSBY 1/2 MILE OR LESS
                                                   8 = SMOKE OR HAZE
[NO. OF DAYS WITH]      [WEATHER - DAYS WITH]      9 = BLOWING SNOW
                                                   X = TORNADO
MAX 32 OR BELOW:   0    0.01 INCH OR MORE:   2
MAX 90 OR ABOVE:  16    0.10 INCH OR MORE:   1
MIN 32 OR BELOW:   0    0.50 INCH OR MORE:   1
MIN  0 OR BELOW:   0    1.00 INCH OR MORE:   0

[HDD (BASE 65) ]
TOTAL THIS MO.     0    CLEAR  (SCALE 0-3)  22
DPTR FM NORMAL     0    PTCLDY (SCALE 4-7)   0
TOTAL FM JUL 1     0    CLOUDY (SCALE 8-10)  0
DPTR FM NORMAL     0

[CDD (BASE 65) ]
TOTAL THIS MO.   317
DPTR FM NORMAL    51    [PRESSURE DATA]
TOTAL FM JAN 1  2591    HIGHEST SLP M ON M
DPTR FM NORMAL   289    LOWEST  SLP 29.65 ON 14

[REMARKS]
