000
CXUS54 KSJT 281521
CF6SJT
PRELIMINARY LOCAL CLIMATOLOGICAL DATA (WS FORM: F-6)

                                          STATION:   SAN ANGELO
                                          MONTH:     MARCH
                                          YEAR:      2017
                                          LATITUDE:   31 21 N
                                          LONGITUDE: 100 30 W

  TEMPERATURE IN F:       :PCPN:    SNOW:  WIND      :SUNSHINE: SKY     :PK WND
================================================================================
1   2   3   4   5  6A  6B    7    8   9   10  11  12  13   14  15   16   17  18
                                     12Z  AVG MX 2MIN
DY MAX MIN AVG DEP HDD CDD  WTR  SNW DPTH SPD SPD DIR MIN PSBL S-S WX    SPD DR
================================================================================

 1  66  39  53  -1  12   0 0.00  0.0    0 10.6 24  20   M    M   1        29  20
 2  65  30  48  -6  17   0 0.00  0.0    0  6.5 15 110   M    M   0        20  80
 3  67  27  47  -7  18   0 0.00  0.0    0  7.7 20 130   M    M   1        25 150
 4  61  48  55   1  10   0    T  0.0    0  9.2 21 180   M    M  10        26 170
 5  76  57  67  12   0   2 0.00  0.0    0 11.0 22 190   M    M   6        28 180
 6  82  61  72  17   0   7 0.00  0.0    0 16.8 30 190   M    M   1        39 190
 7  69  41  55   0  10   0 0.00  0.0    0 10.9 26  40   M    M   4 18     35  30
 8  81  39  60   4   5   0 0.00  0.0    0  7.3 21 190   M    M   6 8      27 190
 9  81  64  73  17   0   8 0.00  0.0    0 11.9 20 200   M    M   4        24 190
10  78  56  67  11   0   2 0.00  0.0    0  7.5 16  40   M    M   4 1      23 200
11  79  50  65   9   0   0    T  0.0    0  8.9 31  30   M    M   6        39  30
12  59  44  52  -5  13   0 0.00  0.0    0  7.1 21  40   M    M   9 18     27  20
13  69  45  57   0   8   0 0.04  0.0    0  9.1 23  40   M    M   5 1      29  30
14  79  36  58   1   7   0 0.00  0.0    0 10.2 24 220   M    M   0        30 220
15  75  45  60   2   5   0 0.00  0.0    0  8.3 17 170   M    M   4        23 190
16  84  62  73  15   0   8 0.00  0.0    0 13.6 23 200   M    M   5        29 200
17  87  64  76  18   0  11 0.00  0.0    0 12.9 24 200   M    M   2        30 200
18  87  58  73  15   0   8 0.00  0.0    0  6.5 16 130   M    M   2        23 140
19  90  63  77  18   0  12 0.00  0.0    0 14.1 23 220   M    M   2        32 210
20  91  63  77  18   0  12 0.00  0.0    0 13.8 25 200   M    M   0        32 210
21  95  58  77  18   0  12    T  0.0    0 12.1 18 220   M    M   0 3      26 180
22  90  57  74  15   0   9 0.00  0.0    0 10.1 21 140   M    M   1        27 140
23  82  62  72  12   0   7 0.00  0.0    0 19.0 35 170   M    M   3        50 170
24  80  54  67   7   0   2    T  0.0    0 16.4 36 250   M    M   3        46 230
25  81  42  62   2   3   0 0.00  0.0    0  6.4 14 330   M    M   0        20 310
26  89  49  69   9   0   4 0.00  0.0    0 10.6 25 260   M    M   0        32 240
27  84  40  62   1   3   0 0.00  0.0    0  5.0 13  80   M    M   0 8      16  80
================================================================================
SM 2127 1354       111 104  0.04     0.0 283.5          M       79
================================================================================
AV 78.8 50.2                              10.5 FASTST   M    M   3    MAX(MPH)
                                 MISC ---->  # 36 250               # 50  170
================================================================================
NOTES:
# LAST OF SEVERAL OCCURRENCES

COLUMN 17 PEAK WIND IN M.P.H.

PRELIMINARY LOCAL CLIMATOLOGICAL DATA (WS FORM: F-6) , PAGE 2

                                          STATION:  SAN ANGELO
                                          MONTH:    MARCH
                                          YEAR:     2017
                                          LATITUDE:   31 21 N
                                          LONGITUDE: 100 30 W

[TEMPERATURE DATA]      [PRECIPITATION DATA]       SYMBOLS USED IN COLUMN 16

AVERAGE MONTHLY: 64.5   TOTAL FOR MONTH:   0.04    1 = FOG OR MIST
DPTR FM NORMAL:   7.2   DPTR FM NORMAL:   -1.28    2 = FOG REDUCING VISIBILITY
HIGHEST:    95 ON 21    GRTST 24HR  0.04 ON 13-13      TO 1/4 MILE OR LESS
LOWEST:     27 ON  3                               3 = THUNDER
                        SNOW, ICE PELLETS, HAIL    4 = ICE PELLETS
                        TOTAL MONTH:   0.0 INCH    5 = HAIL
                        GRTST 24HR     0.0         6 = FREEZING RAIN OR DRIZZLE
                        GRTST DEPTH:   0           7 = DUSTSTORM OR SANDSTORM:
                                                       VSBY 1/2 MILE OR LESS
                                                   8 = SMOKE OR HAZE
[NO. OF DAYS WITH]      [WEATHER - DAYS WITH]      9 = BLOWING SNOW
                                                   X = TORNADO
MAX 32 OR BELOW:   0    0.01 INCH OR MORE:   1
MAX 90 OR ABOVE:   4    0.10 INCH OR MORE:   0
MIN 32 OR BELOW:   2    0.50 INCH OR MORE:   0
MIN  0 OR BELOW:   0    1.00 INCH OR MORE:   0

[HDD (BASE 65) ]
TOTAL THIS MO.   111    CLEAR  (SCALE 0-3)  16
DPTR FM NORMAL  -125    PTCLDY (SCALE 4-7)   9
TOTAL FM JUL 1  1435    CLOUDY (SCALE 8-10)  2
DPTR FM NORMAL  -762

[CDD (BASE 65) ]
TOTAL THIS MO.   104
DPTR FM NORMAL    76    [PRESSURE DATA]
TOTAL FM JAN 1   131    HIGHEST SLP M ON M
DPTR FM NORMAL    98    LOWEST  SLP 29.65 ON 23

[REMARKS]
