474
CXUS56 KPQR 231200
CF6SLE
PRELIMINARY LOCAL CLIMATOLOGICAL DATA (WS FORM: F-6)

                                          STATION:   SALEM OR
                                          MONTH:     MAY
                                          YEAR:      2017
                                          LATITUDE:   44 55 N
                                          LONGITUDE: 123  0 W

  TEMPERATURE IN F:       :PCPN:    SNOW:  WIND      :SUNSHINE: SKY     :PK WND
================================================================================
1   2   3   4   5  6A  6B    7    8   9   10  11  12  13   14  15   16   17  18
                                     12Z  AVG MX 2MIN
DY MAX MIN AVG DEP HDD CDD  WTR  SNW DPTH SPD SPD DIR MIN PSBL S-S WX    SPD DR
================================================================================

 1  55  37  46  -7  19   0    T  0.0    0  5.1 16 170   M    M   7 18     21 180
 2  67  51  59   6   6   0 0.02  0.0    0  5.7 13 180   M    M  10 1      15 220
 3  81  52  67  13   0   2 0.00  0.0    0  4.6 13 350   M    M   4 12     16 360
 4  84  55  70  16   0   5    T  0.0    0  4.8 20 310   M    M   2 3      24 320
 5  56  45  51  -3  14   0 0.16  0.0    0  8.6 20 310   M    M   8 1      25 280
 6  60  38  49  -5  16   0    T  0.0    0  5.5 18 290   M    M   4        23 310
 7  65  40  53  -1  12   0 0.00  0.0    0  7.3 16  30   M    M   3        21  50
 8  73  39  56   1   9   0 0.00  0.0    0  4.1 13 310   M    M   0 8      19 360
 9  77  43  60   5   5   0 0.00  0.0    0  3.4 14 320   M    M   0        16 310
10  74  44  59   4   6   0 0.00  0.0    0  5.3 16 280   M    M   3        22 260
11  56  45  51  -4  14   0 0.54  0.0    0  8.0 20 160   M    M   8 1      28 240
12  57  43  50  -6  15   0 0.11  0.0    0 11.1 24 190   M    M   8 1      31 190
13  56  44  50  -6  15   0 0.10  0.0    0  9.5 20 210   M    M   9        27 210
14  61  48  55  -1  10   0 0.19    M    0  6.3 16 300   M    M   8        20 310
15  61  37  49  -7  16   0 0.14    M    0  5.8 22 180   M    M   8        30 180
16  59  47  53  -3  12   0 0.36    M    0 13.7 26 280   M    M   9 1      35 290
17  60  44  52  -5  13   0    T    M    0  4.9 13 200   M    M   7        16 200
18  71  38  55  -2  10   0 0.00  0.0    0  1.9 10  50   M    M   4 1      12  50
19  77  48  63   6   2   0 0.00  0.0    0  4.0 16 320   M    M   3        22 330
20  71  49  60   3   5   0 0.00  0.0    0  5.2 14  50   M    M   5        20  30
21  83  49  66   9   0   1 0.00  0.0    0  7.3 16 360   M    M   0        21 360
22  91  52  72  14   0   7 0.00  0.0    0  4.6 12  10   M    M   0        14  10
================================================================================
SM 1495  988       199  15  1.62     0.0 136.7          M      110
================================================================================
AV 68.0 44.9                               6.2 FASTST   M    M   5    MAX(MPH)
                                 MISC ---->  # 26 280               # 35  290
================================================================================
NOTES:
# LAST OF SEVERAL OCCURRENCES

COLUMN 17 PEAK WIND IN M.P.H.

PRELIMINARY LOCAL CLIMATOLOGICAL DATA (WS FORM: F-6) , PAGE 2

                                          STATION:  SALEM OR
                                          MONTH:    MAY
                                          YEAR:     2017
                                          LATITUDE:   44 55 N
                                          LONGITUDE: 123  0 W

[TEMPERATURE DATA]      [PRECIPITATION DATA]       SYMBOLS USED IN COLUMN 16

AVERAGE MONTHLY: 56.4   TOTAL FOR MONTH:   1.62    1 = FOG OR MIST
DPTR FM NORMAL:   1.0   DPTR FM NORMAL:    0.07    2 = FOG REDUCING VISIBILITY
HIGHEST:    91 ON 22    GRTST 24HR  0.54 ON 11-11      TO 1/4 MILE OR LESS
LOWEST:     37 ON 15, 1                            3 = THUNDER
                        SNOW, ICE PELLETS, HAIL    4 = ICE PELLETS
                        TOTAL MONTH:   0.0 INCH    5 = HAIL
                        GRTST 24HR     0.0         6 = FREEZING RAIN OR DRIZZLE
                        GRTST DEPTH:   0           7 = DUSTSTORM OR SANDSTORM:
                                                       VSBY 1/2 MILE OR LESS
                                                   8 = SMOKE OR HAZE
[NO. OF DAYS WITH]      [WEATHER - DAYS WITH]      9 = BLOWING SNOW
                                                   X = TORNADO
MAX 32 OR BELOW:   0    0.01 INCH OR MORE:   8
MAX 90 OR ABOVE:   1    0.10 INCH OR MORE:   7
MIN 32 OR BELOW:   0    0.50 INCH OR MORE:   1
MIN  0 OR BELOW:   0    1.00 INCH OR MORE:   0

[HDD (BASE 65) ]
TOTAL THIS MO.   199    CLEAR  (SCALE 0-3)   8
DPTR FM NORMAL   -17    PTCLDY (SCALE 4-7)   9
TOTAL FM JUL 1  4308    CLOUDY (SCALE 8-10)  5
DPTR FM NORMAL  -151

[CDD (BASE 65) ]
TOTAL THIS MO.    15
DPTR FM NORMAL    15    [PRESSURE DATA]
TOTAL FM JAN 1    15    HIGHEST SLP M ON M
DPTR FM NORMAL    15    LOWEST  SLP 29.66 ON 16

[REMARKS]
