000
CXUS56 KPQR 201200
CF6SLE
PRELIMINARY LOCAL CLIMATOLOGICAL DATA (WS FORM: F-6)

                                          STATION:   SALEM OR
                                          MONTH:     OCTOBER
                                          YEAR:      2017
                                          LATITUDE:   44 55 N
                                          LONGITUDE: 123  0 W

  TEMPERATURE IN F:       :PCPN:    SNOW:  WIND      :SUNSHINE: SKY     :PK WND
================================================================================
1   2   3   4   5  6A  6B    7    8   9   10  11  12  13   14  15   16   17  18
                                     12Z  AVG MX 2MIN
DY MAX MIN AVG DEP HDD CDD  WTR  SNW DPTH SPD SPD DIR MIN PSBL S-S WX    SPD DR
================================================================================

 1  67  46  57  -1   8   0 0.03    M    M  5.9 17 270   M    M   4 1      22 280
 2  64  45  55  -3  10   0 0.01    M    0  4.5 14  20   M    M   5 1      16  30
 3  72  42  57   0   8   0 0.00  0.0    0  7.1 22  20   M    M   0        27  30
 4  73  40  57   0   8   0 0.00  0.0    0  1.8  9 360   M    M   0        10 330
 5  73  39  56  -1   9   0 0.00  0.0    0  1.9  8  60   M    M   0        11 350
 6  75  41  58   2   7   0 0.00  0.0    0  5.3 14 250   M    M   2        19 280
 7  64  50  57   1   8   0 0.05  0.0    0  5.6 20 300   M    M   7 1      24 290
 8  66  42  54  -2  11   0 0.01    M    0  3.9 12 340   M    M   5        16  10
 9  66  38  52  -3  13   0 0.00  0.0    0  3.7 15  10   M    M   0 1      17 350
10  60  40  50  -5  15   0 0.19    M    0  4.6 13 280   M    M   3 1      16 260
11  56  44  50  -5  15   0 0.30    M    0  6.6 18 280   M    M   7 1      23 290
12  58  47  53  -1  12   0 0.56    M    0 11.1 18 180   M    M   8 13     25 190
13  54  39  47  -7  18   0 0.15    M    0  6.1 24 270   M    M   5 1      31 270
14  59  33  46  -8  19   0 0.00  0.0    0  3.4 12  10   M    M   3 128    13  20
15  65  36  51  -2  14   0 0.00  0.0    0  1.2  8  20   M    M   0        12  30
16  69  37  53   0  12   0 0.00  0.0    0  1.2  8 310   M    M   2 12     10 330
17  64  42  53   0  12   0 0.01    M    0  5.5 18 180   M    M   7 12     23 200
18  67  55  61   9   4   0    T  0.0    0 12.8 25 190   M    M   5 1      38 200
19  59  49  54   2  11   0 0.77    M    0 13.1 26 190   M    M  10 1      32 190
================================================================================
SM 1231  805       214   0  2.08     0.0 105.3          M       73
================================================================================
AV 64.8 42.4                               5.5 FASTST   M    M   4    MAX(MPH)
                                 MISC ---->  # 26 190               # 38  200
================================================================================
NOTES:
# LAST OF SEVERAL OCCURRENCES

COLUMN 17 PEAK WIND IN M.P.H.

PRELIMINARY LOCAL CLIMATOLOGICAL DATA (WS FORM: F-6) , PAGE 2

                                          STATION:  SALEM OR
                                          MONTH:    OCTOBER
                                          YEAR:     2017
                                          LATITUDE:   44 55 N
                                          LONGITUDE: 123  0 W

[TEMPERATURE DATA]      [PRECIPITATION DATA]       SYMBOLS USED IN COLUMN 16

AVERAGE MONTHLY: 53.6   TOTAL FOR MONTH:   2.08    1 = FOG OR MIST
DPTR FM NORMAL:  -1.4   DPTR FM NORMAL:    0.62    2 = FOG REDUCING VISIBILITY
HIGHEST:    75 ON  6    GRTST 24HR  0.77 ON 19-19      TO 1/4 MILE OR LESS
LOWEST:     33 ON 14                               3 = THUNDER
                        SNOW, ICE PELLETS, HAIL    4 = ICE PELLETS
                        TOTAL MONTH:   0.0 INCH    5 = HAIL
                        GRTST 24HR     0.0         6 = FREEZING RAIN OR DRIZZLE
                        GRTST DEPTH:   0           7 = DUSTSTORM OR SANDSTORM:
                                                       VSBY 1/2 MILE OR LESS
                                                   8 = SMOKE OR HAZE
[NO. OF DAYS WITH]      [WEATHER - DAYS WITH]      9 = BLOWING SNOW
                                                   X = TORNADO
MAX 32 OR BELOW:   0    0.01 INCH OR MORE:  10
MAX 90 OR ABOVE:   0    0.10 INCH OR MORE:   5
MIN 32 OR BELOW:   0    0.50 INCH OR MORE:   2
MIN  0 OR BELOW:   0    1.00 INCH OR MORE:   0

[HDD (BASE 65) ]
TOTAL THIS MO.   214    CLEAR  (SCALE 0-3)   7
DPTR FM NORMAL    24    PTCLDY (SCALE 4-7)  11
TOTAL FM JUL 1   297    CLOUDY (SCALE 8-10)  1
DPTR FM NORMAL   -58

[CDD (BASE 65) ]
TOTAL THIS MO.     0
DPTR FM NORMAL     0    [PRESSURE DATA]
TOTAL FM JAN 1   647    HIGHEST SLP M ON M
DPTR FM NORMAL   358    LOWEST  SLP 29.57 ON 19

[REMARKS]
