000
CXUS55 KLOX 301655
CF6SMX
PRELIMINARY LOCAL CLIMATOLOGICAL DATA (WS FORM: F-6)

                                          STATION:   SANTA MARIA AIRPORT CA
                                          MONTH:     OCTOBER
                                          YEAR:      2014
                                          LATITUDE:   34 54 N
                                          LONGITUDE: 120 27 W

  TEMPERATURE IN F:       :PCPN:    SNOW:  WIND      :SUNSHINE: SKY     :PK WND
================================================================================
1   2   3   4   5  6A  6B    7    8   9   10  11  12  13   14  15   16   17  18
                                     12Z  AVG MX 2MIN
DY MAX MIN AVG DEP HDD CDD  WTR  SNW DPTH SPD SPD DIR MIN PSBL S-S WX    SPD DR
================================================================================

 1  92  53  73  11   0   8 0.00  0.0    0  6.6 22 300   M    M   0         M  M
 2 100  57  79  17   0  14 0.00  0.0    0  5.6 20 330   M    M   0 8       M  M
 3 100  56  78  16   0  13 0.00  0.0    0  4.9 16 300   M    M   1 8      24 270
 4 104  59  82  20   0  17 0.00  0.0    0  5.2 18 300   M    M   4 8       M  M
 5  93  58  76  14   0  11 0.00  0.0    0  4.6 12 320   M    M   1 8      20 250
 6  82  55  69   7   0   4 0.00  0.0    0  3.5 13 290   M    M   2 128    17 300
 7  77  54  66   4   0   1 0.00  0.0    0  3.5 12 300   M    M   5 128     M  M
 8  74  56  65   3   0   0 0.00  0.0    0  4.7 15  10   M    M   7 18      M  M
 9  76  55  66   4   0   1 0.00  0.0    0  4.4 14 330   M    M   7 128     M  M
10  71  57  64   2   1   0 0.00  0.0    0  6.1 21 300   M    M   6 18      M  M
11  74  56  65   3   0   0 0.00  0.0    0  4.4 17 310   M    M   6 128    21 310
12  97  55  76  15   0  11 0.00  0.0    0  5.5 22  20   M    M   3 128    28  10
13  81  55  68   7   0   3 0.00  0.0    0  4.6 16 320   M    M   3 8      20 320
14  80  62  71  10   0   6 0.00  0.0    0  7.5 22 170   M    M   9 18     26 170
15  79  59  69   8   0   4 0.00  0.0    0  6.7  M   M   M    M   5 8       M  M
16  76  55  66   5   0   1    T  0.0    0  5.8 20 320   M    M   0 18     23 310
17  76  52  64   3   1   0 0.00  0.0    0  4.1 15 310   M    M   3 18     25 340
18  83  53  68   7   0   3 0.00  0.0    0  9.0 28 300   M    M   0 8      31 300
19  78  53  66   5   0   1 0.00  0.0    0  4.8 20 320   M    M   3 18     24 310
20  76  58  67   7   0   2 0.00  0.0    0  7.7 23 300   M    M   6 18      M  M
21  83  57  70  10   0   5 0.00  0.0    0 13.8 25  30   M    M   1 8      33  20
22  81  57  69   9   0   4 0.00  0.0    0 10.9 22 290   M    M   1 8       M  M
23  80  52  66   6   0   1 0.00  0.0    0  4.8 14 300   M    M   0 128    16 320
24  76  51  64   4   1   0 0.00  0.0    0  3.5 14 300   M    M   5 128     M  M
25  77  52  65   5   0   0 0.00  0.0    0  7.4 18 310   M    M   2 18     23 300
26  81  56  69   9   0   4 0.00  0.0    0 12.5 28 300   M    M   1 18     33 290
27  79  52  66   6   0   1 0.00  0.0    0 12.9 26 300   M    M   0        32 300
28  81  49  65   6   0   0 0.00  0.0    0  5.2 21 300   M    M   0 8       M  M
29  90  51  71  12   0   6 0.00  0.0    0  4.6 14 310   M    M   0        23 210
================================================================================
SM 2397 1595         3 121    T      0.0 184.7          M       81
================================================================================
AV 82.7 55.0                               6.4 FASTST   M    M   3    MAX(MPH)
                                 MISC ---->  # 28 300               # 33   20
================================================================================
NOTES:
# LAST OF SEVERAL OCCURRENCES

COLUMN 17 PEAK WIND IN M.P.H.

PRELIMINARY LOCAL CLIMATOLOGICAL DATA (WS FORM: F-6) , PAGE 2

                                          STATION:  SANTA MARIA AIRPORT CA
                                          MONTH:    OCTOBER
                                          YEAR:     2014
                                          LATITUDE:   34 54 N
                                          LONGITUDE: 120 27 W

[TEMPERATURE DATA]      [PRECIPITATION DATA]       SYMBOLS USED IN COLUMN 16

AVERAGE MONTHLY: 68.8   TOTAL FOR MONTH:      T    1 = FOG OR MIST
DPTR FM NORMAL:   7.9   DPTR FM NORMAL:   -0.53    2 = FOG REDUCING VISIBILITY
HIGHEST:   104 ON  4    GRTST 24HR    T  ON 16-16      TO 1/4 MILE OR LESS
LOWEST:     49 ON 28                               3 = THUNDER
                        SNOW, ICE PELLETS, HAIL    4 = ICE PELLETS
                        TOTAL MONTH:   0.0 INCH    5 = HAIL
                        GRTST 24HR     0.0         6 = FREEZING RAIN OR DRIZZLE
                        GRTST DEPTH:   0           7 = DUSTSTORM OR SANDSTORM:
                                                       VSBY 1/2 MILE OR LESS
                                                   8 = SMOKE OR HAZE
[NO. OF DAYS WITH]      [WEATHER - DAYS WITH]      9 = BLOWING SNOW
                                                   X = TORNADO
MAX 32 OR BELOW:   0    0.01 INCH OR MORE:   0
MAX 90 OR ABOVE:   7    0.10 INCH OR MORE:   0
MIN 32 OR BELOW:   0    0.50 INCH OR MORE:   0
MIN  0 OR BELOW:   0    1.00 INCH OR MORE:   0

[HDD (BASE 65) ]
TOTAL THIS MO.     3    CLEAR  (SCALE 0-3)  17
DPTR FM NORMAL  -132    PTCLDY (SCALE 4-7)  11
TOTAL FM JUL 1     4    CLOUDY (SCALE 8-10)  1
DPTR FM NORMAL  -348

[CDD (BASE 65) ]
TOTAL THIS MO.   121
DPTR FM NORMAL   100    [PRESSURE DATA]
TOTAL FM JAN 1   558    HIGHEST SLP M ON M
DPTR FM NORMAL   455    LOWEST  SLP 29.72 ON  1

[REMARKS]
