000
CXUS56 KMTR 251000
CF6SNS
PRELIMINARY LOCAL CLIMATOLOGICAL DATA (WS FORM: F-6)

                                          STATION:   SALINAS AIRPORT
                                          MONTH:     FEBRUARY
                                          YEAR:      2017
                                          LATITUDE:   36 40 N
                                          LONGITUDE: 121 36 W

  TEMPERATURE IN F:       :PCPN:    SNOW:  WIND      :SUNSHINE: SKY     :PK WND
================================================================================
1   2   3   4   5  6A  6B    7    8   9   10  11  12  13   14  15   16   17  18
                                     12Z  AVG MX 2MIN
DY MAX MIN AVG DEP HDD CDD  WTR  SNW DPTH SPD SPD DIR MIN PSBL S-S WX    SPD DR
================================================================================

 1  68  45  57   5   8   0 0.10    M    0 12.3 28 110   M    M   2 1      33 100
 2  62  50  56   4   9   0 0.13  0.0    0 18.7 29 120   M    M   7 1      35 130
 3  66  53  60   8   5   0 0.12  0.0    0  9.6 21 230   M    M   7 1      25 130
 4  62  48  55   3  10   0 0.00  0.0    0  5.7 15 310   M    M   6        17 300
 5  61  48  55   3  10   0 0.05    M    0 12.3 23 130   M    M   8 1      30 130
 6  65  52  59   7   6   0 0.16  0.0    0  8.2 30 110   M    M   6 1      36 110
 7  65  55  60   8   5   0 0.01  0.0    0  9.5 30 110   M    M  10 18     36 110
 8  68  57  63  10   2   0 0.00  0.0    0 12.2 24 110   M    M   8        28 110
 9  67  56  62   9   3   0 0.86  0.0    0 10.3 30 110   M    M   6 18     38 110
10  61  51  56   3   9   0 0.02  0.0    0  8.1 18 120   M    M   8 1      23 130
11  59  44  52  -1  13   0 0.00  0.0    0  4.9 15 250   M    M   2        19 260
12  66  41  54   1  11   0 0.00  0.0    0  5.8 17 270   M    M   0        20 260
13  63  41  52  -1  13   0 0.00  0.0    0  6.2 15 260   M    M   0        17 260
14  73  44  59   6   6   0 0.00  0.0    0  6.7 21 260   M    M   0 1      25 260
15  69  47  58   5   7   0 0.00  0.0    0  9.0 25 100   M    M   1        30 110
16  64  49  57   4   8   0 0.21    M    0  9.4 22 110   M    M   6 1      26 120
17  57  52  55   2  10   0 0.91  0.0    0 22.9 59 100   M    M   8 1      71 100
18  57  46  52  -1  13   0 0.01    M    0 13.7 26 260   M    M   8 18     41 300
19  56  45  51  -2  14   0    T  0.0    0 16.2 30 110   M    M   7        37 110
20  68  52  60   7   5   0 1.72  0.0    0 10.6 29 110   M    M   9 1      40 130
21  65  50  58   5   7   0 0.04  0.0    0  6.0 25 270   M    M   5        31 260
22  56  40  48  -6  17   0 0.00  0.0    0  7.5 24 260   M    M   3 12     30 270
23  54  35  45  -9  20   0 0.00  0.0    0  6.6 22 260   M    M   1        29 270
24  55  33  44 -10  21   0 0.00  0.0    0  4.7 14 260   M    M   0        23 240
================================================================================
SM 1507 1134       232   0  4.34     0.0 237.1          M      118
================================================================================
AV 62.8 47.3                               9.9 FASTST   M    M   5    MAX(MPH)
                                 MISC ---->  # 59 100               # 71  100
================================================================================
NOTES:
# LAST OF SEVERAL OCCURRENCES

COLUMN 17 PEAK WIND IN M.P.H.

PRELIMINARY LOCAL CLIMATOLOGICAL DATA (WS FORM: F-6) , PAGE 2

                                          STATION:  SALINAS AIRPORT
                                          MONTH:    FEBRUARY
                                          YEAR:     2017
                                          LATITUDE:   36 40 N
                                          LONGITUDE: 121 36 W

[TEMPERATURE DATA]      [PRECIPITATION DATA]       SYMBOLS USED IN COLUMN 16

AVERAGE MONTHLY: 55.0   TOTAL FOR MONTH:   4.34    1 = FOG OR MIST
DPTR FM NORMAL:   2.2   DPTR FM NORMAL:    2.20    2 = FOG REDUCING VISIBILITY
HIGHEST:    73 ON 14    GRTST 24HR  1.72 ON 20-20      TO 1/4 MILE OR LESS
LOWEST:     33 ON 24                               3 = THUNDER
                        SNOW, ICE PELLETS, HAIL    4 = ICE PELLETS
                        TOTAL MONTH:   0.0 INCH    5 = HAIL
                        GRTST 24HR     0.0         6 = FREEZING RAIN OR DRIZZLE
                        GRTST DEPTH:   0           7 = DUSTSTORM OR SANDSTORM:
                                                       VSBY 1/2 MILE OR LESS
                                                   8 = SMOKE OR HAZE
[NO. OF DAYS WITH]      [WEATHER - DAYS WITH]      9 = BLOWING SNOW
                                                   X = TORNADO
MAX 32 OR BELOW:   0    0.01 INCH OR MORE:  13
MAX 90 OR ABOVE:   0    0.10 INCH OR MORE:   8
MIN 32 OR BELOW:   0    0.50 INCH OR MORE:   3
MIN  0 OR BELOW:   0    1.00 INCH OR MORE:   1

[HDD (BASE 65) ]
TOTAL THIS MO.   232    CLEAR  (SCALE 0-3)   9
DPTR FM NORMAL   -60    PTCLDY (SCALE 4-7)  10
TOTAL FM JUL 1  1693    CLOUDY (SCALE 8-10)  5
DPTR FM NORMAL   -77

[CDD (BASE 65) ]
TOTAL THIS MO.     0
DPTR FM NORMAL     0    [PRESSURE DATA]
TOTAL FM JAN 1     0    HIGHEST SLP M ON M
DPTR FM NORMAL     0    LOWEST  SLP 29.14 ON 17

[REMARKS]
