572
CXUS56 KMTR 221000
CF6SNS
PRELIMINARY LOCAL CLIMATOLOGICAL DATA (WS FORM: F-6)

                                          STATION:   SALINAS AIRPORT
                                          MONTH:     MAY
                                          YEAR:      2017
                                          LATITUDE:   36 40 N
                                          LONGITUDE: 121 36 W

  TEMPERATURE IN F:       :PCPN:    SNOW:  WIND      :SUNSHINE: SKY     :PK WND
================================================================================
1   2   3   4   5  6A  6B    7    8   9   10  11  12  13   14  15   16   17  18
                                     12Z  AVG MX 2MIN
DY MAX MIN AVG DEP HDD CDD  WTR  SNW DPTH SPD SPD DIR MIN PSBL S-S WX    SPD DR
================================================================================

 1  85  48  67   9   0   2 0.00  0.0    0  7.8 20 260   M    M   0 18     23 270
 2  87  55  71  13   0   6 0.00  0.0    0  7.9 18 270   M    M   0 8      22 280
 3  88  53  71  13   0   6 0.00  0.0    0  7.8 17 280   M    M   0 18     22 270
 4  67  54  61   3   4   0 0.00  0.0    0  7.5 18 290   M    M   7 128     M  M
 5  65  51  58   0   7   0 0.00  0.0    0 10.3 22 230   M    M   7 18     27 230
 6  58  50  54  -5  11   0 0.00  0.0    0 13.6 25 240   M    M   8 8      34 250
 7  69  50  60   1   5   0 0.00  0.0    0  9.4 18 280   M    M   4 18     22 300
 8  64  49  57  -2   8   0 0.00  0.0    0  7.3 20 260   M    M   6 18     22 270
 9  72  49  61   2   4   0 0.00  0.0    0  8.5 20 290   M    M   6 18     24 290
10  65  54  60   1   5   0    T  0.0    0  6.9 18 270   M    M   9 1      23 280
11  66  55  61   2   4   0 0.00  0.0    0  6.3 17 260   M    M   8        24 290
12  65  50  58  -1   7   0 0.00  0.0    0 11.1 28 260   M    M   2        35 260
13  64  43  54  -5  11   0 0.00  0.0    0  9.8 23 240   M    M   0        29 280
14  61  50  56  -3   9   0 0.00  0.0    0 12.2 22 260   M    M   8        28 240
15  61  52  57  -2   8   0 0.00  0.0    0 13.0 21 220   M    M  10        26 230
16  63  53  58  -1   7   0 0.00  0.0    0 11.7 20 260   M    M  10        23 250
17  65  51  58  -2   7   0    T  0.0    0 11.4 20 260   M    M   4 1      24 250
18  74  46  60   0   5   0 0.00  0.0    0  6.9 17 250   M    M   1        22 270
19  80  47  64   4   1   0 0.00  0.0    0  7.1 16 290   M    M   0        21 280
20  79  50  65   5   0   0 0.00  0.0    0  5.7 17 270   M    M   0        21 270
21  72  50  61   1   4   0 0.00  0.0    0  7.3 18 270   M    M   3 18     22 270
================================================================================
SM 1470 1060       107  14    T      0.0 189.5          M       93
================================================================================
AV 70.0 50.5                               9.0 FASTST   M    M   4    MAX(MPH)
                                 MISC ---->  # 28 260               # 35  260
================================================================================
NOTES:
# LAST OF SEVERAL OCCURRENCES

COLUMN 17 PEAK WIND IN M.P.H.

PRELIMINARY LOCAL CLIMATOLOGICAL DATA (WS FORM: F-6) , PAGE 2

                                          STATION:  SALINAS AIRPORT
                                          MONTH:    MAY
                                          YEAR:     2017
                                          LATITUDE:   36 40 N
                                          LONGITUDE: 121 36 W

[TEMPERATURE DATA]      [PRECIPITATION DATA]       SYMBOLS USED IN COLUMN 16

AVERAGE MONTHLY: 60.2   TOTAL FOR MONTH:      T    1 = FOG OR MIST
DPTR FM NORMAL:   1.2   DPTR FM NORMAL:   -0.27    2 = FOG REDUCING VISIBILITY
HIGHEST:    88 ON  3    GRTST 24HR    T  ON 17-17      TO 1/4 MILE OR LESS
LOWEST:     43 ON 13                               3 = THUNDER
                        SNOW, ICE PELLETS, HAIL    4 = ICE PELLETS
                        TOTAL MONTH:   0.0 INCH    5 = HAIL
                        GRTST 24HR     0.0         6 = FREEZING RAIN OR DRIZZLE
                        GRTST DEPTH:   0           7 = DUSTSTORM OR SANDSTORM:
                                                       VSBY 1/2 MILE OR LESS
                                                   8 = SMOKE OR HAZE
[NO. OF DAYS WITH]      [WEATHER - DAYS WITH]      9 = BLOWING SNOW
                                                   X = TORNADO
MAX 32 OR BELOW:   0    0.01 INCH OR MORE:   0
MAX 90 OR ABOVE:   0    0.10 INCH OR MORE:   0
MIN 32 OR BELOW:   0    0.50 INCH OR MORE:   0
MIN  0 OR BELOW:   0    1.00 INCH OR MORE:   0

[HDD (BASE 65) ]
TOTAL THIS MO.   107    CLEAR  (SCALE 0-3)   9
DPTR FM NORMAL   -26    PTCLDY (SCALE 4-7)   8
TOTAL FM JUL 1  2296    CLOUDY (SCALE 8-10)  4
DPTR FM NORMAL  -226

[CDD (BASE 65) ]
TOTAL THIS MO.    14
DPTR FM NORMAL    14    [PRESSURE DATA]
TOTAL FM JAN 1    18    HIGHEST SLP M ON M
DPTR FM NORMAL    11    LOWEST  SLP 29.71 ON  7

[REMARKS]
