000
CXUS55 KCYS 241000
CF6SNY
PRELIMINARY LOCAL CLIMATOLOGICAL DATA (WS FORM: F-6)

                                          STATION:   SIDNEY NEBRASKA AIRPORT
                                          MONTH:     JUNE
                                          YEAR:      2017
                                          LATITUDE:   41  5 N
                                          LONGITUDE: 102 59 W

  TEMPERATURE IN F:       :PCPN:    SNOW:  WIND      :SUNSHINE: SKY     :PK WND
================================================================================
1   2   3   4   5  6A  6B    7    8   9   10  11  12  13   14  15   16   17  18
                                     12Z  AVG MX 2MIN
DY MAX MIN AVG DEP HDD CDD  WTR  SNW DPTH SPD SPD DIR MIN PSBL S-S WX    SPD DR
================================================================================

 1  81  42  62   0   3   0 0.00    M    M  9.4 21 170   M    M   0 1      29 150
 2  84  50  67   4   0   2 0.04    M    M  6.9 24 200   M    M   3 13     33 170
 3  78  45  62  -1   3   0 0.00    M    M  8.6 17  40   M    M   1        23  40
 4  81  43  62  -1   3   0 0.00    M    M  6.1 12 180   M    M   0        16 180
 5  86  50  68   4   0   3    T    M    M 11.4 28 280   M    M   0 3      39 220
 6  80  53  67   3   0   2    T    M    M 11.1 18 360   M    M   2        24  30
 7  81  46  64   0   1   0 0.41    M    M  7.2 47  90   M    M   3 1235   59  90
 8  82  53  68   3   0   3 0.00    M    M  7.9 14 160   M    M   0        18 150
 9  91  60  76  11   0  11 0.00    M    M 10.9 20 320   M    M   0        27 310
10  84  52  68   2   0   3 0.00    M    M 12.6 30 350   M    M   0        36 330
11  83  51  67   1   0   2 0.00    M    M 12.7 24 350   M    M   1 3      33 350
12  85  61  73   7   0   8 0.00    M    M 12.1 28 330   M    M   4        38 330
13  81  53  67   0   0   2 0.00    M    M 11.7 26 330   M    M   0        36 330
14  87  43  65  -2   0   0 0.00    M    M 12.0 28 300   M    M   1        38 290
15  87  45  66  -1   0   1 0.00    M    M  6.8 15 310   M    M   0        20 320
16  93  48  71   3   0   6 0.00    M    M 11.8 29 310   M    M   0        37 310
17  74  49  62  -6   3   0 0.00    M    M 11.6 29 350   M    M   3        38 340
18  81  41  61  -8   4   0 0.00    M    M  7.4 16 260   M    M   4        21 280
19  85  52  69   0   0   4 0.00    M    M  5.7 15  10   M    M   3        22  10
20  96  47  72   3   0   7 0.00    M    M  7.0 17 270   M    M   0 3      23 270
21  98  54  76   6   0  11 0.00    M    M 10.7 23 310   M    M   0        31 320
22  83  59  71   1   0   6 0.01    M    M 15.0 31 360   M    M   1 13     39 360
23  73  44  59 -11   6   0    T    M    M 11.0 22 360   M    M   4 13     27 360
================================================================================
SM 1934 1141        23  71  0.46    M    227.6          M       30
================================================================================
AV 84.1 49.6                               9.9 FASTST   M    M   1    MAX(MPH)
                                 MISC ---->  # 47  90               # 59   90
================================================================================
NOTES:
# LAST OF SEVERAL OCCURRENCES

COLUMN 17 PEAK WIND IN M.P.H.

PRELIMINARY LOCAL CLIMATOLOGICAL DATA (WS FORM: F-6) , PAGE 2

                                          STATION:  SIDNEY NEBRASKA AIRPORT
                                          MONTH:    JUNE
                                          YEAR:     2017
                                          LATITUDE:   41  5 N
                                          LONGITUDE: 102 59 W

[TEMPERATURE DATA]      [PRECIPITATION DATA]       SYMBOLS USED IN COLUMN 16

AVERAGE MONTHLY: 66.9   TOTAL FOR MONTH:   0.46    1 = FOG OR MIST
DPTR FM NORMAL:   0.5   DPTR FM NORMAL:   -2.08    2 = FOG REDUCING VISIBILITY
HIGHEST:    98 ON 21    GRTST 24HR  0.41 ON  7- 7      TO 1/4 MILE OR LESS
LOWEST:     41 ON 18                               3 = THUNDER
                        SNOW, ICE PELLETS, HAIL    4 = ICE PELLETS
                        TOTAL MONTH:    M          5 = HAIL
                        GRTST 24HR    M  ON   M    6 = FREEZING RAIN OR DRIZZLE
                        GRTST DEPTH:  M  ON   M    7 = DUSTSTORM OR SANDSTORM:
                                                       VSBY 1/2 MILE OR LESS
                                                   8 = SMOKE OR HAZE
[NO. OF DAYS WITH]      [WEATHER - DAYS WITH]      9 = BLOWING SNOW
                                                   X = TORNADO
MAX 32 OR BELOW:   0    0.01 INCH OR MORE:   3
MAX 90 OR ABOVE:   4    0.10 INCH OR MORE:   1
MIN 32 OR BELOW:   0    0.50 INCH OR MORE:   0
MIN  0 OR BELOW:   0    1.00 INCH OR MORE:   0

[HDD (BASE 65) ]
TOTAL THIS MO.    23    CLEAR  (SCALE 0-3)  20
DPTR FM NORMAL   -31    PTCLDY (SCALE 4-7)   3
TOTAL FM JUL 1  5788    CLOUDY (SCALE 8-10)  0
DPTR FM NORMAL  -428

[CDD (BASE 65) ]
TOTAL THIS MO.    71
DPTR FM NORMAL   -14    [PRESSURE DATA]
TOTAL FM JAN 1    71    HIGHEST SLP  0.00 ON 11
DPTR FM NORMAL   -36    LOWEST  SLP 29.41 ON 10

[REMARKS]
