078
CXUS56 KPQR 291200
CF6SPB
PRELIMINARY LOCAL CLIMATOLOGICAL DATA (WS FORM: F-6)

                                          STATION:   SCAPPOOSE OR
                                          MONTH:     APRIL
                                          YEAR:      2016
                                          LATITUDE:   45 46 N
                                          LONGITUDE: 122 50 W

  TEMPERATURE IN F:       :PCPN:    SNOW:  WIND      :SUNSHINE: SKY     :PK WND
================================================================================
1   2   3   4   5  6A  6B    7    8   9   10  11  12  13   14  15   16   17  18
                                     12Z  AVG MX 2MIN
DY MAX MIN AVG DEP HDD CDD  WTR  SNW DPTH SPD SPD DIR MIN PSBL S-S WX    SPD DR
================================================================================

 1  74  40  57   9   8   0 0.00  0.0    0  2.8  9 360   M    M   1 128    11  10
 2  68  41  55   7  10   0 0.00  0.0    0  2.5 12  10   M    M   0 1      15 360
 3  72  39  56   8   9   0 0.14    M    0  4.3 17 230   M    M   3 1      25 230
 4  59  38  49   1  16   0 0.15    M    0  4.4 17 270   M    M   6        24 240
 5  60  39  50   2  15   0 0.00  0.0    0  2.4 12 140   M    M   4        13 140
 6  75  35  55   6  10   0 0.00  0.0    0  3.4 12 330   M    M   0        16 330
 7  88  42  65  16   0   0 0.00  0.0    0  2.2  7 340   M    M   0         8 290
 8  83  47  65  16   0   0 0.00  0.0    0  6.7 18 360   M    M   0        22 360
 9  67  43  55   6  10   0 0.00  0.0    0  4.0 13 340   M    M   3        17 360
10  60  49  55   6  10   0 0.00  0.0    0  4.7 12 340   M    M   8        15 360
11  60  49  55   6  10   0 0.00  0.0    0  3.4  9 330   M    M   8        13 340
12  58  47  53   4  12   0 0.12    M    0  5.0 14 250   M    M  10 1      19 250
13  60  42  51   2  14   0 0.25    M    0  6.1 29 200   M    M   8 1      38 200
14  55  39  47  -3  18   0 0.37    M    0  6.7 15 160   M    M   8 1      23 140
15  60  35  48  -2  17   0 0.00  0.0    0  2.1 10 130   M    M   6 1      13 130
16  71  37  54   4  11   0 0.00  0.0    0  2.0  8 280   M    M   0 1      10 290
17  83  41  62  12   3   0 0.00  0.0    0  3.4 15 120   M    M   0        20 110
18  89  47  68  18   0   3 0.00  0.0    0  1.4  7 280   M    M   0 8       8 290
19  88  48  68  18   0   3 0.00  0.0    0  1.5  8 350   M    M   0        13 310
20  80  48  64  14   1   0 0.01    M    0  2.5 16 350   M    M   1 1      20  10
21  75  45  60   9   5   0 0.19    M    0  4.2 16 220   M    M   1 1      22 230
22  62  42  52   1  13   0 0.54    M    0  5.5 20 230   M    M   8 1      27 230
23  62  42  52   1  13   0 0.02    M    0  3.7 13 240   M    M   9 1      16 250
24  55  41  48  -3  17   0 0.46    M    0  3.6 15 290   M    M   8 1      22 280
25  63  36  50  -1  15   0 0.00  0.0    0  5.1 16 280   M    M   5        23 350
26  59  34  47  -5  18   0    T    M    0  3.5 10 150   M    M   3        14 140
27  59  45  52   0  13   0 0.03    M    0  2.1  8 290   M    M   7        11 310
28  61  41  51  -1  14   0    T    M    0  2.5 10 340   M    M   8 8      13 280
================================================================================
SM 1906 1172       282   6  2.28     0.0 101.7          M      115
================================================================================
AV 68.1 41.9                               3.6 FASTST   M    M   4    MAX(MPH)
                                 MISC ---->  # 29 200               # 38  200
================================================================================
NOTES:
# LAST OF SEVERAL OCCURRENCES

COLUMN 17 PEAK WIND IN M.P.H.

PRELIMINARY LOCAL CLIMATOLOGICAL DATA (WS FORM: F-6) , PAGE 2

                                          STATION:  SCAPPOOSE OR
                                          MONTH:    APRIL
                                          YEAR:     2016
                                          LATITUDE:   45 46 N
                                          LONGITUDE: 122 50 W

[TEMPERATURE DATA]      [PRECIPITATION DATA]       SYMBOLS USED IN COLUMN 16

AVERAGE MONTHLY: 55.0   TOTAL FOR MONTH:   2.28    1 = FOG OR MIST
DPTR FM NORMAL:   5.2   DPTR FM NORMAL:   -0.69    2 = FOG REDUCING VISIBILITY
HIGHEST:    89 ON 18    GRTST 24HR  0.73 ON 21-22      TO 1/4 MILE OR LESS
LOWEST:     34 ON 26                               3 = THUNDER
                        SNOW, ICE PELLETS, HAIL    4 = ICE PELLETS
                        TOTAL MONTH:   0.0 INCH    5 = HAIL
                        GRTST 24HR     0.0         6 = FREEZING RAIN OR DRIZZLE
                        GRTST DEPTH:   0           7 = DUSTSTORM OR SANDSTORM:
                                                       VSBY 1/2 MILE OR LESS
                                                   8 = SMOKE OR HAZE
[NO. OF DAYS WITH]      [WEATHER - DAYS WITH]      9 = BLOWING SNOW
                                                   X = TORNADO
MAX 32 OR BELOW:   0    0.01 INCH OR MORE:  11
MAX 90 OR ABOVE:   0    0.10 INCH OR MORE:   8
MIN 32 OR BELOW:   0    0.50 INCH OR MORE:   1
MIN  0 OR BELOW:   0    1.00 INCH OR MORE:   0

[HDD (BASE 65) ]
TOTAL THIS MO.   282    CLEAR  (SCALE 0-3)  14
DPTR FM NORMAL  -146    PTCLDY (SCALE 4-7)  10
TOTAL FM JUL 1  3760    CLOUDY (SCALE 8-10)  4
DPTR FM NORMAL  -703

[CDD (BASE 65) ]
TOTAL THIS MO.     6
DPTR FM NORMAL     6    [PRESSURE DATA]
TOTAL FM JAN 1     6    HIGHEST SLP M ON M
DPTR FM NORMAL     6    LOWEST  SLP 29.58 ON 22

[REMARKS]
