000
CXUS55 KPUB 301059
CF6SPD
PRELIMINARY LOCAL CLIMATOLOGICAL DATA (WS FORM: F-6)

                                          STATION:   SPRINGFIELD CO
                                          MONTH:     JUNE
                                          YEAR:      2015
                                          LATITUDE:   37 16 N
                                          LONGITUDE: 102 37 W

  TEMPERATURE IN F:       :PCPN:    SNOW:  WIND      :SUNSHINE: SKY     :PK WND
================================================================================
1   2   3   4   5  6A  6B    7    8   9   10  11  12  13   14  15   16   17  18
                                     12Z  AVG MX 2MIN
DY MAX MIN AVG DEP HDD CDD  WTR  SNW DPTH SPD SPD DIR MIN PSBL S-S WX    SPD DR
================================================================================

 1  85  55  70   3   0   5 0.00  0.0    0 10.2 24 180   M    M   0        29 180
 2  89  52  71   4   0   6 0.00  0.0    0 10.3 23 180   M    M   0        28 180
 3  82  55  69   2   0   4 0.00  0.0    0 13.6 26 320   M    M   0        32 320
 4  90  61  76   8   0  11 0.00  0.0    0 11.9 33 160   M    M   0        41 160
 5  85  63  74   6   0   9 0.00  0.0    0 13.1 29 300   M    M   0        36 300
 6  87  62  75   7   0  10 0.03  0.0    0 14.9 29 180   M    M   0 3      39 180
 7  85  51  68  -1   0   3 0.11  0.0    0 10.8 32 290   M    M   0 3      43 290
 8  82  51  67  -2   0   2 0.00  0.0    0  7.4 18 340   M    M   0        22 340
 9  89  56  73   4   0   8 0.00  0.0    0  6.2 17 160   M    M   0        21 160
10  89  60  75   5   0  10 0.00  0.0    0 14.6 35 190   M    M   0        40 200
11  87  57  72   2   0   7 0.51  0.0    0 14.9 38 330   M    M   0        45 300
12  73  57  65  -5   0   0 0.01  0.0    0  8.3 21  30   M    M   0        26  40
13  83  57  70  -1   0   5 0.00  0.0    0  9.3 17 190   M    M   0        21 190
14  76  56  66  -5   0   1 0.00  0.0    0  6.4 15 140   M    M   0        19 110
15  82  54  68  -3   0   3 0.00  0.0    0  7.2 14 120   M    M   0        19 110
16  83  54  69  -3   0   4 0.00  0.0    0 13.3 23 180   M    M   0        34 190
17  89  55  72   0   0   7 0.00  0.0    0  9.2 20 310   M    M   0        24 330
18  93  59  76   4   0  11 0.01  0.0    0 10.0 29 160   M    M   0        35 160
19  94  54  74   2   0   9 0.00  0.0    0 13.8 26 190   M    M   0        32 190
20  96  63  80   7   0  15 0.00  0.0    0 10.5 22  10   M    M   0        28 350
21 100  57  79   6   0  14 0.00  0.0    0 11.5 25 190   M    M   0        32 180
22 100  69  85  12   0  20 0.00  0.0    0 13.9 24  10   M    M   0        32 210
23  93  62  78   4   0  13 0.00  0.0    0 15.7 29 190   M    M   0        36 190
24  93  68  81   7   0  16 0.00  0.0    0 19.4 31 220   M    M   0        41 220
25  96  58  77   3   0  12 0.19  0.0    0 10.4 48 330   M    M   0        56 330
26  82  58  70  -4   0   5 0.00  0.0    0 12.1 30  10   M    M   0        38 350
27  86  54  70  -4   0   5 0.00  0.0    0  8.0 15 190   M    M   0        20 150
28  94  61  78   3   0  13 0.00  0.0    0 11.0 25 340   M    M   0        34 340
29  86  58  72  -3   0   7 0.00  0.0    0  6.9 18  50   M    M   0        22  50
================================================================================
SM 2549 1677         0 235  0.86     0.0 324.8          M        0
================================================================================
AV 87.9 57.8                              11.2 FASTST   M    M   0    MAX(MPH)
                                 MISC ---->  # 48 330               # 56  330
================================================================================
NOTES:
# LAST OF SEVERAL OCCURRENCES

COLUMN 17 PEAK WIND IN M.P.H.

PRELIMINARY LOCAL CLIMATOLOGICAL DATA (WS FORM: F-6) , PAGE 2

                                          STATION:  SPRINGFIELD CO
                                          MONTH:    JUNE
                                          YEAR:     2015
                                          LATITUDE:   37 16 N
                                          LONGITUDE: 102 37 W

[TEMPERATURE DATA]      [PRECIPITATION DATA]       SYMBOLS USED IN COLUMN 16

AVERAGE MONTHLY: 72.9   TOTAL FOR MONTH:   0.86    1 = FOG OR MIST
DPTR FM NORMAL:   1.8   DPTR FM NORMAL:   -1.55    2 = FOG REDUCING VISIBILITY
HIGHEST:   100 ON 22,21 GRTST 24HR  0.52 ON 11-12      TO 1/4 MILE OR LESS
LOWEST:     51 ON  8, 7                            3 = THUNDER
                        SNOW, ICE PELLETS, HAIL    4 = ICE PELLETS
                        TOTAL MONTH:   0.0 INCH    5 = HAIL
                        GRTST 24HR     0.0         6 = FREEZING RAIN OR DRIZZLE
                        GRTST DEPTH:   0           7 = DUSTSTORM OR SANDSTORM:
                                                       VSBY 1/2 MILE OR LESS
                                                   8 = SMOKE OR HAZE
[NO. OF DAYS WITH]      [WEATHER - DAYS WITH]      9 = BLOWING SNOW
                                                   X = TORNADO
MAX 32 OR BELOW:   0    0.01 INCH OR MORE:   6
MAX 90 OR ABOVE:  10    0.10 INCH OR MORE:   3
MIN 32 OR BELOW:   0    0.50 INCH OR MORE:   1
MIN  0 OR BELOW:   0    1.00 INCH OR MORE:   0

[HDD (BASE 65) ]
TOTAL THIS MO.     0    CLEAR  (SCALE 0-3)  29
DPTR FM NORMAL   -19    PTCLDY (SCALE 4-7)   0
TOTAL FM JUL 1  5128    CLOUDY (SCALE 8-10)  0
DPTR FM NORMAL  -153

[CDD (BASE 65) ]
TOTAL THIS MO.   235
DPTR FM NORMAL    35    [PRESSURE DATA]
TOTAL FM JAN 1   236    HIGHEST SLP M ON M
DPTR FM NORMAL   -18    LOWEST  SLP 29.65 ON 11

[REMARKS]
