000
CXUS55 KPUB 231059
CF6SPD
PRELIMINARY LOCAL CLIMATOLOGICAL DATA (WS FORM: F-6)

                                          STATION:   SPRINGFIELD CO
                                          MONTH:     SEPTEMBER
                                          YEAR:      2014
                                          LATITUDE:   37 16 N
                                          LONGITUDE: 102 37 W

  TEMPERATURE IN F:       :PCPN:    SNOW:  WIND      :SUNSHINE: SKY     :PK WND
================================================================================
1   2   3   4   5  6A  6B    7    8   9   10  11  12  13   14  15   16   17  18
                                     12Z  AVG MX 2MIN
DY MAX MIN AVG DEP HDD CDD  WTR  SNW DPTH SPD SPD DIR MIN PSBL S-S WX    SPD DR
================================================================================

 1  85  53  69  -2   0   4 0.00  0.0    0  9.5 17 130   M    M   0        21 140
 2  85  58  72   1   0   7 0.00  0.0    0  9.3 20 140   M    M   0        26 150
 3  99  65  82  11   0  17 0.00  0.0    0 19.6 33 190   M    M   0        44 190
 4  95  62  79   9   0  14 0.25  0.0    0 13.3 32 330   M    M   0        39 340
 5  65  50  58 -12   7   0 0.82  0.0    0 11.9 20  20   M    M   0        24  10
 6  70  52  61  -9   4   0 0.00  0.0    0  6.3 13 130   M    M   0        15 140
 7  79  54  67  -2   0   2 0.00  0.0    0 14.9 24 190   M    M   0        31 200
 8  90  55  73   4   0   8 0.00  0.0    0  8.6 21 200   M    M   0        25 200
 9  93  60  77   8   0  12 0.00  0.0    0 12.4 25 350   M    M   0        32 320
10  75  53  64  -4   1   0 0.00  0.0    0 11.5 24 360   M    M   0        30 360
11  70  48  59  -9   6   0 0.06  0.0    0 16.1 32 130   M    M   0        38 130
12  48  37  43 -25  22   0 0.08  0.0    0 13.9 26  20   M    M   0        34  20
13  74  41  58  -9   7   0 0.00  0.0    0 16.2 28 180   M    M   0        34 180
14  85  48  67   0   0   2 0.00  0.0    0 10.3 24 190   M    M   0        30 190
15  61  50  56 -10   9   0 0.00  0.0    0 10.6 29 360   M    M   0        34  10
16  87  51  69   3   0   4 0.00  0.0    0  9.7 21 190   M    M   0        26 200
17  87  53  70   4   0   5 0.00  0.0    0  5.9 14 180   M    M   0        16 170
18  85  52  69   4   0   4 0.00  0.0    0 10.8 24 160   M    M   0        30 150
19  84  59  72   7   0   7 0.00  0.0    0 17.1 25 180   M    M   0        35 190
20  89  58  74  10   0   9 0.00  0.0    0 11.1 23 350   M    M   0        28 350
21  79  53  66   2   0   1 0.00  0.0    0 10.0 18 120   M    M   0        23  70
22  77  51  64   0   1   0 0.00  0.0    0 19.0 31 190   M    M   0        37 180
================================================================================
SM 1762 1163        57  96  1.21     0.0 268.0          M        0
================================================================================
AV 80.1 52.9                              12.2 FASTST   M    M   0    MAX(MPH)
                                 MISC ---->  # 33 190               # 44  190
================================================================================
NOTES:
# LAST OF SEVERAL OCCURRENCES

COLUMN 17 PEAK WIND IN M.P.H.

PRELIMINARY LOCAL CLIMATOLOGICAL DATA (WS FORM: F-6) , PAGE 2

                                          STATION:  SPRINGFIELD CO
                                          MONTH:    SEPTEMBER
                                          YEAR:     2014
                                          LATITUDE:   37 16 N
                                          LONGITUDE: 102 37 W

[TEMPERATURE DATA]      [PRECIPITATION DATA]       SYMBOLS USED IN COLUMN 16

AVERAGE MONTHLY: 66.5   TOTAL FOR MONTH:   1.21    1 = FOG OR MIST
DPTR FM NORMAL:  -1.2   DPTR FM NORMAL:    0.18    2 = FOG REDUCING VISIBILITY
HIGHEST:    99 ON  3    GRTST 24HR  1.07 ON  4- 5      TO 1/4 MILE OR LESS
LOWEST:     37 ON 12                               3 = THUNDER
                        SNOW, ICE PELLETS, HAIL    4 = ICE PELLETS
                        TOTAL MONTH:   0.0 INCH    5 = HAIL
                        GRTST 24HR     0.0         6 = FREEZING RAIN OR DRIZZLE
                        GRTST DEPTH:   0           7 = DUSTSTORM OR SANDSTORM:
                                                       VSBY 1/2 MILE OR LESS
                                                   8 = SMOKE OR HAZE
[NO. OF DAYS WITH]      [WEATHER - DAYS WITH]      9 = BLOWING SNOW
                                                   X = TORNADO
MAX 32 OR BELOW:   0    0.01 INCH OR MORE:   4
MAX 90 OR ABOVE:   4    0.10 INCH OR MORE:   2
MIN 32 OR BELOW:   0    0.50 INCH OR MORE:   1
MIN  0 OR BELOW:   0    1.00 INCH OR MORE:   0

[HDD (BASE 65) ]
TOTAL THIS MO.    57    CLEAR  (SCALE 0-3)  22
DPTR FM NORMAL    15    PTCLDY (SCALE 4-7)   0
TOTAL FM JUL 1    63    CLOUDY (SCALE 8-10)  0
DPTR FM NORMAL    14

[CDD (BASE 65) ]
TOTAL THIS MO.    96
DPTR FM NORMAL    -6    [PRESSURE DATA]
TOTAL FM JAN 1  1011    HIGHEST SLP M ON M
DPTR FM NORMAL     8    LOWEST  SLP 29.74 ON  9

[REMARKS]
