000
CXUS55 KTBW 221000
CF6SPG
PRELIMINARY LOCAL CLIMATOLOGICAL DATA (WS FORM: F-6)

                                          STATION:   Saint Petersburg
                                          MONTH:     OCTOBER
                                          YEAR:      2017
                                          LATITUDE:   27 46 N
                                          LONGITUDE:  82 38 W

  TEMPERATURE IN F:       :PCPN:    SNOW:  WIND      :SUNSHINE: SKY     :PK WND
================================================================================
1   2   3   4   5  6A  6B    7    8   9   10  11  12  13   14  15   16   17  18
                                     12Z  AVG MX 2MIN
DY MAX MIN AVG DEP HDD CDD  WTR  SNW DPTH SPD SPD DIR MIN PSBL S-S WX    SPD DR
================================================================================

 1  91  77  84   4   0  19 0.00  0.0    0 13.5 25  90   M    M   4 3      29  90
 2  86  78  82   2   0  17 0.00  0.0    0 20.8 26  80   M    M   7        30  80
 3  84  77  81   1   0  16    T  0.0    0 22.2 35  80   M    M   8 8      41  90
 4  85  77  81   1   0  16 0.00  0.0    0 21.8 35  70   M    M   5        42  80
 5  82  77  80   0   0  15 0.02  0.0    0 20.3 30  80   M    M   6 18     34  70
 6  86  77  82   2   0  17 0.38  0.0    0 10.3 33 140   M    M   5 13     40 140
 7  90  80  85   6   0  20    T  0.0    0 12.9 20 210   M    M   1        25 210
 8  91  79  85   6   0  20    T  0.0    0 12.1 21 210   M    M   2        26 210
 9  93  78  86   7   0  21 0.09  0.0    0  7.2 15 110   M    M   2 8      18 120
10  89  78  84   5   0  19 0.00  0.0    0 10.7 20 120   M    M   0        21 120
11  90  77  84   6   0  19 0.02  0.0    0 10.8 20 100   M    M   1        23 120
12  87  76  82   4   0  17 0.00  0.0    0 14.7 23  70   M    M   1        26  70
13  85  76  81   3   0  16 0.00  0.0    0 16.1 24  80   M    M   1 3      29  90
14  84  76  80   2   0  15    T  0.0    0 15.0 25  80   M    M   5        28  80
15  91  74  83   5   0  18 0.12  0.0    0  8.4 23  60   M    M   1 13     27  60
16  89  75  82   5   0  17 0.00  0.0    0  7.1 14  40   M    M   1        17 360
17  79  72  76  -1   0  11 0.06  0.0    0 17.1 30  60   M    M   6 13     35  60
18  80  69  75  -2   0  10 0.00  0.0    0 17.3 26  70   M    M   4        30  60
19  86  70  78   2   0  13 0.00  0.0    0 14.2 23  60   M    M   1        27  70
20  84  73  79   3   0  14 0.00  0.0    0 16.2 24  90   M    M   1        29  80
21  85  74  80   4   0  15 0.00  0.0    0 16.8 24  90   M    M   1        28  90
================================================================================
SM 1817 1590         0 345  0.69     0.0 305.5          M       63
================================================================================
AV 86.5 75.7                              14.5 FASTST   M    M   3    MAX(MPH)
                                 MISC ---->  # 35  80               # 42   80
================================================================================
NOTES:
# LAST OF SEVERAL OCCURRENCES

COLUMN 17 PEAK WIND IN M.P.H.

PRELIMINARY LOCAL CLIMATOLOGICAL DATA (WS FORM: F-6) , PAGE 2

                                          STATION:  Saint Petersburg
                                          MONTH:    OCTOBER
                                          YEAR:     2017
                                          LATITUDE:   27 46 N
                                          LONGITUDE:  82 38 W

[TEMPERATURE DATA]      [PRECIPITATION DATA]       SYMBOLS USED IN COLUMN 16

AVERAGE MONTHLY: 81.1   TOTAL FOR MONTH:   0.69    1 = FOG OR MIST
DPTR FM NORMAL:   2.8   DPTR FM NORMAL:   -1.42    2 = FOG REDUCING VISIBILITY
HIGHEST:    93 ON  9    GRTST 24HR  0.38 ON  6- 6      TO 1/4 MILE OR LESS
LOWEST:     69 ON 18                               3 = THUNDER
                        SNOW, ICE PELLETS, HAIL    4 = ICE PELLETS
                        TOTAL MONTH:   0.0 INCH    5 = HAIL
                        GRTST 24HR     0.0         6 = FREEZING RAIN OR DRIZZLE
                        GRTST DEPTH:   0           7 = DUSTSTORM OR SANDSTORM:
                                                       VSBY 1/2 MILE OR LESS
                                                   8 = SMOKE OR HAZE
[NO. OF DAYS WITH]      [WEATHER - DAYS WITH]      9 = BLOWING SNOW
                                                   X = TORNADO
MAX 32 OR BELOW:   0    0.01 INCH OR MORE:   6
MAX 90 OR ABOVE:   6    0.10 INCH OR MORE:   2
MIN 32 OR BELOW:   0    0.50 INCH OR MORE:   0
MIN  0 OR BELOW:   0    1.00 INCH OR MORE:   0

[HDD (BASE 65) ]
TOTAL THIS MO.     0    CLEAR  (SCALE 0-3)  12
DPTR FM NORMAL     0    PTCLDY (SCALE 4-7)   8
TOTAL FM JUL 1     0    CLOUDY (SCALE 8-10)  1
DPTR FM NORMAL     0

[CDD (BASE 65) ]
TOTAL THIS MO.   345
DPTR FM NORMAL    64    [PRESSURE DATA]
TOTAL FM JAN 1  3873    HIGHEST SLP M ON M
DPTR FM NORMAL   459    LOWEST  SLP 29.83 ON  5

[REMARKS]
