000
CXUS55 KTBW 291000
CF6SRQ
PRELIMINARY LOCAL CLIMATOLOGICAL DATA (WS FORM: F-6)

                                          STATION:   Sarasota Bradenton
                                          MONTH:     MAY
                                          YEAR:      2016
                                          LATITUDE:   27 23 N
                                          LONGITUDE:  82 33 W

  TEMPERATURE IN F:       :PCPN:    SNOW:  WIND      :SUNSHINE: SKY     :PK WND
================================================================================
1   2   3   4   5  6A  6B    7    8   9   10  11  12  13   14  15   16   17  18
                                     12Z  AVG MX 2MIN
DY MAX MIN AVG DEP HDD CDD  WTR  SNW DPTH SPD SPD DIR MIN PSBL S-S WX    SPD DR
================================================================================

 1  89  69  79   5   0  14 0.00  0.0    0  8.4 18 120   M    M   1        22 110
 2  88  70  79   5   0  14 0.00  0.0    0 10.0 18 200   M    M   3        22 200
 3  87  75  81   7   0  16 0.00  0.0    0  8.2 15 240   M    M   5 1      20 220
 4  80  69  75   1   0  10 3.40  0.0    0 10.6 23  10   M    M   6 13     30  10
 5  83  69  76   2   0  11 0.00  0.0    0 13.3 22 290   M    M   1        27 320
 6  78  61  70  -5   0   5 0.00  0.0    0  9.8 21 300   M    M   1        30 290
 7  81  58  70  -5   0   5 0.00  0.0    0  6.7 18 310   M    M   0        24 310
 8  84  57  71  -4   0   6 0.00  0.0    0  5.3 13 240   M    M   0        15 230
 9  83  61  72  -3   0   7 0.00  0.0    0  6.5 15 120   M    M   0        22 110
10  86  65  76   1   0  11 0.00  0.0    0  7.3 15 120   M    M   1        20 110
11  87  71  79   3   0  14 0.00  0.0    0  8.0 13 280   M    M   2        25 260
12  88  70  79   3   0  14 0.00  0.0    0  6.3 14 260   M    M   0        17 270
13  86  70  78   2   0  13 0.00  0.0    0  7.0 15 260   M    M   2 1      18 270
14  87  71  79   3   0  14 0.00  0.0    0  8.4 16 280   M    M   1        20 280
15  88  65  77   1   0  12 0.00  0.0    0  5.9 17 280   M    M   0        23 270
16  89  70  80   4   0  15 0.00  0.0    0  7.2 15 220   M    M   1        18 210
17  89  72  81   4   0  16 1.24  0.0    0 11.3 24 310   M    M   5 1238   34 310
18  88  73  81   4   0  16 0.06  0.0    0  6.8 18 210   M    M   5 38     22 220
19  88  74  81   4   0  16    T  0.0    0  8.0 16 210   M    M   3        21 210
20  91  74  83   6   0  18 0.06  0.0    0  8.0 28 310   M    M   2        36 310
21  88  74  81   4   0  16 0.01  0.0    0  8.0 16 280   M    M   1        20 290
22  88  76  82   4   0  17 0.00  0.0    0  9.9 17 300   M    M   2        21 280
23  87  75  81   3   0  16    T  0.0    0  5.8 13 270   M    M   0        17 280
24  90  66  78   0   0  13 0.00  0.0    0  5.8 15 270   M    M   0        18 280
25  94  72  83   5   0  18 0.00  0.0    0 10.1 18 110   M    M   2        22 110
26  91  67  79   1   0  14 0.00  0.0    0  9.2 18  60   M    M   1        24  50
27  91  67  79   1   0  14 0.00  0.0    0  8.5 17 100   M    M   3        22 100
28  89  73  81   3   0  16    T  0.0    0  6.7 16 300   M    M   2        22 300
================================================================================
SM 2438 1934         0 371  4.77     0.0 227.0          M       50
================================================================================
AV 87.1 69.1                               8.1 FASTST   M    M   2    MAX(MPH)
                                 MISC ---->  # 28 310               # 36  310
================================================================================
NOTES:
# LAST OF SEVERAL OCCURRENCES

COLUMN 17 PEAK WIND IN M.P.H.

PRELIMINARY LOCAL CLIMATOLOGICAL DATA (WS FORM: F-6) , PAGE 2

                                          STATION:  Sarasota Bradenton
                                          MONTH:    MAY
                                          YEAR:     2016
                                          LATITUDE:   27 23 N
                                          LONGITUDE:  82 33 W

[TEMPERATURE DATA]      [PRECIPITATION DATA]       SYMBOLS USED IN COLUMN 16

AVERAGE MONTHLY: 78.1   TOTAL FOR MONTH:   4.77    1 = FOG OR MIST
DPTR FM NORMAL:   1.9   DPTR FM NORMAL:    2.88    2 = FOG REDUCING VISIBILITY
HIGHEST:    94 ON 25    GRTST 24HR  3.40 ON  4- 4      TO 1/4 MILE OR LESS
LOWEST:     57 ON  8                               3 = THUNDER
                        SNOW, ICE PELLETS, HAIL    4 = ICE PELLETS
                        TOTAL MONTH:   0.0 INCH    5 = HAIL
                        GRTST 24HR     0.0         6 = FREEZING RAIN OR DRIZZLE
                        GRTST DEPTH:   0           7 = DUSTSTORM OR SANDSTORM:
                                                       VSBY 1/2 MILE OR LESS
                                                   8 = SMOKE OR HAZE
[NO. OF DAYS WITH]      [WEATHER - DAYS WITH]      9 = BLOWING SNOW
                                                   X = TORNADO
MAX 32 OR BELOW:   0    0.01 INCH OR MORE:   5
MAX 90 OR ABOVE:   5    0.10 INCH OR MORE:   2
MIN 32 OR BELOW:   0    0.50 INCH OR MORE:   2
MIN  0 OR BELOW:   0    1.00 INCH OR MORE:   2

[HDD (BASE 65) ]
TOTAL THIS MO.     0    CLEAR  (SCALE 0-3)  23
DPTR FM NORMAL     0    PTCLDY (SCALE 4-7)   5
TOTAL FM JUL 1   320    CLOUDY (SCALE 8-10)  0
DPTR FM NORMAL  -157

[CDD (BASE 65) ]
TOTAL THIS MO.   371
DPTR FM NORMAL    58    [PRESSURE DATA]
TOTAL FM JAN 1   917    HIGHEST SLP M ON M
DPTR FM NORMAL   207    LOWEST  SLP 29.63 ON  4

[REMARKS]
