000
CXUS56 KMTR 251000
CF6STS
PRELIMINARY LOCAL CLIMATOLOGICAL DATA (WS FORM: F-6)

                                          STATION:   SANTA ROSA AIRPORT
                                          MONTH:     SEPTEMBER
                                          YEAR:      2016
                                          LATITUDE:   38 30 N
                                          LONGITUDE: 122 49 W

  TEMPERATURE IN F:       :PCPN:    SNOW:  WIND      :SUNSHINE: SKY     :PK WND
================================================================================
1   2   3   4   5  6A  6B    7    8   9   10  11  12  13   14  15   16   17  18
                                     12Z  AVG MX 2MIN
DY MAX MIN AVG DEP HDD CDD  WTR  SNW DPTH SPD SPD DIR MIN PSBL S-S WX    SPD DR
================================================================================

 1  83  53  68   0   0   3 0.00  0.0    0  4.2 14 180   M    M   4 128    17 180
 2  88  49  69   1   0   4 0.00  0.0    0  4.0 14 140   M    M   1 1      18 160
 3  83  47  65  -2   0   0 0.00  0.0    0  4.6 16 140   M    M   1        20 150
 4  85  42  64  -3   1   0 0.00  0.0    0  4.0 14 140   M    M   1 1      18 140
 5  82  46  64  -3   1   0 0.00  0.0    0  3.8 15 140   M    M   0        18 150
 6  91  46  69   2   0   4 0.00  0.0    0  2.6 14 190   M    M   0 8      16 190
 7  95  52  74   7   0   9 0.00  0.0    0  3.8 14 250   M    M   0        17 250
 8  73  53  63  -4   2   0 0.00  0.0    0  6.1 15 180   M    M   2        18 180
 9  77  53  65  -2   0   0 0.00  0.0    0  5.5 14 180   M    M   6 18     17 170
10  76  52  64  -3   1   0 0.00  0.0    0  5.3 15 140   M    M   5 18     18 160
11  69  53  61  -6   4   0 0.00  0.0    0  5.5 15 160   M    M   7 1      20 160
12  69  51  60  -7   5   0    T  0.0    0  4.6 15 180   M    M   7 1      21 190
13  76  52  64  -3   1   0 0.00  0.0    0  4.6 16 240   M    M   3        22 250
14  79  46  63  -4   2   0 0.00  0.0    0  4.3 13 190   M    M   0 8      18 180
15  79  47  63  -4   2   0 0.00  0.0    0  4.7 15 140   M    M   3 12     18 190
16  84  51  68   2   0   3 0.00  0.0    0  4.9 14 140   M    M   4 1      16 160
17  90  51  71   5   0   6 0.00  0.0    0  3.6 13 180   M    M   4 12     15 180
18  98  49  74   8   0   9 0.00  0.0    0  2.7 12 140   M    M   0        15 230
19  98  55  77  11   0  12 0.00  0.0    0  5.1 15 150   M    M   0        18 150
20  83  51  67   1   0   2 0.00  0.0    0  4.6 15 140   M    M   3 18     17 140
21  83  44  64  -2   1   0 0.00  0.0    0  7.0 24 330   M    M   1        29 360
22  79  49  64  -2   1   0 0.00    M    0  8.1 28 340   M    M   1        36 340
23  83  45  64  -1   1   0 0.00  0.0    0  5.8 16 320   M    M   1        19 320
24  91  52  72   7   0   7 0.00  0.0    0  3.3 14 180   M    M   0        17 200
================================================================================
SM 1994 1189        22  59    T      0.0 112.7          M       54
================================================================================
AV 83.1 49.5                               4.7 FASTST   M    M   2    MAX(MPH)
                                 MISC ---->  # 28 340               # 36  340
================================================================================
NOTES:
# LAST OF SEVERAL OCCURRENCES

COLUMN 17 PEAK WIND IN M.P.H.

PRELIMINARY LOCAL CLIMATOLOGICAL DATA (WS FORM: F-6) , PAGE 2

                                          STATION:  SANTA ROSA AIRPORT
                                          MONTH:    SEPTEMBER
                                          YEAR:     2016
                                          LATITUDE:   38 30 N
                                          LONGITUDE: 122 49 W

[TEMPERATURE DATA]      [PRECIPITATION DATA]       SYMBOLS USED IN COLUMN 16

AVERAGE MONTHLY: 66.3   TOTAL FOR MONTH:      T    1 = FOG OR MIST
DPTR FM NORMAL:  -0.3   DPTR FM NORMAL:   -0.18    2 = FOG REDUCING VISIBILITY
HIGHEST:    98 ON 19,18 GRTST 24HR    T  ON 12-12      TO 1/4 MILE OR LESS
LOWEST:     42 ON  4                               3 = THUNDER
                        SNOW, ICE PELLETS, HAIL    4 = ICE PELLETS
                        TOTAL MONTH:   0.0 INCH    5 = HAIL
                        GRTST 24HR     0.0         6 = FREEZING RAIN OR DRIZZLE
                        GRTST DEPTH:   0           7 = DUSTSTORM OR SANDSTORM:
                                                       VSBY 1/2 MILE OR LESS
                                                   8 = SMOKE OR HAZE
[NO. OF DAYS WITH]      [WEATHER - DAYS WITH]      9 = BLOWING SNOW
                                                   X = TORNADO
MAX 32 OR BELOW:   0    0.01 INCH OR MORE:   0
MAX 90 OR ABOVE:   6    0.10 INCH OR MORE:   0
MIN 32 OR BELOW:   0    0.50 INCH OR MORE:   0
MIN  0 OR BELOW:   0    1.00 INCH OR MORE:   0

[HDD (BASE 65) ]
TOTAL THIS MO.    22    CLEAR  (SCALE 0-3)  16
DPTR FM NORMAL    -6    PTCLDY (SCALE 4-7)   8
TOTAL FM JUL 1    34    CLOUDY (SCALE 8-10)  0
DPTR FM NORMAL   -32

[CDD (BASE 65) ]
TOTAL THIS MO.    59
DPTR FM NORMAL    -5    [PRESSURE DATA]
TOTAL FM JAN 1   320    HIGHEST SLP M ON M
DPTR FM NORMAL   -21    LOWEST  SLP 29.81 ON M

[REMARKS]
