000
CXUS54 KEPZ 281200
CF6SVC
PRELIMINARY LOCAL CLIMATOLOGICAL DATA (WS FORM: F-6)

                                          STATION:   SILVER CITY
                                          MONTH:     APRIL
                                          YEAR:      2017
                                          LATITUDE:   32 37 N
                                          LONGITUDE: 108 10 W

  TEMPERATURE IN F:       :PCPN:    SNOW:  WIND      :SUNSHINE: SKY     :PK WND
================================================================================
1   2   3   4   5  6A  6B    7    8   9   10  11  12  13   14  15   16   17  18
                                     12Z  AVG MX 2MIN
DY MAX MIN AVG DEP HDD CDD  WTR  SNW DPTH SPD SPD DIR MIN PSBL S-S WX    SPD DR
================================================================================

 1  55  35  45   M  20   0    T  0.0    0  7.0 15 290   M    M   8        22 310
 2  64  30  47   M  18   0 0.00  0.0    0 12.5 20 290   M    M   0        29 290
 3  68  38  53   M  12   0 0.00  0.0    0 14.3 23 270   M    M   0        35 250
 4  64  33  49   M  16   0 0.00  0.0    0 19.5 38 290   M    M   0        45 290
 5  64  31  48   M  17   0 0.00  0.0    0  6.6 15 350   M    M   0        18 150
 6  72  35  54   M  11   0 0.00  0.0    0  7.5 13 160   M    M   0        17 160
 7  78  37  58   M   7   0 0.00  0.0    0 10.2 18 280   M    M   0        25 270
 8  78  35  57   M   8   0 0.00  0.0    0 13.7 22 240   M    M   0        32 240
 9  68  40  54   M  11   0 0.00  0.0    0 14.3 23 280   M    M   0        32 300
10  71  28  50   M  15   0 0.00  0.0    0  7.8 15 330   M    M   0         M  M
11  75  37  56   M   9   0 0.00  0.0    0  8.6 14 160   M    M   0        18 160
12  79  43  61   M   4   0 0.00  0.0    0  7.6 15 280   M    M   0 8      23 170
13  78  37  58   M   7   0 0.00  0.0    0  5.5 10 210   M    M   0        17 220
14  78  41  60   M   5   0 0.00  0.0    0 10.4 14 260   M    M   0        23 240
15  77  41  59   M   6   0 0.00  0.0    0  9.6 13 250   M    M   0        22 250
16  77  43  60   M   5   0 0.00  0.0    0 11.4 16 280   M    M   0        21 300
17  79  46  63   M   2   0 0.00  0.0    0 11.3 20 280   M    M   0        24 280
18  81  46  64   M   1   0 0.00  0.0    0 11.9 18 270   M    M   0 8      30 280
19  79  44  62   M   3   0 0.00  0.0    0 13.9 24 310   M    M   0        29 270
20  80  43  62   M   3   0 0.00  0.0    0 11.0 21 300   M    M   0        28 300
21  81  38  60   M   5   0 0.00  0.0    0 10.7 23 280   M    M   0        32 280
22  75  42  59   M   6   0 0.00  0.0    0  8.6 15 160   M    M   0        20 160
23  75  41  58   M   7   0 0.00  0.0    0  8.5 17 140   M    M   0        22 130
24  81  40  61   M   4   0 0.00  0.0    0 15.6 30 280   M    M   0        44 280
25  72  50  61   M   4   0 0.00  0.0    0 21.4 37 280   M    M   1        47 280
26  71  39  55   M  10   0 0.00  0.0    0 12.3 30 280   M    M   0        36 280
27  77  50  64   M   1   0 0.00  0.0    0 16.3 31 290   M    M   0        41 270
================================================================================
SM 1997 1063       217   0    T      0.0 308.0          M        9
================================================================================
AV 74.0 39.4                              11.4 FASTST   M    M   0    MAX(MPH)
                                 MISC ---->  # 38 290               # 47  280
================================================================================
NOTES:
# LAST OF SEVERAL OCCURRENCES

COLUMN 17 PEAK WIND IN M.P.H.

PRELIMINARY LOCAL CLIMATOLOGICAL DATA (WS FORM: F-6) , PAGE 2

                                          STATION:  SILVER CITY
                                          MONTH:    APRIL
                                          YEAR:     2017
                                          LATITUDE:   32 37 N
                                          LONGITUDE: 108 10 W

[TEMPERATURE DATA]      [PRECIPITATION DATA]       SYMBOLS USED IN COLUMN 16

AVERAGE MONTHLY: 56.7   TOTAL FOR MONTH:      T    1 = FOG OR MIST
DPTR FM NORMAL:     M   DPTR FM NORMAL:       M    2 = FOG REDUCING VISIBILITY
HIGHEST:    81 ON 24,21 GRTST 24HR    T  ON  1- 1      TO 1/4 MILE OR LESS
LOWEST:     28 ON 10                               3 = THUNDER
                        SNOW, ICE PELLETS, HAIL    4 = ICE PELLETS
                        TOTAL MONTH:   0.0 INCH    5 = HAIL
                        GRTST 24HR     0.0         6 = FREEZING RAIN OR DRIZZLE
                        GRTST DEPTH:   0           7 = DUSTSTORM OR SANDSTORM:
                                                       VSBY 1/2 MILE OR LESS
                                                   8 = SMOKE OR HAZE
[NO. OF DAYS WITH]      [WEATHER - DAYS WITH]      9 = BLOWING SNOW
                                                   X = TORNADO
MAX 32 OR BELOW:   0    0.01 INCH OR MORE:   0
MAX 90 OR ABOVE:   0    0.10 INCH OR MORE:   0
MIN 32 OR BELOW:   3    0.50 INCH OR MORE:   0
MIN  0 OR BELOW:   0    1.00 INCH OR MORE:   0

[HDD (BASE 65) ]
TOTAL THIS MO.   217    CLEAR  (SCALE 0-3)  26
DPTR FM NORMAL     M    PTCLDY (SCALE 4-7)   1
TOTAL FM JUL 1  2856    CLOUDY (SCALE 8-10)  0
DPTR FM NORMAL     M

[CDD (BASE 65) ]
TOTAL THIS MO.     0
DPTR FM NORMAL     M    [PRESSURE DATA]
TOTAL FM JAN 1     0    HIGHEST SLP M ON M
DPTR FM NORMAL     M    LOWEST  SLP M ON M

[REMARKS]
