000
CXUS54 KOUN 200800
CF6SWO
PRELIMINARY LOCAL CLIMATOLOGICAL DATA (WS FORM: F-6)

                                          STATION:   STILLWATER
                                          MONTH:     OCTOBER
                                          YEAR:      2014
                                          LATITUDE:   36 10 N
                                          LONGITUDE:  97  5 W

  TEMPERATURE IN F:       :PCPN:    SNOW:  WIND      :SUNSHINE: SKY     :PK WND
================================================================================
1   2   3   4   5  6A  6B    7    8   9   10  11  12  13   14  15   16   17  18
                                     12Z  AVG MX 2MIN
DY MAX MIN AVG DEP HDD CDD  WTR  SNW DPTH SPD SPD DIR MIN PSBL S-S WX    SPD DR
================================================================================

 1  95  69  82  16   0  17 0.33  0.0    0 14.1 24 180   M    M   2 13     36 190
 2  82  54  68   2   0   3    T  0.0    0 12.5 24 350   M    M   3 138    33 170
 3  65  37  51 -15  14   0 0.00  0.0    0 10.1 28 360   M    M   0 1      38  10
 4  81  35  58  -7   7   0 0.00  0.0    0  6.3 20 260   M    M   0        24 220
 5  89  48  69   4   0   4 0.01    M    0  5.2 18  20   M    M   0 3      23  20
 6  86  48  67   3   0   2 0.00  0.0    0  4.6 15 200   M    M   0        19 180
 7  96  60  78  14   0  13 0.00  0.0    0  5.9 14  70   M    M   0 12     17  70
 8  92  69  81  17   0  16 0.00  0.0    0 12.0 20 160   M    M   0        25 150
 9  91  69  80  17   0  15 0.00  0.0    0 11.6 21 190   M    M   2        26 200
10  76  51  64   1   1   0 1.22  0.0    0 12.6 26  40   M    M  10 13     33  40
11  59  49  54  -9  11   0 0.04    M    0  8.7 18  10   M    M  10 1      26  10
12  73  49  61  -1   4   0 0.29    M    0 10.7 26 150   M    M   3 13     33 160
13  63  52  58  -4   7   0 1.27  0.0    0 11.1 29 360   M    M   8 13     36 350
14  72  45  59  -3   6   0 0.00  0.0    0 11.2 24 330   M    M   0        32 300
15  78  41  60  -1   5   0 0.00  0.0    0  2.8 10 250   M    M   0        13 250
16  90  49  70   9   0   5 0.00  0.0    0  8.2 23 220   M    M   0        31 200
17  80  51  66   5   0   1 0.00  0.0    0  8.6 15 340   M    M   0        19 350
18  73  48  61   1   4   0 0.00  0.0    0  7.4 13  10   M    M   0        21 280
19  76  47  62   2   3   0 0.00  0.0    0  6.7 15 160   M    M   1        19 210
================================================================================
SM 1517  971        62  76  3.16     0.0 170.3          M       39
================================================================================
AV 79.8 51.1                               9.0 FASTST   M    M   2    MAX(MPH)
                                 MISC ---->  # 29 360               # 38   10
================================================================================
NOTES:
# LAST OF SEVERAL OCCURRENCES

COLUMN 17 PEAK WIND IN M.P.H.

PRELIMINARY LOCAL CLIMATOLOGICAL DATA (WS FORM: F-6) , PAGE 2

                                          STATION:  STILLWATER
                                          MONTH:    OCTOBER
                                          YEAR:     2014
                                          LATITUDE:   36 10 N
                                          LONGITUDE:  97  5 W

[TEMPERATURE DATA]      [PRECIPITATION DATA]       SYMBOLS USED IN COLUMN 16

AVERAGE MONTHLY: 65.5   TOTAL FOR MONTH:   3.16    1 = FOG OR MIST
DPTR FM NORMAL:   2.4   DPTR FM NORMAL:    1.18    2 = FOG REDUCING VISIBILITY
HIGHEST:    96 ON  7    GRTST 24HR  1.56 ON 12-13      TO 1/4 MILE OR LESS
LOWEST:     35 ON  4                               3 = THUNDER
                        SNOW, ICE PELLETS, HAIL    4 = ICE PELLETS
                        TOTAL MONTH:   0.0 INCH    5 = HAIL
                        GRTST 24HR     0.0         6 = FREEZING RAIN OR DRIZZLE
                        GRTST DEPTH:   0           7 = DUSTSTORM OR SANDSTORM:
                                                       VSBY 1/2 MILE OR LESS
                                                   8 = SMOKE OR HAZE
[NO. OF DAYS WITH]      [WEATHER - DAYS WITH]      9 = BLOWING SNOW
                                                   X = TORNADO
MAX 32 OR BELOW:   0    0.01 INCH OR MORE:   6
MAX 90 OR ABOVE:   5    0.10 INCH OR MORE:   4
MIN 32 OR BELOW:   0    0.50 INCH OR MORE:   2
MIN  0 OR BELOW:   0    1.00 INCH OR MORE:   2

[HDD (BASE 65) ]
TOTAL THIS MO.    62    CLEAR  (SCALE 0-3)  16
DPTR FM NORMAL   -22    PTCLDY (SCALE 4-7)   0
TOTAL FM JUL 1    79    CLOUDY (SCALE 8-10)  3
DPTR FM NORMAL   -29

[CDD (BASE 65) ]
TOTAL THIS MO.    76
DPTR FM NORMAL    30    [PRESSURE DATA]
TOTAL FM JAN 1  2033    HIGHEST SLP M ON M
DPTR FM NORMAL   141    LOWEST  SLP 29.47 ON 13

[REMARKS]
