000
CXUS54 KEWX 250910
CF6T82
PRELIMINARY LOCAL CLIMATOLOGICAL DATA (WS FORM: F-6)

                                          STATION:   FREDERICKSBURG
                                          MONTH:     DECEMBER
                                          YEAR:      2014
                                          LATITUDE:   30 15 N
                                          LONGITUDE:  98 55 W

  TEMPERATURE IN F:       :PCPN:    SNOW:  WIND      :SUNSHINE: SKY     :PK WND
================================================================================
1   2   3   4   5  6A  6B    7    8   9   10  11  12  13   14  15   16   17  18
                                     12Z  AVG MX 2MIN
DY MAX MIN AVG DEP HDD CDD  WTR  SNW DPTH SPD SPD DIR MIN PSBL S-S WX    SPD DR
================================================================================

 1  66  37  52   M  13   0 0.00    M    M  8.2 16 360   M    M   8 1      20  10
 2  52  36  44   M  21   0 0.00    M    M  4.7 13 350   M    M  10         M  M
 3  59  46  53   M  12   0 0.00    M    M  6.1 10 220   M    M  10 1       M  M
 4  68  56  62   M   3   0 0.00    M    M  5.3 14 200   M    M  10 1      16 160
 5  72  62  67   M   0   2 0.00    M    M  7.8 13 220   M    M   9 1      17 190
 6  66  43  55   M  10   0 0.00    M    M  4.5 12  20   M    M   4 12     16 360
 7  58  39  49   M  16   0 0.00    M    M  3.4  8  40   M    M   7         M  M
 8  66  40  53   M  12   0 0.00    M    M  3.1 13 350   M    M   6 12     22 350
 9  69  36  53   M  12   0 0.00    M    M  1.1  6 160   M    M   0 1       M  M
10  62  51  57   M   8   0 0.00    M    M  3.7 14 200   M    M   8        18 200
11  59  56  58   M   7   0 0.07    M    M  3.1  8 170   M    M  10 1       M  M
12  66  53  60   M   5   0 0.00    M    M  5.4 13 190   M    M  10 1      18 190
13  68  54  61   M   4   0 0.00    M    M  6.4 15 200   M    M   8        20 200
14  65  58  62   M   3   0 0.00    M    M  8.5 15 200   M    M   8        23 190
15  68  38  53   M  12   0 0.00    M    M  3.9 10 330   M    M   4 12      M  M
16  61  32  47   M  18   0 0.00    M    M  3.5 10  40   M    M   1        17  50
17  52  44  48   M  17   0 0.04    M    M  3.1  7 100   M    M  10 13      M  M
18  67  49  58   M   7   0 0.01    M    M  1.2  6 110   M    M   9 12      M  M
19  60  46  53   M  12   0 0.00    M    M  6.4 10  30   M    M  10 1       M  M
20  55  44  50   M  15   0 0.00    M    M  5.1 12  20   M    M   8         M  M
21  52  42  47   M  18   0 0.00    M    M  7.0 15 210   M    M   8        21 210
22  75  48  62   M   3   0 0.00    M    M 10.6 17 270   M    M   6 1      23 310
23  58  42  50   M  15   0 0.05    M    M  8.5 23 350   M    M   6        29 350
24  52  36  44   M  21   0 0.00  0.0    0 10.7 18 320   M    M   3        28 340
================================================================================
SM 1496 1088       264   2  0.17     0.0 131.3          M      173
================================================================================
AV 62.3 45.3                               5.5 FASTST   M    M   7    MAX(MPH)
                                 MISC ---->  # 23 350                 29    M
================================================================================
NOTES:
# LAST OF SEVERAL OCCURRENCES

COLUMN 17 PEAK WIND IN M.P.H.

PRELIMINARY LOCAL CLIMATOLOGICAL DATA (WS FORM: F-6) , PAGE 2

                                          STATION:  FREDERICKSBURG
                                          MONTH:    DECEMBER
                                          YEAR:     2014
                                          LATITUDE:   30 15 N
                                          LONGITUDE:  98 55 W

[TEMPERATURE DATA]      [PRECIPITATION DATA]       SYMBOLS USED IN COLUMN 16

AVERAGE MONTHLY: 53.8   TOTAL FOR MONTH:   0.17    1 = FOG OR MIST
DPTR FM NORMAL:     M   DPTR FM NORMAL:       M    2 = FOG REDUCING VISIBILITY
HIGHEST:    75 ON 22    GRTST 24HR  0.07 ON 11-11      TO 1/4 MILE OR LESS
LOWEST:     32 ON 16                               3 = THUNDER
                        SNOW, ICE PELLETS, HAIL    4 = ICE PELLETS
                        TOTAL MONTH:   0.0 INCH    5 = HAIL
                        GRTST 24HR     0.0         6 = FREEZING RAIN OR DRIZZLE
                        GRTST DEPTH:   0           7 = DUSTSTORM OR SANDSTORM:
                                                       VSBY 1/2 MILE OR LESS
                                                   8 = SMOKE OR HAZE
[NO. OF DAYS WITH]      [WEATHER - DAYS WITH]      9 = BLOWING SNOW
                                                   X = TORNADO
MAX 32 OR BELOW:   0    0.01 INCH OR MORE:   4
MAX 90 OR ABOVE:   0    0.10 INCH OR MORE:   0
MIN 32 OR BELOW:   1    0.50 INCH OR MORE:   0
MIN  0 OR BELOW:   0    1.00 INCH OR MORE:   0

[HDD (BASE 65) ]
TOTAL THIS MO.   264    CLEAR  (SCALE 0-3)   2
DPTR FM NORMAL     M    PTCLDY (SCALE 4-7)  10
TOTAL FM JUL 1   650    CLOUDY (SCALE 8-10) 12
DPTR FM NORMAL     M

[CDD (BASE 65) ]
TOTAL THIS MO.     2
DPTR FM NORMAL     M    [PRESSURE DATA]
TOTAL FM JAN 1  2380    HIGHEST SLP M ON M
DPTR FM NORMAL     M    LOWEST  SLP M ON M

[REMARKS]
