000
CXUS54 KEWX 250910
CF6T82
PRELIMINARY LOCAL CLIMATOLOGICAL DATA (WS FORM: F-6)

                                          STATION:   FREDERICKSBURG
                                          MONTH:     JULY
                                          YEAR:      2016
                                          LATITUDE:   30 15 N
                                          LONGITUDE:  98 55 W

  TEMPERATURE IN F:       :PCPN:    SNOW:  WIND      :SUNSHINE: SKY     :PK WND
================================================================================
1   2   3   4   5  6A  6B    7    8   9   10  11  12  13   14  15   16   17  18
                                     12Z  AVG MX 2MIN
DY MAX MIN AVG DEP HDD CDD  WTR  SNW DPTH SPD SPD DIR MIN PSBL S-S WX    SPD DR
================================================================================

 1  92  65  79   M   0  14 0.00  0.0    0  3.0  8 140   M    M   1         M  M
 2  93  71  82   M   0  17 0.00  0.0    0  6.3 15 190   M    M   2        23 170
 3  94  75  85   M   0  20 0.00  0.0    0  9.9 15 200   M    M   5        22 190
 4  96  76  86   M   0  21 0.00  0.0    0  9.3 17 190   M    M   4        18 190
 5  97  75  86   M   0  21 0.00  0.0    0  9.2 21 210   M    M   3        28 210
 6  95  75  85   M   0  20 0.00  0.0    0 11.1 17 200   M    M   5        25 170
 7  95  74  85   M   0  20 0.00  0.0    0 11.9 20 200   M    M   4        25 190
 8  94  74  84   M   0  19 0.00  0.0    0  9.8 14 170   M    M   4        21 140
 9  94  74  84   M   0  19 0.00    M    0  7.8 14 160   M    M   4        20 160
10  93  76  85   M   0  20 0.00  0.0    0  7.9 13 190   M    M   5        20 160
11  95  75  85   M   0  20 0.00  0.0    0 10.3 15 190   M    M   4        23 200
12  94  73  84   M   0  19 0.00    M    0 11.6 17 170   M    M   4        27 180
13  96  74  85   M   0  20 0.00    M    0 11.2 17 180   M    M   3        24 190
14  96  73  85   M   0  20 0.00  0.0    0 10.1 17 200   M    M   2        21 200
15  96  74  85   M   0  20 0.00  0.0    0  9.0 14 200   M    M   3        21 190
16  94  67  81   M   0  16 0.00  0.0    0  6.3 15 220   M    M   0        16 190
17  94  70  82   M   0  17 0.00  0.0    0  7.4 13 180   M    M   1        18 180
18  94  71  83   M   0  18 0.00  0.0    0  6.1 10 160   M    M   3         M  M
19  94  69  82   M   0  17 0.00  0.0    0  4.7 10 160   M    M   2        16 160
20  94  71  83   M   0  18 0.00  0.0    0  5.2 10 180   M    M   2        18 190
21  96  71  84   M   0  19 0.00  0.0    0  5.7 10 180   M    M   0        17 180
22  96  69  83   M   0  18 0.00  0.0    0  3.7  9 200   M    M   0         M  M
23  96  71  84   M   0  19 0.00  0.0    0  4.8 12 170   M    M   0        16 170
24  97  73  85   M   0  20 0.00  0.0    0  5.2 10 130   M    M   2         M  M
================================================================================
SM 2275 1736         0 452  0.00     0.0 187.5          M       63
================================================================================
AV 94.8 72.3                               7.8 FASTST   M    M   3    MAX(MPH)
                                 MISC ---->    21   M                 28    M
================================================================================
NOTES:
# LAST OF SEVERAL OCCURRENCES

COLUMN 17 PEAK WIND IN M.P.H.

PRELIMINARY LOCAL CLIMATOLOGICAL DATA (WS FORM: F-6) , PAGE 2

                                          STATION:  FREDERICKSBURG
                                          MONTH:    JULY
                                          YEAR:     2016
                                          LATITUDE:   30 15 N
                                          LONGITUDE:  98 55 W

[TEMPERATURE DATA]      [PRECIPITATION DATA]       SYMBOLS USED IN COLUMN 16

AVERAGE MONTHLY: 83.6   TOTAL FOR MONTH:   0.00    1 = FOG OR MIST
DPTR FM NORMAL:     M   DPTR FM NORMAL:       M    2 = FOG REDUCING VISIBILITY
HIGHEST:    97 ON 24, 5 GRTST 24HR  0.00 ON 24-24      TO 1/4 MILE OR LESS
LOWEST:     65 ON  1                               3 = THUNDER
                        SNOW, ICE PELLETS, HAIL    4 = ICE PELLETS
                        TOTAL MONTH:   0.0 INCH    5 = HAIL
                        GRTST 24HR     0.0         6 = FREEZING RAIN OR DRIZZLE
                        GRTST DEPTH:   0           7 = DUSTSTORM OR SANDSTORM:
                                                       VSBY 1/2 MILE OR LESS
                                                   8 = SMOKE OR HAZE
[NO. OF DAYS WITH]      [WEATHER - DAYS WITH]      9 = BLOWING SNOW
                                                   X = TORNADO
MAX 32 OR BELOW:   0    0.01 INCH OR MORE:   0
MAX 90 OR ABOVE:  24    0.10 INCH OR MORE:   0
MIN 32 OR BELOW:   0    0.50 INCH OR MORE:   0
MIN  0 OR BELOW:   0    1.00 INCH OR MORE:   0

[HDD (BASE 65) ]
TOTAL THIS MO.     0    CLEAR  (SCALE 0-3)  14
DPTR FM NORMAL     M    PTCLDY (SCALE 4-7)  10
TOTAL FM JUL 1     0    CLOUDY (SCALE 8-10)  0
DPTR FM NORMAL     M

[CDD (BASE 65) ]
TOTAL THIS MO.   452
DPTR FM NORMAL     M    [PRESSURE DATA]
TOTAL FM JAN 1  1181    HIGHEST SLP M ON M
DPTR FM NORMAL     M    LOWEST  SLP M ON M

[REMARKS]
