000
CXUS55 KPUB 201159
CF6TAD
PRELIMINARY LOCAL CLIMATOLOGICAL DATA (WS FORM: F-6)

                                          STATION:   TRINIDAD CO
                                          MONTH:     NOVEMBER
                                          YEAR:      2017
                                          LATITUDE:   37 16 N
                                          LONGITUDE: 104 20 W

  TEMPERATURE IN F:       :PCPN:    SNOW:  WIND      :SUNSHINE: SKY     :PK WND
================================================================================
1   2   3   4   5  6A  6B    7    8   9   10  11  12  13   14  15   16   17  18
                                     12Z  AVG MX 2MIN
DY MAX MIN AVG DEP HDD CDD  WTR  SNW DPTH SPD SPD DIR MIN PSBL S-S WX    SPD DR
================================================================================

 1  73  39  56   9   9   0 0.00  0.0    0  9.8 22 270   M    M   0        27 290
 2  68  31  50   3  15   0 0.00  0.0    0  8.6 18 260   M    M   0 12     22 280
 3  69  31  50   4  15   0 0.00  0.0    0  6.9 20 230   M    M   4 12     24 230
 4  74  41  58  12   7   0 0.00  0.0    0 10.6 36 280   M    M   0        46 280
 5  69  29  49   4  16   0 0.00  0.0    0 13.8 37 270   M    M   0 12     45 280
 6  69  25  47   2  18   0 0.00  0.0    0  8.8 31 260   M    M   4 12     42 250
 7  39  30  35  -9  30   0 0.07    M    0  7.1 13  50   M    M  10 12     16  60
 8  52  21  37  -7  28   0 0.17    M    M  5.8 15 250   M    M   4 12     18 260
 9  49  27  38  -6  27   0 0.00  0.0    0  6.9 17 250   M    M   0 12     22 250
10  67  28  48   5  17   0 0.00  0.0    0  4.8 12 300   M    M   4 12     15  70
11  68  31  50   7  15   0 0.00  0.0    0  5.8 17  20   M    M   0 1      35  80
12  61  27  44   2  21   0 0.00  0.0    0  6.2 15 260   M    M   0 1      17 260
13  72  38  55  13  10   0 0.00  0.0    0  9.8 21 250   M    M   0        25 250
14  71  38  55  14  10   0 0.00  0.0    0  8.3 22 330   M    M   0        27 310
15  61  26  44   3  21   0 0.00  0.0    0  6.8 16 240   M    M   0        20 240
16  70  39  55  15  10   0 0.00  0.0    0 10.6 35 270   M    M   0        43 280
17  69  40  55  15  10   0 0.00  0.0    0 25.4 51 260   M    M   0 1      65 260
18  42  25  34  -5  31   0 0.12    M    0  5.2 30 330   M    M   3 12     38 330
19  61  23  42   3  23   0 0.00  0.0    0  8.3 17 250   M    M   0        19 250
================================================================================
SM 1204  589       333   0  0.36     0.0 169.5          M       29
================================================================================
AV 63.4 31.0                               8.9 FASTST   M    M   2    MAX(MPH)
                                 MISC ---->  # 51 260               # 65  260
================================================================================
NOTES:
# LAST OF SEVERAL OCCURRENCES

COLUMN 17 PEAK WIND IN M.P.H.

PRELIMINARY LOCAL CLIMATOLOGICAL DATA (WS FORM: F-6) , PAGE 2

                                          STATION:  TRINIDAD CO
                                          MONTH:    NOVEMBER
                                          YEAR:     2017
                                          LATITUDE:   37 16 N
                                          LONGITUDE: 104 20 W

[TEMPERATURE DATA]      [PRECIPITATION DATA]       SYMBOLS USED IN COLUMN 16

AVERAGE MONTHLY: 47.2   TOTAL FOR MONTH:   0.36    1 = FOG OR MIST
DPTR FM NORMAL:   4.1   DPTR FM NORMAL:   -0.12    2 = FOG REDUCING VISIBILITY
HIGHEST:    74 ON  4    GRTST 24HR  0.17 ON  8- 8      TO 1/4 MILE OR LESS
LOWEST:     21 ON  8                               3 = THUNDER
                        SNOW, ICE PELLETS, HAIL    4 = ICE PELLETS
                        TOTAL MONTH:   0.0 INCH    5 = HAIL
                        GRTST 24HR     0.0         6 = FREEZING RAIN OR DRIZZLE
                        GRTST DEPTH:   0           7 = DUSTSTORM OR SANDSTORM:
                                                       VSBY 1/2 MILE OR LESS
                                                   8 = SMOKE OR HAZE
[NO. OF DAYS WITH]      [WEATHER - DAYS WITH]      9 = BLOWING SNOW
                                                   X = TORNADO
MAX 32 OR BELOW:   0    0.01 INCH OR MORE:   3
MAX 90 OR ABOVE:   0    0.10 INCH OR MORE:   2
MIN 32 OR BELOW:  13    0.50 INCH OR MORE:   0
MIN  0 OR BELOW:   0    1.00 INCH OR MORE:   0

[HDD (BASE 65) ]
TOTAL THIS MO.   333    CLEAR  (SCALE 0-3)  14
DPTR FM NORMAL   -83    PTCLDY (SCALE 4-7)   4
TOTAL FM JUL 1   790    CLOUDY (SCALE 8-10)  1
DPTR FM NORMAL  -127

[CDD (BASE 65) ]
TOTAL THIS MO.     0
DPTR FM NORMAL     0    [PRESSURE DATA]
TOTAL FM JAN 1   796    HIGHEST SLP M ON M
DPTR FM NORMAL    77    LOWEST  SLP 29.62 ON 17

[REMARKS]
