000
CXUS52 KTAE 280800
CF6TLH
PRELIMINARY LOCAL CLIMATOLOGICAL DATA (WS FORM: F-6)

                                          STATION:   TALLAHASSEE
                                          MONTH:     MARCH
                                          YEAR:      2015
                                          LATITUDE:   30 22 N
                                          LONGITUDE:  84 22 W

  TEMPERATURE IN F:       :PCPN:    SNOW:  WIND      :SUNSHINE: SKY     :PK WND
================================================================================
1   2   3   4   5  6A  6B    7    8   9   10  11  12  13   14  15   16   17  18
                                     12Z  AVG MX 2MIN
DY MAX MIN AVG DEP HDD CDD  WTR  SNW DPTH SPD SPD DIR MIN PSBL S-S WX    SPD DR
================================================================================

 1  65  48  57  -1   8   0 0.00  0.0    0  5.2  8  40   M    M  10 1       M  M
 2  80  52  66   8   0   1 0.00  0.0    0  2.4  8 360   M    M   9 12      M  M
 3  84  55  70  12   0   5 0.00  0.0    0  4.3 16 170   M    M   5 12     21 160
 4  82  46  64   6   1   0 0.00  0.0    0  7.4 22 170   M    M   9 12     26 180
 5  83  49  66   8   0   1 0.80  0.0    0  8.5 20 320   M    M   9 1      31 310
 6  54  43  49 -10  16   0 0.00  0.0    0  9.5 15 340   M    M   7        18 350
 7  70  36  53  -6  12   0 0.00  0.0    0  2.7 13  80   M    M   2        18  70
 8  77  36  57  -2   8   0 0.00  0.0    0  1.8  9 110   M    M   2        13 140
 9  80  47  64   5   1   0 0.00  0.0    0  5.0 17 150   M    M   6        24 180
10  83  56  70  11   0   5 0.00  0.0    0  6.5 20 170   M    M   5 1      25 150
11  85  62  74  14   0   9    T  0.0    0  5.1 16 210   M    M   7 1      20 150
12  83  65  74  14   0   9 0.01  0.0    0  5.5 20  80   M    M   9 12     24  80
13  79  65  72  12   0   7    T  0.0    0 10.2 18 100   M    M  10 1      24 110
14  85  63  74  14   0   9 0.22  0.0    0  7.5 16 180   M    M   8 1      21 210
15  81  57  69   9   0   4 0.00  0.0    0  4.0 13 340   M    M   5        17 360
16  88  51  70  10   0   5 0.00  0.0    M  2.9 13 180   M    M   1 1      16 210
17  89  52  71  10   0   6 0.00  0.0    0  7.3 22 260   M    M   1        28 260
18  87  55  71  10   0   6 0.00  0.0    0  5.4 16  70   M    M   4        22  90
19  83  65  74  13   0   9    T  0.0    0  4.1 12 100   M    M   7 18     14 210
20  89  58  74  13   0   9 0.00  0.0    0  3.5 13 270   M    M   5 12     17 280
21  87  65  76  15   0  11 0.92  0.0    0  3.3 13 170   M    M   8 1      15 190
22  83  66  75  13   0  10 0.95  0.0    0  4.6 18 200   M    M   9 128    25 210
23  74  63  69   7   0   4    T  0.0    0  7.1 15  60   M    M   9 12     22  50
24  72  56  64   2   1   0 0.00  0.0    0  4.8 10  70   M    M   8        14  80
25  82  51  67   5   0   2 0.00  0.0    0  2.9 15 170   M    M   5 12     19 170
26  73  58  66   4   0   1 0.21  0.0    0  4.5 24 150   M    M   8 13     29 150
27  69  52  61  -1   4   0 0.01  0.0    0  8.8 20 310   M    M   8 12     27 320
================================================================================
SM 2147 1472        51 113  3.12     0.0 144.8          M      176
================================================================================
AV 79.5 54.5                               5.4 FASTST   M    M   7    MAX(MPH)
                                 MISC ---->  # 24 150                 31    M
================================================================================
NOTES:
# LAST OF SEVERAL OCCURRENCES

COLUMN 17 PEAK WIND IN M.P.H.

PRELIMINARY LOCAL CLIMATOLOGICAL DATA (WS FORM: F-6) , PAGE 2

                                          STATION:  TALLAHASSEE
                                          MONTH:    MARCH
                                          YEAR:     2015
                                          LATITUDE:   30 22 N
                                          LONGITUDE:  84 22 W

[TEMPERATURE DATA]      [PRECIPITATION DATA]       SYMBOLS USED IN COLUMN 16

AVERAGE MONTHLY: 67.0   TOTAL FOR MONTH:   3.12    1 = FOG OR MIST
DPTR FM NORMAL:   6.9   DPTR FM NORMAL:   -2.15    2 = FOG REDUCING VISIBILITY
HIGHEST:    89 ON 20,17 GRTST 24HR  0.95 ON 22-22      TO 1/4 MILE OR LESS
LOWEST:     36 ON  8, 7                            3 = THUNDER
                        SNOW, ICE PELLETS, HAIL    4 = ICE PELLETS
                        TOTAL MONTH:   0.0 INCH    5 = HAIL
                        GRTST 24HR     0.0         6 = FREEZING RAIN OR DRIZZLE
                        GRTST DEPTH:   0           7 = DUSTSTORM OR SANDSTORM:
                                                       VSBY 1/2 MILE OR LESS
                                                   8 = SMOKE OR HAZE
[NO. OF DAYS WITH]      [WEATHER - DAYS WITH]      9 = BLOWING SNOW
                                                   X = TORNADO
MAX 32 OR BELOW:   0    0.01 INCH OR MORE:   7
MAX 90 OR ABOVE:   0    0.10 INCH OR MORE:   5
MIN 32 OR BELOW:   0    0.50 INCH OR MORE:   3
MIN  0 OR BELOW:   0    1.00 INCH OR MORE:   0

[HDD (BASE 65) ]
TOTAL THIS MO.    51    CLEAR  (SCALE 0-3)   4
DPTR FM NORMAL  -113    PTCLDY (SCALE 4-7)  15
TOTAL FM JUL 1  1417    CLOUDY (SCALE 8-10)  8
DPTR FM NORMAL   -90

[CDD (BASE 65) ]
TOTAL THIS MO.   113
DPTR FM NORMAL    83    [PRESSURE DATA]
TOTAL FM JAN 1   120    HIGHEST SLP M ON M
DPTR FM NORMAL    76    LOWEST  SLP 29.78 ON 27

[REMARKS]
