000
CXUS52 KMFL 291030
CF6TMB
PRELIMINARY LOCAL CLIMATOLOGICAL DATA (WS FORM: F-6)
STATION: KENDALL-TAMIAMI EXEC ARPT
MONTH: MARCH
YEAR: 2024
LATITUDE: 25 38 N
LONGITUDE: 80 26 W
TEMPERATURE IN F: :PCPN: SNOW: WIND :SUNSHINE: SKY :PK WND
================================================================================
1 2 3 4 5 6A 6B 7 8 9 10 11 12 13 14 15 16 17 18
12Z AVG MX 2MIN
DY MAX MIN AVG DEP HDD CDD WTR SNW DPTH SPD SPD DIR MIN PSBL S-S WX SPD DR
================================================================================
1 80 67 74 4 0 9 0.00 M M 10.3 21 110 M M 3 30 110
2 81 69 75 5 0 10 0.00 0.0 0 6.9 15 140 M M 2 21 130
3 84 66 75 5 0 10 1.04 M M 5.8 14 150 M M 4 138 21 130
4 85 66 76 5 0 11 0.40 M M 4.2 20 20 M M 3 138 29 30
5 84 67 76 5 0 11 T M M 6.7 14 110 M M 2 18 130
6 82 68 75 4 0 10 1.58 0.0 0 4.8 23 90 M M 5 13 35 90
7 87 67 77 6 0 12 0.03 0.0 0 4.6 17 280 M M 3 1 23 250
8 85 68 77 6 0 12 T 0.0 0 4.9 14 140 M M 3 1 19 130
9 87 75 81 10 0 16 T 0.0 0 7.5 16 220 M M 2 26 220
10 88 70 79 8 0 14 0.00 0.0 0 10.4 22 280 M M 5 1 29 250
11 81 63 72 1 0 7 0.00 0.0 0 10.4 18 100 M M 1 26 100
12 81 61 71 0 0 6 0.00 0.0 0 6.1 16 100 M M 1 23 110
13 83 62 73 2 0 8 T 0.0 0 5.1 15 100 M M 4 20 120
14 84 64 74 3 0 9 T 0.0 0 7.5 17 100 M M 1 22 100
15 84 69 77 6 0 12 0.00 0.0 0 9.2 17 110 M M 1 24 130
16 89 64 77 6 0 12 0.05 0.0 0 4.5 14 260 M M 4 1 21 260
17 88 70 79 7 0 14 0.00 0.0 0 5.8 15 180 M M 2 1 21 220
18 90 71 81 9 0 16 0.00 0.0 0 7.6 20 260 M M 3 1 25 210
19 80 64 72 0 0 7 T 0.0 0 10.1 26 330 M M 5 1 35 320
20 80 58 69 -3 0 4 0.00 M M 7.6 17 110 M M 4 21 110
21 82 63 73 1 0 8 0.00 0.0 0 9.8 23 100 M M 2 30 90
22 75 67 71 -1 0 6 2.82 0.0 0 11.5 26 100 M M 7 13 34 90
23 80 66 73 1 0 8 2.21 M M 6.4 26 290 M M 6 123 32 290
24 82 59 71 -1 0 6 0.00 M M 10.3 21 60 M M 3 25 60
25 81 69 75 3 0 10 0.00 M M 15.1 25 90 M M 6 33 90
26 83 71 77 5 0 12 0.00 0.0 0 11.5 20 130 M M 4 28 130
27 84 72 78 6 0 13 0.00 0.0 0 9.2 16 130 M M 5 26 110
28 86 65 76 3 0 11 0.00 0.0 0 13.1 29 280 M M 2 37 260
================================================================================
SM 2336 1861 0 284 8.13 0.0 226.9 M 93
================================================================================
AV 83.4 66.5 8.1 FASTST M M 3 MAX(MPH)
MISC ----> 29 280 37 260
================================================================================
NOTES:
# LAST OF SEVERAL OCCURRENCES
COLUMN 17 PEAK WIND IN M.P.H.
PRELIMINARY LOCAL CLIMATOLOGICAL DATA (WS FORM: F-6) , PAGE 2
STATION: KENDALL-TAMIAMI EXEC ARPT
MONTH: MARCH
YEAR: 2024
LATITUDE: 25 38 N
LONGITUDE: 80 26 W
[TEMPERATURE DATA] [PRECIPITATION DATA] SYMBOLS USED IN COLUMN 16
AVERAGE MONTHLY: 74.9 TOTAL FOR MONTH: 8.13 1 = FOG OR MIST
DPTR FM NORMAL: 3.6 DPTR FM NORMAL: 6.34 2 = FOG REDUCING VISIBILITY
HIGHEST: 90 ON 18 GRTST 24HR 2.82 ON 22-22 TO 1/4 MILE OR LESS
LOWEST: 58 ON 20 3 = THUNDER
SNOW, ICE PELLETS, HAIL 4 = ICE PELLETS
TOTAL MONTH: 0.0 INCH 5 = HAIL
GRTST 24HR 0.0 6 = FREEZING RAIN OR DRIZZLE
GRTST DEPTH: 0 7 = DUSTSTORM OR SANDSTORM:
VSBY 1/2 MILE OR LESS
8 = SMOKE OR HAZE
[NO. OF DAYS WITH] [WEATHER - DAYS WITH] 9 = BLOWING SNOW
X = TORNADO
MAX 32 OR BELOW: 0 0.01 INCH OR MORE: 7
MAX 90 OR ABOVE: 1 0.10 INCH OR MORE: 5
MIN 32 OR BELOW: 0 0.50 INCH OR MORE: 4
MIN 0 OR BELOW: 0 1.00 INCH OR MORE: 4
[HDD (BASE 65) ]
TOTAL THIS MO. 0 CLEAR (SCALE 0-3) 15
DPTR FM NORMAL -9 PTCLDY (SCALE 4-7) 13
TOTAL FM JUL 1 90 CLOUDY (SCALE 8-10) 0
DPTR FM NORMAL -59
[CDD (BASE 65) ]
TOTAL THIS MO. 284
DPTR FM NORMAL 96 [PRESSURE DATA]
TOTAL FM JAN 1 546 HIGHEST SLP M ON M
DPTR FM NORMAL 92 LOWEST SLP 29.70 ON 23
[REMARKS]