000
CXUS51 KCLE 011506
CF6TOL
PRELIMINARY LOCAL CLIMATOLOGICAL DATA (WS FORM: F-6)

                                          STATION:   TOLEDO OH
                                          MONTH:     MAY
                                          YEAR:      2015
                                          LATITUDE:   41 35 N
                                          LONGITUDE:  83 48 W

  TEMPERATURE IN F:       :PCPN:    SNOW:  WIND      :SUNSHINE: SKY     :PK WND
================================================================================
1   2   3   4   5  6A  6B    7    8   9   10  11  12  13   14  15   16   17  18
                                     12Z  AVG MX 2MIN
DY MAX MIN AVG DEP HDD CDD  WTR  SNW DPTH SPD SPD DIR MIN PSBL S-S WX    SPD DR
================================================================================

 1  74  45  60   5   5   0 0.00  0.0    0  6.3 18 360   M    M   3        23 360
 2  75  44  60   5   5   0 0.00  0.0    0  4.7 16 300   M    M   0        29 260
 3  79  44  62   6   3   0 0.00  0.0    0  6.7 20 240   M    M   1        28 230
 4  73  61  67  11   0   2 0.06  0.0    0 10.1 28 260   M    M   3 13     36 260
 5  61  51  56   0   9   0 0.14  0.0    0  7.9 16  60   M    M   9 18     21  60
 6  70  51  61   4   4   0 0.00  0.0    0  5.7 12  70   M    M   6 128    14  50
 7  85  50  68  11   0   3 0.00  0.0    0  4.5 15 100   M    M   1 18     17  90
 8  88  55  72  15   0   7 0.00  0.0    0  5.5 20 230   M    M   1 1      25 190
 9  84  58  71  13   0   6 0.12  0.0    0  6.2 22 240   M    M   5 13     30 200
10  81  62  72  14   0   7 0.34  0.0    0  5.5 25 260   M    M   8 1238   29 250
11  85  63  74  16   0   9 0.35  0.0    0  8.8 26 260   M    M   3 1238   37 260
12  65  49  57  -1   8   0    T  0.0    0 15.9 29 250   M    M   7        36 260
13  58  40  49 -10  16   0 0.00  0.0    0  8.1 16 320   M    M   6        22 320
14  62  37  50  -9  15   0    T  0.0    0  4.6 15 100   M    M   0 1      18  90
15  78  50  64   5   1   0 0.23  0.0    0  7.8 20 240   M    M   7 1      40 220
16  74  63  69   9   0   4 0.07  0.0    0  3.8 12 200   M    M   7 1      15 200
17  82  63  73  13   0   8 0.21  0.0    0  6.1 18 210   M    M   6 138    25  80
18  82  64  73  13   0   8    T  0.0    0 10.0 20 240   M    M   2 13     29 180
19  64  42  53  -8  12   0 0.00  0.0    0 11.3 20 270   M    M   6        24 270
20  55  37  46 -15  19   0 0.02  0.0    0  6.4 14  50   M    M   3        21  30
21  63  46  55  -6  10   0    T  0.0    0  7.8 20 260   M    M   7        23 270
22  70  46  58  -4   7   0    T  0.0    0  6.7 16 320   M    M   2        22 340
23  78  41  60  -2   5   0 0.00  0.0    0  3.6 15 260   M    M   0        22 260
24  81  48  65   3   0   0 0.00  0.0    0  4.6 14 210   M    M   1        18 220
25  81  65  73  10   0   8    T  0.0    0 12.9 26 220   M    M   3        38 230
26  87  63  75  12   0  10 0.13  0.0    0  8.9 17 210   M    M   4 13     29 210
27  82  62  72   9   0   7 0.05  0.0    0  9.8 29 250   M    M   4 13     36 230
28  79  54  67   3   0   2 0.00  0.0    0  6.1 13  60   M    M   0        20 110
29  85  59  72   8   0   7 0.01  0.0    0  6.3 13 200   M    M   5        21 200
30  85  54  70   6   0   5 0.83  0.0    0  9.4 33 250   M    M   5 18     40 250
31  54  49  52 -13  13   0 1.69  0.0    0 13.7 18  60   M    M  10 1      31  50
================================================================================
SM 2320 1616       132  93  4.25     0.0 235.7          M      125
================================================================================
AV 74.8 52.1                               7.6 FASTST   M    M   4    MAX(MPH)
                                 MISC ---->  # 33 250               # 40  220
================================================================================
NOTES:
# LAST OF SEVERAL OCCURRENCES

COLUMN 17 PEAK WIND IN M.P.H.

PRELIMINARY LOCAL CLIMATOLOGICAL DATA (WS FORM: F-6) , PAGE 2

                                          STATION:  TOLEDO OH
                                          MONTH:    MAY
                                          YEAR:     2015
                                          LATITUDE:   41 35 N
                                          LONGITUDE:  83 48 W

[TEMPERATURE DATA]      [PRECIPITATION DATA]       SYMBOLS USED IN COLUMN 16

AVERAGE MONTHLY: 63.5   TOTAL FOR MONTH:   4.25    1 = FOG OR MIST
DPTR FM NORMAL:   3.7   DPTR FM NORMAL:    0.67    2 = FOG REDUCING VISIBILITY
HIGHEST:    88 ON  8    GRTST 24HR  1.69 ON 31-31      TO 1/4 MILE OR LESS
LOWEST:     37 ON 20,14                            3 = THUNDER
                        SNOW, ICE PELLETS, HAIL    4 = ICE PELLETS
                        TOTAL MONTH:   0.0 INCH    5 = HAIL
                        GRTST 24HR     0.0         6 = FREEZING RAIN OR DRIZZLE
                        GRTST DEPTH:   0           7 = DUSTSTORM OR SANDSTORM:
                                                       VSBY 1/2 MILE OR LESS
                                                   8 = SMOKE OR HAZE
[NO. OF DAYS WITH]      [WEATHER - DAYS WITH]      9 = BLOWING SNOW
                                                   X = TORNADO
MAX 32 OR BELOW:   0    0.01 INCH OR MORE:  14
MAX 90 OR ABOVE:   0    0.10 INCH OR MORE:   9
MIN 32 OR BELOW:   0    0.50 INCH OR MORE:   2
MIN  0 OR BELOW:   0    1.00 INCH OR MORE:   1

[HDD (BASE 65) ]
TOTAL THIS MO.   132    CLEAR  (SCALE 0-3)  15
DPTR FM NORMAL   -76    PTCLDY (SCALE 4-7)  14
TOTAL FM JUL 1  6861    CLOUDY (SCALE 8-10)  2
DPTR FM NORMAL   751

[CDD (BASE 65) ]
TOTAL THIS MO.    93
DPTR FM NORMAL    48    [PRESSURE DATA]
TOTAL FM JAN 1    93    HIGHEST SLP 30.20 ON 31
DPTR FM NORMAL    40    LOWEST  SLP 29.91 ON 30

[REMARKS]
#FINAL-05-15#
