894
CXUS51 KCLE 240800
CF6TOL
PRELIMINARY LOCAL CLIMATOLOGICAL DATA (WS FORM: F-6)

                                          STATION:   TOLEDO OH
                                          MONTH:     JULY
                                          YEAR:      2016
                                          LATITUDE:   41 35 N
                                          LONGITUDE:  83 48 W

  TEMPERATURE IN F:       :PCPN:    SNOW:  WIND      :SUNSHINE: SKY     :PK WND
================================================================================
1   2   3   4   5  6A  6B    7    8   9   10  11  12  13   14  15   16   17  18
                                     12Z  AVG MX 2MIN
DY MAX MIN AVG DEP HDD CDD  WTR  SNW DPTH SPD SPD DIR MIN PSBL S-S WX    SPD DR
================================================================================

 1  78  60  69  -4   0   4 0.16  0.0    0  8.4 20 320   M    M   6 1      27 300
 2  75  52  64  -9   1   0 0.00  0.0    0  2.7  9 240   M    M   0        16 190
 3  78  51  65  -8   0   0 0.00  0.0    0  2.4  9 190   M    M   0        13  90
 4  79  55  67  -7   0   2 0.00  0.0    0  3.7 14 110   M    M   5        22 120
 5  87  66  77   3   0  12 0.00  0.0    0  7.7 18 240   M    M   3 18     24 260
 6  89  62  76   2   0  11 0.00  0.0    0  6.4 16 260   M    M   3        22 240
 7  91  67  79   5   0  14 0.59  0.0    0  7.0 18 290   M    M   2 18     24 300
 8  88  68  78   4   0  13 0.21  0.0    0  7.1 28 290   M    M   6 1      37 290
 9  79  64  72  -2   0   7 0.00  0.0    0  9.3 20 320   M    M   4        23 320
10  85  62  74   0   0   9 0.00  0.0    0  4.3 10 250   M    M   2        13 240
11  89  61  75   1   0  10 0.00  0.0    0  4.2 14 210   M    M   1        19 230
12  92  65  79   5   0  14 0.00  0.0    0  7.4 18 200   M    M   1        26 200
13  92  70  81   7   0  16 0.48  0.0    0  9.3 24 220   M    M   0 1      33 250
14  88  68  78   4   0  13    T  0.0    0 10.3 25 250   M    M   4        30 250
15  83  66  75   1   0  10 0.00  0.0    0  9.4 22 270   M    M   4        27 270
16  76  60  68  -6   0   3 0.00  0.0    0  4.3 10  70   M    M   5 1      14 340
17  84  56  70  -4   0   5 0.00  0.0    0  6.4 18 220   M    M   1 1      26 210
18  86  68  77   3   0  12 1.04  0.0    0 10.6 41 290   M    M   4 12     50 280
19  87  59  73  -1   0   8 0.00  0.0    0  5.6 15 280   M    M   1        19 290
20  90  61  76   2   0  11 0.00  0.0    0  3.3 10  90   M    M   0 8      14  90
21  90  65  78   4   0  13 0.03  0.0    0  6.8 18 240   M    M   2 1      22 250
22  91  70  81   8   0  16 0.00  0.0    0  6.1 12 240   M    M   1 1      18 290
23  93  69  81   8   0  16 0.00  0.0    0  3.1  9 280   M    M   0        12 320
================================================================================
SM 1970 1445         1 219  2.51     0.0 145.8          M       55
================================================================================
AV 85.7 62.8                               6.3 FASTST   M    M   2    MAX(MPH)
                                 MISC ---->  # 41 290               # 50  280
================================================================================
NOTES:
# LAST OF SEVERAL OCCURRENCES

COLUMN 17 PEAK WIND IN M.P.H.

PRELIMINARY LOCAL CLIMATOLOGICAL DATA (WS FORM: F-6) , PAGE 2

                                          STATION:  TOLEDO OH
                                          MONTH:    JULY
                                          YEAR:     2016
                                          LATITUDE:   41 35 N
                                          LONGITUDE:  83 48 W

[TEMPERATURE DATA]      [PRECIPITATION DATA]       SYMBOLS USED IN COLUMN 16

AVERAGE MONTHLY: 74.2   TOTAL FOR MONTH:   2.51    1 = FOG OR MIST
DPTR FM NORMAL:   0.5   DPTR FM NORMAL:    0.15    2 = FOG REDUCING VISIBILITY
HIGHEST:    93 ON 23    GRTST 24HR  1.04 ON 18-18      TO 1/4 MILE OR LESS
LOWEST:     51 ON  3                               3 = THUNDER
                        SNOW, ICE PELLETS, HAIL    4 = ICE PELLETS
                        TOTAL MONTH:   0.0 INCH    5 = HAIL
                        GRTST 24HR     0.0         6 = FREEZING RAIN OR DRIZZLE
                        GRTST DEPTH:   0           7 = DUSTSTORM OR SANDSTORM:
                                                       VSBY 1/2 MILE OR LESS
                                                   8 = SMOKE OR HAZE
[NO. OF DAYS WITH]      [WEATHER - DAYS WITH]      9 = BLOWING SNOW
                                                   X = TORNADO
MAX 32 OR BELOW:   0    0.01 INCH OR MORE:   6
MAX 90 OR ABOVE:   7    0.10 INCH OR MORE:   5
MIN 32 OR BELOW:   0    0.50 INCH OR MORE:   2
MIN  0 OR BELOW:   0    1.00 INCH OR MORE:   1

[HDD (BASE 65) ]
TOTAL THIS MO.     1    CLEAR  (SCALE 0-3)  15
DPTR FM NORMAL     1    PTCLDY (SCALE 4-7)   8
TOTAL FM JUL 1     1    CLOUDY (SCALE 8-10)  0
DPTR FM NORMAL     1

[CDD (BASE 65) ]
TOTAL THIS MO.   219
DPTR FM NORMAL    16    [PRESSURE DATA]
TOTAL FM JAN 1   478    HIGHEST SLP M ON M
DPTR FM NORMAL    52    LOWEST  SLP 29.76 ON  8

[REMARKS]
