000
CXUS54 KFWD 280730
CF6TPL
PRELIMINARY LOCAL CLIMATOLOGICAL DATA (WS FORM: F-6)

                                          STATION:   TEMPLE
                                          MONTH:     DECEMBER
                                          YEAR:      2014
                                          LATITUDE:   31  8 N
                                          LONGITUDE:  97 25 W

  TEMPERATURE IN F:       :PCPN:    SNOW:  WIND      :SUNSHINE: SKY     :PK WND
================================================================================
1   2   3   4   5  6A  6B    7    8   9   10  11  12  13   14  15   16   17  18
                                     12Z  AVG MX 2MIN
DY MAX MIN AVG DEP HDD CDD  WTR  SNW DPTH SPD SPD DIR MIN PSBL S-S WX    SPD DR
================================================================================

 1  64  37  51  -1  14   0 0.02  0.0    0 14.9 25 340   M    M  10        30 340
 2  50  36  43  -8  22   0 0.00  0.0    0  7.8 14 350   M    M  10        17 350
 3  61  46  54   3  11   0 0.00  0.0    0  6.5 14 180   M    M  10         M  M
 4  63  55  59   8   6   0 0.00  0.0    0  7.1 15 120   M    M  10         M  M
 5  73  59  66  16   0   1 0.00  0.0    0 12.0 21 200   M    M   6        24 190
 6  68  50  59   9   6   0 0.00  0.0    0 11.5 17 350   M    M   3        22 360
 7  52  46  49  -1  16   0 0.00  0.0    0  6.3 10 350   M    M   9         M  M
 8  61  43  52   2  13   0 0.00  0.0    0  5.2  9 360   M    M   6         M  M
 9  66  36  51   2  14   0 0.00  0.0    0  3.3  8  90   M    M   4         M  M
10  63  36  50   1  15   0 0.00  0.0    0  4.8 12 170   M    M   7         M  M
11  64  55  60  11   5   0 0.04  0.0    0  9.3 16 170   M    M  10         M  M
12  66  54  60  11   5   0 0.00  0.0    0  8.6 17 200   M    M   6        18 170
13  72  50  61  12   4   0 0.00  0.0    0  8.5 16 150   M    M   5         M  M
14  72  59  66  18   0   1 0.05  0.0    0 13.6 20 150   M    M   9        23 170
15  70  43  57   9   8   0 0.00  0.0    0  9.6 14 280   M    M   2        20 180
16  59  37  48   0  17   0 0.00  0.0    0  8.2 16 350   M    M   2        22 350
17  48  45  47  -1  18   0 0.00  0.0    0  7.2 13 100   M    M  10         M  M
18  57  46  52   4  13   0 0.00  0.0    0  5.4 13 360   M    M  10        16 360
19  50  46  48   0  17   0 0.18  0.0    0 11.4 16 350   M    M  10        23 350
20  52  46  49   1  16   0 0.00  0.0    0  6.9  9  20   M    M  10         M  M
21  55  46  51   4  14   0 0.00  0.0    0 11.1 17 180   M    M  10        23 170
22  72  54  63  16   2   0 0.00  0.0    0 11.9 20 240   M    M   3        30 190
23  54  43  49   2  16   0 0.06  0.0    0 12.8 23 340   M    M   6        31 350
24  55  34  45  -2  20   0 0.00  0.0    0 10.5 18 300   M    M   2        25 310
25  63  28  46  -1  19   0 0.00  0.0    0 15.4 32 170   M    M   1        38 170
26  70  50  60  13   5   0 0.00  0.0    0 11.6 18 160   M    M   9        23 160
27  63  37  50   3  15   0 0.00  0.0    0 14.9 23 340   M    M  10        35 350
================================================================================
SM 1663 1217       311   2  0.35     0.0 256.3          M      190
================================================================================
AV 61.6 45.1                               9.5 FASTST   M    M   7    MAX(MPH)
                                 MISC ---->    32   M               # 38  170
================================================================================
NOTES:
# LAST OF SEVERAL OCCURRENCES

COLUMN 17 PEAK WIND IN M.P.H.

PRELIMINARY LOCAL CLIMATOLOGICAL DATA (WS FORM: F-6) , PAGE 2

                                          STATION:  TEMPLE
                                          MONTH:    DECEMBER
                                          YEAR:     2014
                                          LATITUDE:   31  8 N
                                          LONGITUDE:  97 25 W

[TEMPERATURE DATA]      [PRECIPITATION DATA]       SYMBOLS USED IN COLUMN 16

AVERAGE MONTHLY: 53.3   TOTAL FOR MONTH:   0.35    1 = FOG OR MIST
DPTR FM NORMAL:   4.6   DPTR FM NORMAL:   -2.01    2 = FOG REDUCING VISIBILITY
HIGHEST:    73 ON  5    GRTST 24HR  0.18 ON 19-19      TO 1/4 MILE OR LESS
LOWEST:     28 ON 25                               3 = THUNDER
                        SNOW, ICE PELLETS, HAIL    4 = ICE PELLETS
                        TOTAL MONTH:   0.0 INCH    5 = HAIL
                        GRTST 24HR     0.0         6 = FREEZING RAIN OR DRIZZLE
                        GRTST DEPTH:   0           7 = DUSTSTORM OR SANDSTORM:
                                                       VSBY 1/2 MILE OR LESS
                                                   8 = SMOKE OR HAZE
[NO. OF DAYS WITH]      [WEATHER - DAYS WITH]      9 = BLOWING SNOW
                                                   X = TORNADO
MAX 32 OR BELOW:   0    0.01 INCH OR MORE:   5
MAX 90 OR ABOVE:   0    0.10 INCH OR MORE:   1
MIN 32 OR BELOW:   1    0.50 INCH OR MORE:   0
MIN  0 OR BELOW:   0    1.00 INCH OR MORE:   0

[HDD (BASE 65) ]
TOTAL THIS MO.   311    CLEAR  (SCALE 0-3)   6
DPTR FM NORMAL  -132    PTCLDY (SCALE 4-7)   7
TOTAL FM JUL 1   689    CLOUDY (SCALE 8-10) 14
DPTR FM NORMAL   -93

[CDD (BASE 65) ]
TOTAL THIS MO.     2
DPTR FM NORMAL     2    [PRESSURE DATA]
TOTAL FM JAN 1  2646    HIGHEST SLP M ON M
DPTR FM NORMAL   149    LOWEST  SLP M ON M

[REMARKS]
