000
CXUS53 KOAX 271000
CF6TQE
PRELIMINARY LOCAL CLIMATOLOGICAL DATA (WS FORM: F-6)

                                          STATION:   TEKAMAH, NEBRASKA
                                          MONTH:     AUGUST
                                          YEAR:      2015
                                          LATITUDE:   41 46 N
                                          LONGITUDE:  96 11 W

  TEMPERATURE IN F:       :PCPN:    SNOW:  WIND      :SUNSHINE: SKY     :PK WND
================================================================================
1   2   3   4   5  6A  6B    7    8   9   10  11  12  13   14  15   16   17  18
                                     12Z  AVG MX 2MIN
DY MAX MIN AVG DEP HDD CDD  WTR  SNW DPTH SPD SPD DIR MIN PSBL S-S WX    SPD DR
================================================================================

 1  82  61  72  -3   0   7 0.00    M    M  4.2 12 170   M    M   0        14 150
 2  92  69  81   6   0  16 0.25    M    M  8.5 28 230   M    M   0 13     36 220
 3  83  63  73  -2   0   8 0.00    M    M  2.8  8 360   M    M   3        10  10
 4  79  66  73  -2   0   8 0.03    M    M  4.9 14  50   M    M   5 3      18  40
 5  82  65  74  -1   0   9 0.00    M    M  3.5 10 150   M    M   5 128    13 150
 6  83  64  74   0   0   9 0.02    M    M  6.7 18 170   M    M   4 12     24 150
 7  91  64  78   4   0  13    T    M    M  3.2  9 110   M    M   1 12     10 110
 8  86  71  79   5   0  14 0.19    M    M  6.0 12 110   M    M   3        17 160
 9  89  69  79   5   0  14 0.02    M    M  4.1 23 360   M    M   7 1      31 350
10  85  61  73  -1   0   8 0.00    M    M  7.4 15  10   M    M   2 1      21 360
11  88  58  73  -1   0   8 0.00    M    M  1.5  7  30   M    M   0        12 340
12  87  59  73  -1   0   8 0.00    M    M  4.9 12 200   M    M   2 12     17 190
13  88  63  76   2   0  11    T    M    M  6.7 13 220   M    M   0        17 220
14  90  67  79   6   0  14 0.00    M    M  5.5 12 190   M    M   1        14 180
15  89  62  76   3   0  11 0.00    M    M  8.2 17 180   M    M   0 1      23 180
16  90  68  79   6   0  14 0.23    M    M  8.1 23 310   M    M   3 13     31 310
17  76  67  72  -1   0   7 1.24    M    M  5.9 17 170   M    M  10 13     22 170
18  73  58  66  -7   0   1 1.15    M    M  9.2 28 260   M    M   8 13     37 260
19  75  54  65  -7   0   0 0.00    M    M 14.3 26 310   M    M   3        36 330
20  83  50  67  -5   0   2 0.00    M    M  5.6 14 180   M    M   1        17 180
21  84  60  72   0   0   7 0.00    M    M 11.7 22 170   M    M   0        31 170
22  86  61  74   2   0   9 0.01    M    M 13.0 24 320   M    M   7 38     37 320
23  74  51  63  -9   2   0 0.00    M    M  9.3 20 280   M    M   0        27 270
24  77  45  61 -11   4   0 0.00    M    M  4.6 13 310   M    M   0        17 300
25  78  47  63  -8   2   0 0.00    M    M  1.9  6 340   M    M   0         9  40
26  78  49  64  -7   1   0    T    M    M  5.7 16 160   M    M   0        20 150
================================================================================
SM 2168 1572         9 198  3.14    M    167.4          M       65
================================================================================
AV 83.4 60.5                               6.4 FASTST   M    M   3    MAX(MPH)
                                 MISC ---->  # 28 230               # 37  260
================================================================================
NOTES:
# LAST OF SEVERAL OCCURRENCES

COLUMN 17 PEAK WIND IN M.P.H.

PRELIMINARY LOCAL CLIMATOLOGICAL DATA (WS FORM: F-6) , PAGE 2

                                          STATION:  TEKAMAH, NEBRASKA
                                          MONTH:    AUGUST
                                          YEAR:     2015
                                          LATITUDE:   41 46 N
                                          LONGITUDE:  96 11 W

[TEMPERATURE DATA]      [PRECIPITATION DATA]       SYMBOLS USED IN COLUMN 16

AVERAGE MONTHLY: 71.9   TOTAL FOR MONTH:   3.14    1 = FOG OR MIST
DPTR FM NORMAL:  -1.4   DPTR FM NORMAL:   -0.08    2 = FOG REDUCING VISIBILITY
HIGHEST:    92 ON  2    GRTST 24HR  1.48 ON 17-18      TO 1/4 MILE OR LESS
LOWEST:     45 ON 24                               3 = THUNDER
                        SNOW, ICE PELLETS, HAIL    4 = ICE PELLETS
                        TOTAL MONTH:    M          5 = HAIL
                        GRTST 24HR    M  ON   M    6 = FREEZING RAIN OR DRIZZLE
                        GRTST DEPTH:  M  ON   M    7 = DUSTSTORM OR SANDSTORM:
                                                       VSBY 1/2 MILE OR LESS
                                                   8 = SMOKE OR HAZE
[NO. OF DAYS WITH]      [WEATHER - DAYS WITH]      9 = BLOWING SNOW
                                                   X = TORNADO
MAX 32 OR BELOW:   0    0.01 INCH OR MORE:   9
MAX 90 OR ABOVE:   4    0.10 INCH OR MORE:   5
MIN 32 OR BELOW:   0    0.50 INCH OR MORE:   2
MIN  0 OR BELOW:   0    1.00 INCH OR MORE:   2

[HDD (BASE 65) ]
TOTAL THIS MO.     9    CLEAR  (SCALE 0-3)  17
DPTR FM NORMAL     9    PTCLDY (SCALE 4-7)   8
TOTAL FM JUL 1    11    CLOUDY (SCALE 8-10)  1
DPTR FM NORMAL     8

[CDD (BASE 65) ]
TOTAL THIS MO.   198
DPTR FM NORMAL   -23    [PRESSURE DATA]
TOTAL FM JAN 1   811    HIGHEST SLP M ON M
DPTR FM NORMAL   -38    LOWEST  SLP 29.69 ON 18

[REMARKS]
