855
CXUS54 KTSA 210840
CF6TUL
PRELIMINARY LOCAL CLIMATOLOGICAL DATA (WS FORM: F-6)

                                          STATION:   TULSA OKLAHOMA
                                          MONTH:     APRIL
                                          YEAR:      2017
                                          LATITUDE:   36 12 N
                                          LONGITUDE:  95 54 W

  TEMPERATURE IN F:       :PCPN:    SNOW:  WIND      :SUNSHINE: SKY     :PK WND
================================================================================
1   2   3   4   5  6A  6B    7    8   9   10  11  12  13   14  15   16   17  18
                                     12Z  AVG MX 2MIN
DY MAX MIN AVG DEP HDD CDD  WTR  SNW DPTH SPD SPD DIR MIN PSBL S-S WX    SPD DR
================================================================================

 1  79  47  63   7   2   0 0.61  0.0    0  9.8 23 330   M    M   5 13     26 310
 2  66  56  61   5   4   0 0.10  0.0    0  6.7 18 130   M    M  10 13     23 130
 3  73  53  63   6   2   0 0.06  0.0    0  8.6 20 300   M    M   6 1      25 280
 4  74  51  63   6   2   0 0.27    T    0  9.6 28 310   M    M   7 1358   35 300
 5  64  47  56  -1   9   0    T  0.0    0 15.5 32 330   M    M   7 13     42 330
 6  68  39  54  -4  11   0 0.00  0.0    0  7.6 21 340   M    M   2        26 320
 7  73  39  56  -2   9   0 0.00  0.0    0  7.6 17 170   M    M   2 18     26 160
 8  84  57  71  13   0   6 0.00  0.0    0 19.7 33 180   M    M   7        40 170
 9  81  64  73  14   0   8 0.00  0.0    0 21.9 31 170   M    M   8        38 170
10  76  52  64   5   1   0 0.00  0.0    0 12.8 24 340   M    M   5        35 190
11  72  43  58  -1   7   0 0.00  0.0    0  6.2 14  10   M    M   3        19  20
12  80  49  65   5   0   0 0.00  0.0    0  8.7 18 190   M    M   8 18     23 200
13  80  59  70  10   0   5 0.01  0.0    0  6.3 16 280   M    M  10 13     23 200
14  83  64  74  14   0   9 0.20  0.0    0 16.3 33 180   M    M   5 1      39 180
15  83  64  74  14   0   9    T  0.0    0 17.0 28 190   M    M   6        34 190
16  80  62  71  10   0   6 0.71  0.0    0  9.0 25 350   M    M   9 135    31 340
17  73  58  66   5   0   1 0.76    T    0  3.8 24 250   M    M   9 135    27 250
18  81  53  67   6   0   2 0.00  0.0    0  8.4 21 180   M    M   4 12     24 180
19  80  64  72  10   0   7 0.00  0.0    0 15.3 28 180   M    M   5        35 180
20  73  62  68   6   0   3 0.24  0.0    0  9.2 23 360   M    M   8 1      26 360
================================================================================
SM 1523 1083        47  56  2.96    T    220.0          M      126
================================================================================
AV 76.2 54.2                              11.0 FASTST   M    M   6    MAX(MPH)
                                 MISC ---->  # 33 180               # 42  330
================================================================================
NOTES:
# LAST OF SEVERAL OCCURRENCES

COLUMN 17 PEAK WIND IN M.P.H.

PRELIMINARY LOCAL CLIMATOLOGICAL DATA (WS FORM: F-6) , PAGE 2

                                          STATION:  TULSA OKLAHOMA
                                          MONTH:    APRIL
                                          YEAR:     2017
                                          LATITUDE:   36 12 N
                                          LONGITUDE:  95 54 W

[TEMPERATURE DATA]      [PRECIPITATION DATA]       SYMBOLS USED IN COLUMN 16

AVERAGE MONTHLY: 65.2   TOTAL FOR MONTH:   2.96    1 = FOG OR MIST
DPTR FM NORMAL:   6.1   DPTR FM NORMAL:    0.68    2 = FOG REDUCING VISIBILITY
HIGHEST:    84 ON  8    GRTST 24HR  0.76 ON 17-17      TO 1/4 MILE OR LESS
LOWEST:     39 ON  7, 6                            3 = THUNDER
                        SNOW, ICE PELLETS, HAIL    4 = ICE PELLETS
                        TOTAL MONTH:    T          5 = HAIL
                        GRTST 24HR    T  ON 17-17  6 = FREEZING RAIN OR DRIZZLE
                        GRTST DEPTH:   0           7 = DUSTSTORM OR SANDSTORM:
                                                       VSBY 1/2 MILE OR LESS
                                                   8 = SMOKE OR HAZE
[NO. OF DAYS WITH]      [WEATHER - DAYS WITH]      9 = BLOWING SNOW
                                                   X = TORNADO
MAX 32 OR BELOW:   0    0.01 INCH OR MORE:   9
MAX 90 OR ABOVE:   0    0.10 INCH OR MORE:   7
MIN 32 OR BELOW:   0    0.50 INCH OR MORE:   3
MIN  0 OR BELOW:   0    1.00 INCH OR MORE:   0

[HDD (BASE 65) ]
TOTAL THIS MO.    47    CLEAR  (SCALE 0-3)   2
DPTR FM NORMAL  -101    PTCLDY (SCALE 4-7)  13
TOTAL FM JUL 1  2562    CLOUDY (SCALE 8-10)  5
DPTR FM NORMAL  -935

[CDD (BASE 65) ]
TOTAL THIS MO.    56
DPTR FM NORMAL    27    [PRESSURE DATA]
TOTAL FM JAN 1   112    HIGHEST SLP M ON M
DPTR FM NORMAL    71    LOWEST  SLP 29.42 ON  4

[REMARKS]
