000
CXUS53 KAPX 210631
CF6TVC
PRELIMINARY LOCAL CLIMATOLOGICAL DATA (WS FORM: F-6)

                                          STATION:   TRAVERSE CITY MI
                                          MONTH:     SEPTEMBER
                                          YEAR:      2017
                                          LATITUDE:   44 44 N
                                          LONGITUDE:  85 34 W

  TEMPERATURE IN F:       :PCPN:    SNOW:  WIND      :SUNSHINE: SKY     :PK WND
================================================================================
1   2   3   4   5  6A  6B    7    8   9   10  11  12  13   14  15   16   17  18
                                     12Z  AVG MX 2MIN
DY MAX MIN AVG DEP HDD CDD  WTR  SNW DPTH SPD SPD DIR MIN PSBL S-S WX    SPD DR
================================================================================

 1  68  41  55 -10  10   0 0.00    M    M  3.5 13 100   M    M   1        17 100
 2  73  43  58  -6   7   0 0.14    M    M  3.5 14 300   M    M   5 1      17 310
 3  79  56  68   4   0   3 0.00    M    M  5.6 18 280   M    M   5        23 290
 4  74  54  64   0   1   0 0.49    M    M  7.0 18 240   M    M   7 138    27 240
 5  64  52  58  -6   7   0 0.65    M    M  6.0 22 310   M    M   8 13     27 310
 6  64  51  58  -5   7   0 0.11    M    M  4.9 15  20   M    M   8 18     24  10
 7  62  52  57  -6   8   0 0.27    M    M  6.2 16 280   M    M   8 1      20 320
 8  63  45  54  -9  11   0 0.00    M    M  4.6 13  30   M    M   3        17  30
 9  66  40  53  -9  12   0 0.00    M    M  3.1 10  40   M    M   1        14  10
10  71  46  59  -3   6   0 0.00    M    M  2.4  9 330   M    M   0        12 330
11  75  46  61  -1   4   0 0.00    M    M  3.3 12 260   M    M   0        20 270
12  78  54  66   5   0   1 0.00    M    M  2.6  9  20   M    M   2        12  30
13  79  54  67   6   0   2 0.00    M    M  2.6 10  30   M    M   2 1      12  10
14  78  54  66   5   0   1 0.00    M    M  2.1  9 270   M    M   3 1      14 260
15  84  56  70  10   0   5 0.00    M    M  3.3 10 210   M    M   1 1      18 190
16  88  62  75  15   0  10 0.00    M    M  3.2 12 200   M    M   3        17 210
17  83  64  74  14   0   9 0.00    M    M  6.7 16 280   M    M   6 38     22 270
18  69  52  61   2   4   0 0.00    M    M  4.6 13  50   M    M   4        18  30
19  76  52  64   5   1   0 0.00    M    M  2.3 10  10   M    M   4 8      13  10
20  84  61  73  15   0   8 0.00    M    M  4.2 13 140   M    M   6 18     19 140
================================================================================
SM 1478 1035        78  39  1.66    M     81.7          M       77
================================================================================
AV 73.9 51.8                               4.1 FASTST   M    M   4    MAX(MPH)
                                 MISC ---->  # 22 310               # 27  240
================================================================================
NOTES:
# LAST OF SEVERAL OCCURRENCES

COLUMN 17 PEAK WIND IN M.P.H.

PRELIMINARY LOCAL CLIMATOLOGICAL DATA (WS FORM: F-6) , PAGE 2

                                          STATION:  TRAVERSE CITY MI
                                          MONTH:    SEPTEMBER
                                          YEAR:     2017
                                          LATITUDE:   44 44 N
                                          LONGITUDE:  85 34 W

[TEMPERATURE DATA]      [PRECIPITATION DATA]       SYMBOLS USED IN COLUMN 16

AVERAGE MONTHLY: 62.8   TOTAL FOR MONTH:   1.66    1 = FOG OR MIST
DPTR FM NORMAL:   1.1   DPTR FM NORMAL:   -0.71    2 = FOG REDUCING VISIBILITY
HIGHEST:    88 ON 16    GRTST 24HR  0.65 ON  5- 5      TO 1/4 MILE OR LESS
LOWEST:     40 ON  9                               3 = THUNDER
                        SNOW, ICE PELLETS, HAIL    4 = ICE PELLETS
                        TOTAL MONTH:    M          5 = HAIL
                        GRTST 24HR    M  ON   M    6 = FREEZING RAIN OR DRIZZLE
                        GRTST DEPTH:  M  ON   M    7 = DUSTSTORM OR SANDSTORM:
                                                       VSBY 1/2 MILE OR LESS
                                                   8 = SMOKE OR HAZE
[NO. OF DAYS WITH]      [WEATHER - DAYS WITH]      9 = BLOWING SNOW
                                                   X = TORNADO
MAX 32 OR BELOW:   0    0.01 INCH OR MORE:   5
MAX 90 OR ABOVE:   0    0.10 INCH OR MORE:   5
MIN 32 OR BELOW:   0    0.50 INCH OR MORE:   1
MIN  0 OR BELOW:   0    1.00 INCH OR MORE:   0

[HDD (BASE 65) ]
TOTAL THIS MO.    78    CLEAR  (SCALE 0-3)   8
DPTR FM NORMAL   -20    PTCLDY (SCALE 4-7)  11
TOTAL FM JUL 1   112    CLOUDY (SCALE 8-10)  1
DPTR FM NORMAL   -55

[CDD (BASE 65) ]
TOTAL THIS MO.    39
DPTR FM NORMAL     7    [PRESSURE DATA]
TOTAL FM JAN 1   422    HIGHEST SLP M ON M
DPTR FM NORMAL    21    LOWEST  SLP 29.57 ON  4

[REMARKS]
