000
CXUS55 KREV 260838
CF6TVL
PRELIMINARY LOCAL CLIMATOLOGICAL DATA (WS FORM: F-6)
STATION: SOUTH LAKE TAHOE CA
MONTH: APRIL
YEAR: 2024
LATITUDE: 38 53 N
LONGITUDE: 119 60 W
TEMPERATURE IN F: :PCPN: SNOW: WIND :SUNSHINE: SKY :PK WND
================================================================================
1 2 3 4 5 6A 6B 7 8 9 10 11 12 13 14 15 16 17 18
12Z AVG MX 2MIN
DY MAX MIN AVG DEP HDD CDD WTR SNW DPTH SPD SPD DIR MIN PSBL S-S WX SPD DR
================================================================================
1 49 25 37 -1 28 0 0.00 M M 3.1 14 30 M M 1 20 30
2 60 26 43 5 22 0 0.00 M M 2.5 12 30 M M 0 16 20
3 57 29 43 5 22 0 T M M 10.2 28 190 M M 3 13 44 200
4 37 20 29 -9 36 0 0.03 M M 11.6 23 190 M M 9 18 36 180
5 33 18 26 -13 39 0 T M M 5.9 20 180 M M 6 18 27 180
6 39 14 27 -12 38 0 0.00 M M 6.0 18 180 M M 0 32 210
7 44 18 31 -8 34 0 0.00 M M 5.2 15 20 M M 1 22 20
8 48 26 37 -2 28 0 0.00 M M 5.1 17 50 M M 0 26 60
9 61 24 43 4 22 0 0.00 M M 3.3 10 30 M M 0 16 30
10 64 28 46 7 19 0 0.00 M M 2.6 10 30 M M 0 15 20
11 65 28 47 7 18 0 0.00 M M 3.8 15 190 M M 0 23 190
12 60 28 44 4 21 0 0.01 M M 10.9 33 180 M M 2 49 180
13 52 32 42 2 23 0 T M M 13.9 30 190 M M 2 44 200
14 43 28 36 -4 29 0 T M M 6.6 20 180 M M 7 1 33 180
15 55 28 42 2 23 0 0.00 M M 3.1 12 40 M M 3 19 50
16 62 28 45 5 20 0 0.00 M M 3.9 14 190 M M 0 26 210
17 61 29 45 5 20 0 0.00 M M 3.7 16 190 M M 0 27 200
18 63 28 46 5 19 0 0.00 M M 3.8 18 190 M M 1 33 210
19 63 30 47 6 18 0 0.00 M M 4.1 14 190 M M 0 22 190
20 65 29 47 6 18 0 0.00 M M 2.1 14 200 M M 0 20 190
21 70 27 49 8 16 0 0.00 M M 2.7 13 20 M M 0 18 20
22 69 30 50 8 15 0 0.01 M M 4.0 16 190 M M 1 26 190
23 62 36 49 7 16 0 0.00 M M 2.4 15 190 M M 5 21 190
24 59 30 45 3 20 0 0.00 M M 2.4 13 30 M M 1 24 190
25 54 26 40 -2 25 0 T M M 7.1 20 190 M M 3 27 190
================================================================================
SM 1395 665 589 0 0.05 M 130.0 M 45
================================================================================
AV 55.8 26.6 5.2 FASTST M M 2 MAX(MPH)
MISC ----> 33 180 49 180
================================================================================
NOTES:
# LAST OF SEVERAL OCCURRENCES
COLUMN 17 PEAK WIND IN M.P.H.
PRELIMINARY LOCAL CLIMATOLOGICAL DATA (WS FORM: F-6) , PAGE 2
STATION: SOUTH LAKE TAHOE CA
MONTH: APRIL
YEAR: 2024
LATITUDE: 38 53 N
LONGITUDE: 119 60 W
[TEMPERATURE DATA] [PRECIPITATION DATA] SYMBOLS USED IN COLUMN 16
AVERAGE MONTHLY: 41.2 TOTAL FOR MONTH: 0.05 1 = FOG OR MIST
DPTR FM NORMAL: 1.3 DPTR FM NORMAL: -1.05 2 = FOG REDUCING VISIBILITY
HIGHEST: 70 ON 21 GRTST 24HR 0.03 ON 31- 1 TO 1/4 MILE OR LESS
LOWEST: 14 ON 6 3 = THUNDER
SNOW, ICE PELLETS, HAIL 4 = ICE PELLETS
TOTAL MONTH: M 5 = HAIL
GRTST 24HR M ON M 6 = FREEZING RAIN OR DRIZZLE
GRTST DEPTH: M ON M 7 = DUSTSTORM OR SANDSTORM:
VSBY 1/2 MILE OR LESS
8 = SMOKE OR HAZE
[NO. OF DAYS WITH] [WEATHER - DAYS WITH] 9 = BLOWING SNOW
X = TORNADO
MAX 32 OR BELOW: 0 0.01 INCH OR MORE: 3
MAX 90 OR ABOVE: 0 0.10 INCH OR MORE: 0
MIN 32 OR BELOW: 24 0.50 INCH OR MORE: 0
MIN 0 OR BELOW: 0 1.00 INCH OR MORE: 0
[HDD (BASE 65) ]
TOTAL THIS MO. 589 CLEAR (SCALE 0-3) 19
DPTR FM NORMAL -39 PTCLDY (SCALE 4-7) 5
TOTAL FM JUL 1 6478 CLOUDY (SCALE 8-10) 1
DPTR FM NORMAL -172
[CDD (BASE 65) ]
TOTAL THIS MO. 0
DPTR FM NORMAL 0 [PRESSURE DATA]
TOTAL FM JAN 1 0 HIGHEST SLP M ON M
DPTR FM NORMAL 0 LOWEST SLP 29.49 ON 4
[REMARKS]