000
CXUS54 KJAN 261414
CF6TVR
PRELIMINARY LOCAL CLIMATOLOGICAL DATA (WS FORM: F-6)

                                          STATION:   VICKSBURG
                                          MONTH:     MARCH
                                          YEAR:      2015
                                          LATITUDE:   32 20 N
                                          LONGITUDE:  91  2 W

  TEMPERATURE IN F:       :PCPN:    SNOW:  WIND      :SUNSHINE: SKY     :PK WND
================================================================================
1   2   3   4   5  6A  6B    7    8   9   10  11  12  13   14  15   16   17  18
                                     12Z  AVG MX 2MIN
DY MAX MIN AVG DEP HDD CDD  WTR  SNW DPTH SPD SPD DIR MIN PSBL S-S WX    SPD DR
================================================================================

 1  59  40  50  -4  15   0 0.35  0.0    0  3.3 12 100   M    M  10 18     13 120
 2  47  42  45  -9  20   0 0.04  0.0    0  7.6 16  10   M    M  10 1      19 360
 3  78  44  61   7   4   0    T  0.0    0  5.0 14 180   M    M   9 12     19 230
 4  82  36  59   5   6   0 0.34  0.0    0 12.2 29  10   M    M   8 12     36  20
 5  36  27  32 -23  33   0 0.38    M    M 17.9 30  20   M    M   6 1      38 360
 6  45  24  35 -20  30   0 0.00  0.0    M  7.8 15  20   M    M   0        18 350
 7  62  22  42 -13  23   0 0.00  0.0    0  1.3  7 170   M    M   0 1       9 170
 8  57  41  49  -6  16   0 0.14  0.0    0  3.5 10 100   M    M   9 1      12  90
 9  59  47  53  -3  12   0 0.45  0.0    0  6.2 12  90   M    M  10 1      13  90
10  72  56  64   8   1   0 0.71  0.0    0  6.7 16 160   M    M  10 1      21 160
11  63  54  59   3   6   0    T  0.0    0  7.2 13  10   M    M  10 1      16  10
12  74  55  65   9   0   0 0.03  0.0    0  7.5 15 140   M    M   8 1      19 120
13  73  61  67  10   0   2 0.54  0.0    0  5.8 17 160   M    M   8 1      22 160
14  69  58  64   7   1   0 0.01  0.0    0  5.4 12 260   M    M   7 1      16 260
15  76  54  65   8   0   0 0.00  0.0    0  5.1 12  10   M    M   4 1      15  10
16  81  53  67  10   0   2 0.00  0.0    0  2.7  9 260   M    M   2 12      M  M
17  81  59  70  12   0   5 0.00  0.0    0   M   M   M   M    M   M         M  M
18  75  57  66   8   0   1 0.17  0.0    0   M  13 280   M    M   M 1      18 280
19  72  54  63   5   2   0 0.00  0.0    0   M   7  30   M    M   M        10  10
20  68  59  64   6   1   0 0.08  0.0    0  5.2 13  10   M    M   M 1      17  10
21  61  56  59   1   6   0 0.78  0.0    0  6.0 13  20   M    M   M 1      15  20
22  64  56  60   1   5   0 0.06  0.0    0   M  12 300   M    M   M 1      16 330
23  70  53  62   3   3   0 0.00  0.0    M  5.8 15  20   M    M   5        19  10
24  75  46  61   2   4   0 0.00  0.0    0  4.7 14 180   M    M   1 12     19 180
25  80  56  68   9   0   3 0.00  0.0    0  7.8 16 170   M    M   2 12     22 170
================================================================================
SM 1679 1210       188  13  4.08     0.0 134.7          M      119
================================================================================
AV 67.2 48.4                               6.4 FASTST   M    M   6    MAX(MPH)
                                 MISC ---->  # 30  20               # 38  360
================================================================================
NOTES:
# LAST OF SEVERAL OCCURRENCES

COLUMN 17 PEAK WIND IN M.P.H.

PRELIMINARY LOCAL CLIMATOLOGICAL DATA (WS FORM: F-6) , PAGE 2

                                          STATION:  VICKSBURG
                                          MONTH:    MARCH
                                          YEAR:     2015
                                          LATITUDE:   32 20 N
                                          LONGITUDE:  91  2 W

[TEMPERATURE DATA]      [PRECIPITATION DATA]       SYMBOLS USED IN COLUMN 16

AVERAGE MONTHLY: 57.8   TOTAL FOR MONTH:   4.08    1 = FOG OR MIST
DPTR FM NORMAL:   1.2   DPTR FM NORMAL:   -0.01    2 = FOG REDUCING VISIBILITY
HIGHEST:    82 ON  4    GRTST 24HR  0.78 ON 21-21      TO 1/4 MILE OR LESS
LOWEST:     22 ON  7                               3 = THUNDER
                        SNOW, ICE PELLETS, HAIL    4 = ICE PELLETS
                        TOTAL MONTH:   0.0 INCH    5 = HAIL
                        GRTST 24HR     0.0         6 = FREEZING RAIN OR DRIZZLE
                        GRTST DEPTH:   0           7 = DUSTSTORM OR SANDSTORM:
                                                       VSBY 1/2 MILE OR LESS
                                                   8 = SMOKE OR HAZE
[NO. OF DAYS WITH]      [WEATHER - DAYS WITH]      9 = BLOWING SNOW
                                                   X = TORNADO
MAX 32 OR BELOW:   0    0.01 INCH OR MORE:  14
MAX 90 OR ABOVE:   0    0.10 INCH OR MORE:   9
MIN 32 OR BELOW:   3    0.50 INCH OR MORE:   3
MIN  0 OR BELOW:   0    1.00 INCH OR MORE:   0

[HDD (BASE 65) ]
TOTAL THIS MO.   188    CLEAR  (SCALE 0-3)   5
DPTR FM NORMAL   -41    PTCLDY (SCALE 4-7)   6
TOTAL FM JUL 1  2446    CLOUDY (SCALE 8-10)  8
DPTR FM NORMAL   241

[CDD (BASE 65) ]
TOTAL THIS MO.    13
DPTR FM NORMAL    -9    [PRESSURE DATA]
TOTAL FM JAN 1    13    HIGHEST SLP M ON M
DPTR FM NORMAL   -18    LOWEST  SLP 29.80 ON  4

[REMARKS]
