000
CXUS54 KJAN 201200
CF6TVR
PRELIMINARY LOCAL CLIMATOLOGICAL DATA (WS FORM: F-6)

                                          STATION:   VICKSBURG
                                          MONTH:     AUGUST
                                          YEAR:      2017
                                          LATITUDE:   32 20 N
                                          LONGITUDE:  91  2 W

  TEMPERATURE IN F:       :PCPN:    SNOW:  WIND      :SUNSHINE: SKY     :PK WND
================================================================================
1   2   3   4   5  6A  6B    7    8   9   10  11  12  13   14  15   16   17  18
                                     12Z  AVG MX 2MIN
DY MAX MIN AVG DEP HDD CDD  WTR  SNW DPTH SPD SPD DIR MIN PSBL S-S WX    SPD DR
================================================================================

 1  88  67  78  -4   0  13 0.00  0.0    0  2.9 10 150   M    M   0 1      13 120
 2  82  72  77  -5   0  12 0.02  0.0    0  1.6  7 170   M    M   4 1       8 170
 3  90  69  80  -2   0  15 0.00  0.0    0  1.9  8 190   M    M   1 1      11 180
 4  93  69  81  -1   0  16    T  0.0    0  2.4  9  30   M    M   1 123    14  20
 5  93  71  82   0   0  17    T  0.0    0  5.3 23 180   M    M   1 1      27 180
 6  87  74  81  -1   0  16 0.29  0.0    0  5.8 16 180   M    M   4 13     24 200
 7  86  74  80  -2   0  15 0.43  0.0    0  5.2 23 170   M    M   4 13     29 180
 8  81  73  77  -5   0  12 0.16  0.0    0  1.8  7 180   M    M   6 1       9 170
 9  89  73  81  -1   0  16 0.51  0.0    0  3.2 13 170   M    M   6 13     17 180
10  84  74  79  -3   0  14 0.40  0.0    0  3.9 12 180   M    M   7 13     16 170
11  91  72  82   0   0  17 2.43  0.0    0  2.4 22  10   M    M   7 13     28  10
12  90  72  81   0   0  16 0.00  0.0    0  2.3  9  30   M    M   3 18     11  30
13  91  76  84   3   0  19 0.11  0.0    0  2.5  8 130   M    M   4 128    12 290
14  92  76  84   3   0  19    T  0.0    0  3.8 14 290   M    M   3 1      24 290
15  94  75  85   4   0  20 0.09  0.0    0  4.5 14 170   M    M   3 13     18 180
16  91  74  83   2   0  18 0.81  0.0    0  4.2 16 170   M    M   5 13     21 250
17  90  73  82   1   0  17 0.09  0.0    0  3.1 15 280   M    M   1 13     26 270
18  95  74  85   4   0  20 0.37  0.0    0  2.5 24 310   M    M   3 13     35 310
19  92  73  83   2   0  18 0.42  0.0    0  1.5 14  70   M    M   1 13     26  10
================================================================================
SM 1699 1381         0 310  6.13     0.0  60.8          M       64
================================================================================
AV 89.4 72.7                               3.2 FASTST   M    M   3    MAX(MPH)
                                 MISC ---->  # 24 310               # 35  310
================================================================================
NOTES:
# LAST OF SEVERAL OCCURRENCES

COLUMN 17 PEAK WIND IN M.P.H.

PRELIMINARY LOCAL CLIMATOLOGICAL DATA (WS FORM: F-6) , PAGE 2

                                          STATION:  VICKSBURG
                                          MONTH:    AUGUST
                                          YEAR:     2017
                                          LATITUDE:   32 20 N
                                          LONGITUDE:  91  2 W

[TEMPERATURE DATA]      [PRECIPITATION DATA]       SYMBOLS USED IN COLUMN 16

AVERAGE MONTHLY: 81.1   TOTAL FOR MONTH:   6.13    1 = FOG OR MIST
DPTR FM NORMAL:  -0.5   DPTR FM NORMAL:    4.17    2 = FOG REDUCING VISIBILITY
HIGHEST:    95 ON 18    GRTST 24HR  2.43 ON 11-11      TO 1/4 MILE OR LESS
LOWEST:     67 ON  1                               3 = THUNDER
                        SNOW, ICE PELLETS, HAIL    4 = ICE PELLETS
                        TOTAL MONTH:   0.0 INCH    5 = HAIL
                        GRTST 24HR     0.0         6 = FREEZING RAIN OR DRIZZLE
                        GRTST DEPTH:   0           7 = DUSTSTORM OR SANDSTORM:
                                                       VSBY 1/2 MILE OR LESS
                                                   8 = SMOKE OR HAZE
[NO. OF DAYS WITH]      [WEATHER - DAYS WITH]      9 = BLOWING SNOW
                                                   X = TORNADO
MAX 32 OR BELOW:   0    0.01 INCH OR MORE:  13
MAX 90 OR ABOVE:  12    0.10 INCH OR MORE:  10
MIN 32 OR BELOW:   0    0.50 INCH OR MORE:   3
MIN  0 OR BELOW:   0    1.00 INCH OR MORE:   1

[HDD (BASE 65) ]
TOTAL THIS MO.     0    CLEAR  (SCALE 0-3)   8
DPTR FM NORMAL     0    PTCLDY (SCALE 4-7)  11
TOTAL FM JUL 1     0    CLOUDY (SCALE 8-10)  0
DPTR FM NORMAL     0

[CDD (BASE 65) ]
TOTAL THIS MO.   310
DPTR FM NORMAL    -4    [PRESSURE DATA]
TOTAL FM JAN 1  1750    HIGHEST SLP M ON M
DPTR FM NORMAL   138    LOWEST  SLP 29.83 ON 14

[REMARKS]
