000
CXUS54 KJAN 220800
CF6TVR
PRELIMINARY LOCAL CLIMATOLOGICAL DATA (WS FORM: F-6)

                                          STATION:   VICKSBURG
                                          MONTH:     JANUARY
                                          YEAR:      2017
                                          LATITUDE:   32 20 N
                                          LONGITUDE:  91  2 W

  TEMPERATURE IN F:       :PCPN:    SNOW:  WIND      :SUNSHINE: SKY     :PK WND
================================================================================
1   2   3   4   5  6A  6B    7    8   9   10  11  12  13   14  15   16   17  18
                                     12Z  AVG MX 2MIN
DY MAX MIN AVG DEP HDD CDD  WTR  SNW DPTH SPD SPD DIR MIN PSBL S-S WX    SPD DR
================================================================================

 1  60  56  58  12   7   0 0.01  0.0    0  4.5  9  10   M    M  10 1      12  10
 2  67  57  62  16   3   0 0.79  0.0    0  7.3 26 270   M    M   8 123    46 190
 3  75  51  63  18   2   0 0.00  0.0    0  4.4 13 350   M    M   1        21 330
 4  56  32  44  -1  21   0 0.00  0.0    0 10.2 24  20   M    M   6 1      32  10
 5  46  31  39  -6  26   0 0.03  0.0    0  6.2 18  10   M    M   9 1      24  20
 6  34  23  29 -16  36   0 0.37    M    0 15.8 24  10   M    M  10 1346   29  10
 7  32  20  26 -19  39   0 0.00  0.0    M 11.2 25  10   M    M   0        31 350
 8  39  16  28 -17  37   0 0.00  0.0    M  5.4 10 150   M    M   0        15  30
 9  57  27  42  -3  23   0 0.00  0.0    0  9.6 22 170   M    M   7        30 170
10  72  53  63  18   2   0 0.00  0.0    0 13.8 24 170   M    M   8        33 170
11  78  60  69  24   0   4 0.00  0.0    0 12.3 23 180   M    M   7        32 200
12  79  60  70  25   0   5 0.00  0.0    0  8.1 17 180   M    M   7        22 190
13  78  57  68  23   0   3 0.00  0.0    0  5.1 18 180   M    M   7 1      22 170
14  76  50  63  18   2   0 0.00  0.0    0  2.2  7  90   M    M   3 12      9 170
15  77  48  63  18   2   0 0.00  0.0    0  4.4 15 170   M    M   1 12     18 160
16  78  53  66  21   0   1 0.01  0.0    0 10.1 24 170   M    M   4        28 160
17  67  56  62  17   3   0    T  0.0    0  5.7 12 300   M    M   8 1      16 310
18  70  54  62  17   3   0 0.50  0.0    0  4.6 12 120   M    M   9 123    16 120
19  68  53  61  16   4   0 1.53  0.0    0  7.2 23 170   M    M   7 13     30 180
20  76  55  66  21   0   1    T  0.0    0  7.4 20 180   M    M   4 12     23 170
21  72  57  65  20   0   0 0.53  0.0    0  6.9 26 170   M    M   3 13     32 180
================================================================================
SM 1357  969       210  14  3.77     0.0 162.4          M      119
================================================================================
AV 64.6 46.1                               7.7 FASTST   M    M   6    MAX(MPH)
                                 MISC ---->  # 26 270               # 46  190
================================================================================
NOTES:
# LAST OF SEVERAL OCCURRENCES

COLUMN 17 PEAK WIND IN M.P.H.

PRELIMINARY LOCAL CLIMATOLOGICAL DATA (WS FORM: F-6) , PAGE 2

                                          STATION:  VICKSBURG
                                          MONTH:    JANUARY
                                          YEAR:     2017
                                          LATITUDE:   32 20 N
                                          LONGITUDE:  91  2 W

[TEMPERATURE DATA]      [PRECIPITATION DATA]       SYMBOLS USED IN COLUMN 16

AVERAGE MONTHLY: 55.4   TOTAL FOR MONTH:   3.77    1 = FOG OR MIST
DPTR FM NORMAL:  10.3   DPTR FM NORMAL:    0.48    2 = FOG REDUCING VISIBILITY
HIGHEST:    79 ON 12    GRTST 24HR  2.01 ON 18-19      TO 1/4 MILE OR LESS
LOWEST:     16 ON  8                               3 = THUNDER
                        SNOW, ICE PELLETS, HAIL    4 = ICE PELLETS
                        TOTAL MONTH:   0.0 INCH    5 = HAIL
                        GRTST 24HR     0.0         6 = FREEZING RAIN OR DRIZZLE
                        GRTST DEPTH:   0           7 = DUSTSTORM OR SANDSTORM:
                                                       VSBY 1/2 MILE OR LESS
                                                   8 = SMOKE OR HAZE
[NO. OF DAYS WITH]      [WEATHER - DAYS WITH]      9 = BLOWING SNOW
                                                   X = TORNADO
MAX 32 OR BELOW:   1    0.01 INCH OR MORE:   8
MAX 90 OR ABOVE:   0    0.10 INCH OR MORE:   5
MIN 32 OR BELOW:   6    0.50 INCH OR MORE:   4
MIN  0 OR BELOW:   0    1.00 INCH OR MORE:   1

[HDD (BASE 65) ]
TOTAL THIS MO.   210    CLEAR  (SCALE 0-3)   5
DPTR FM NORMAL  -209    PTCLDY (SCALE 4-7)  10
TOTAL FM JUL 1   947    CLOUDY (SCALE 8-10)  6
DPTR FM NORMAL  -409

[CDD (BASE 65) ]
TOTAL THIS MO.    14
DPTR FM NORMAL    14    [PRESSURE DATA]
TOTAL FM JAN 1    14    HIGHEST SLP M ON M
DPTR FM NORMAL    14    LOWEST  SLP 29.40 ON 21

[REMARKS]
