000
CXUS54 KJAN 011240
CF6TVR
PRELIMINARY LOCAL CLIMATOLOGICAL DATA (WS FORM: F-6)

                                          STATION:   VICKSBURG
                                          MONTH:     FEBRUARY
                                          YEAR:      2015
                                          LATITUDE:   32 20 N
                                          LONGITUDE:  91  2 W

  TEMPERATURE IN F:       :PCPN:    SNOW:  WIND      :SUNSHINE: SKY     :PK WND
================================================================================
1   2   3   4   5  6A  6B    7    8   9   10  11  12  13   14  15   16   17  18
                                     12Z  AVG MX 2MIN
DY MAX MIN AVG DEP HDD CDD  WTR  SNW DPTH SPD SPD DIR MIN PSBL S-S WX    SPD DR
================================================================================

 1  73  43  58  11   7   0 0.43  0.0    0 11.5 25 300   M    M   8 13     35 310
 2  43  30  37 -10  28   0 0.00  0.0    0  8.8 18 320   M    M   4        28 340
 3  47  29  38  -9  27   0 0.00  0.0    0  2.6  8 130   M    M   0        10 100
 4  50  33  42  -5  23   0    T  0.0    0  3.5 10 110   M    M   4        12 150
 5  47  31  39  -9  26   0 0.00  0.0    0 12.9 24  10   M    M   5        31 360
 6  57  21  39  -9  26   0 0.00  0.0    0  2.8  9 150   M    M   0        12 140
 7  68  30  49   1  16   0 0.00  0.0    0  6.0 18 180   M    M   0        23 170
 8  75  48  62  14   3   0 0.00  0.0    0  6.9 17 220   M    M   6        27 220
 9  71  41  56   8   9   0    T  0.0    0 10.2 21 360   M    M   1 18     27  10
10  54  34  44  -5  21   0 0.00  0.0    0  7.7 16  20   M    M   1        20  30
11  67  30  49   0  16   0 0.00  0.0    0  3.9 12  20   M    M   0 1      15 360
12  52  30  41  -8  24   0 0.00  0.0    0 15.0 25  20   M    M   0        30  20
13  49  27  38 -11  27   0 0.00  0.0    0  4.1 12  30   M    M   0        15  30
14  73  29  51   1  14   0 0.00  0.0    0  3.0 13 270   M    M   0        17 260
15  55  38  47  -3  18   0    T  0.0    0  7.9 15  10   M    M   2        20 360
16  64  29  47  -3  18   0 1.26  0.0    0 11.0 20 360   M    M  10 1      31 320
17  37  24  31 -19  34   0 0.00  0.0    0  8.3 20  10   M    M   6        25 360
18  48  24  36 -15  29   0 0.00  0.0    0  7.0 15 320   M    M   1        21 290
19  42  25  34 -17  31   0 0.00  0.0    0  8.8 20  20   M    M   3        24  30
20  58  25  42  -9  23   0 0.03  0.0    0 12.8 26 160   M    M   9        37 160
21  69  43  56   5   9   0 1.74  0.0    0 15.0 28 170   M    M  10 13     37 190
22  43  38  41 -11  24   0 0.66  0.0    0 11.5 22  10   M    M  10 1      28  20
23  38  27  33 -19  32   0 0.68    M    0 16.3 26  20   M    M  10 134    33  10
24  32  25  29 -23  36   0 0.00  0.0    0  4.7 16  10   M    M   6 1      20  10
25  35  30  33 -19  32   0 0.88    M    0  5.0 12 350   M    M   9 1      14 360
26  41  33  37 -16  28   0 0.00  0.0    0  7.8 18  20   M    M  10        22  30
27  41  28  35 -18  30   0 0.00  0.0    0 12.7 22  10   M    M   7        26  10
28  60  30  45  -8  20   0 0.00  0.0    0  5.9 14  10   M    M   7        16  10
================================================================================
SM 1489  875       631   0  5.68     0.0 233.6          M      129
================================================================================
AV 53.2 31.2                               8.3 FASTST   M    M   5    MAX(MPH)
                                 MISC ---->  # 28 170               # 37  160
================================================================================
NOTES:
# LAST OF SEVERAL OCCURRENCES

COLUMN 17 PEAK WIND IN M.P.H.

PRELIMINARY LOCAL CLIMATOLOGICAL DATA (WS FORM: F-6) , PAGE 2

                                          STATION:  VICKSBURG
                                          MONTH:    FEBRUARY
                                          YEAR:     2015
                                          LATITUDE:   32 20 N
                                          LONGITUDE:  91  2 W

[TEMPERATURE DATA]      [PRECIPITATION DATA]       SYMBOLS USED IN COLUMN 16

AVERAGE MONTHLY: 42.2   TOTAL FOR MONTH:   5.68    1 = FOG OR MIST
DPTR FM NORMAL:  -7.6   DPTR FM NORMAL:    0.41    2 = FOG REDUCING VISIBILITY
HIGHEST:    75 ON  8    GRTST 24HR  2.15 ON 21-22      TO 1/4 MILE OR LESS
LOWEST:     21 ON  6                               3 = THUNDER
                        SNOW, ICE PELLETS, HAIL    4 = ICE PELLETS
                        TOTAL MONTH:   0.0 INCH    5 = HAIL
                        GRTST 24HR     0.0         6 = FREEZING RAIN OR DRIZZLE
                        GRTST DEPTH:   0           7 = DUSTSTORM OR SANDSTORM:
                                                       VSBY 1/2 MILE OR LESS
                                                   8 = SMOKE OR HAZE
[NO. OF DAYS WITH]      [WEATHER - DAYS WITH]      9 = BLOWING SNOW
                                                   X = TORNADO
MAX 32 OR BELOW:   1    0.01 INCH OR MORE:   7
MAX 90 OR ABOVE:   0    0.10 INCH OR MORE:   6
MIN 32 OR BELOW:  19    0.50 INCH OR MORE:   5
MIN  0 OR BELOW:   0    1.00 INCH OR MORE:   2

[HDD (BASE 65) ]
TOTAL THIS MO.   631    CLEAR  (SCALE 0-3)  11
DPTR FM NORMAL   199    PTCLDY (SCALE 4-7)  10
TOTAL FM JUL 1  2258    CLOUDY (SCALE 8-10)  7
DPTR FM NORMAL   282

[CDD (BASE 65) ]
TOTAL THIS MO.     0
DPTR FM NORMAL    -6    [PRESSURE DATA]
TOTAL FM JAN 1     0    HIGHEST SLP 30.56 ON 27
DPTR FM NORMAL    -9    LOWEST  SLP 29.79 ON  1

[REMARKS]
#FINAL-02-15#
