000
CXUS56 KPQR 301200
CF6UAO
PRELIMINARY LOCAL CLIMATOLOGICAL DATA (WS FORM: F-6)

                                          STATION:   AURORA STATE OR
                                          MONTH:     JUNE
                                          YEAR:      2015
                                          LATITUDE:   45 15 N
                                          LONGITUDE: 122 46 W

  TEMPERATURE IN F:       :PCPN:    SNOW:  WIND      :SUNSHINE: SKY     :PK WND
================================================================================
1   2   3   4   5  6A  6B    7    8   9   10  11  12  13   14  15   16   17  18
                                     12Z  AVG MX 2MIN
DY MAX MIN AVG DEP HDD CDD  WTR  SNW DPTH SPD SPD DIR MIN PSBL S-S WX    SPD DR
================================================================================

 1  62  53  58  -2   7   0 0.30  0.0    0  5.0 15 200   M    M  10 13     21 220
 2  61  53  57  -3   8   0 0.07  0.0    0  6.0 16 180   M    M  10 1      24 180
 3  65  53  59  -1   6   0    T  0.0    0  3.9 12 350   M    M  10 1      15 350
 4  74  51  63   3   2   0 0.00  0.0    0  7.8 16 360   M    M   4        22 360
 5  86  53  70  10   0   5 0.00  0.0    0  7.4 18  20   M    M   0        25  30
 6  89  55  72  11   0   7 0.00  0.0    0  4.7 15  20   M    M   0        19  30
 7  90  56  73  12   0   8 0.00  0.0    0  5.1 14  10   M    M   0        20  20
 8  94  59  77  16   0  12 0.00  0.0    0  6.5 17  10   M    M   0        22  10
 9  91  57  74  13   0   9 0.00  0.0    0  4.9 16 350   M    M   0        22 350
10  80  50  65   4   0   0 0.00  0.0    0  4.4 13 350   M    M   0        18 330
11  81  50  66   5   0   1 0.00  0.0    0  6.4 18 340   M    M   0        25 340
12  74  50  62   0   3   0 0.00  0.0    0  6.9 16 350   M    M   1        23 360
13  77  45  61  -1   4   0 0.00  0.0    0  5.5 12 340   M    M   0        16 340
14  87  47  67   5   0   2 0.00  0.0    0  7.5 16 350   M    M   0        22 340
15  84  51  68   6   0   3 0.00  0.0    0  4.4 13 210   M    M   0        18 240
16  78  48  63   1   2   0 0.00  0.0    0  3.9 10 360   M    M   1         M  M
17  81  47  64   2   1   0 0.00  0.0    0  4.6 10  30   M    M   0        19 340
18  82  58  70   8   0   5 0.00  0.0    0  4.0 14 240   M    M   1 8      19 240
19  76  55  66   3   0   1 0.00  0.0    0  4.7 16 350   M    M   6        29  80
20  81  49  65   2   0   0 0.00  0.0    0  6.2 13  10   M    M   0        17  10
21  81  53  67   4   0   2 0.00  0.0    0  5.3 14 250   M    M   0        20 260
22  79  49  64   1   1   0 0.00  0.0    0  2.7  9 240   M    M   0        18 210
23  83  51  67   3   0   2 0.00  0.0    0  3.4 10 330   M    M   0        13 340
24  85  56  71   7   0   6 0.00  0.0    0  1.7  9 240   M    M   0        13  40
25  92  56  74  10   0   9 0.00  0.0    0  5.7 14  10   M    M   0        24  10
26  97  63  80  16   0  15 0.00  0.0    0  8.0 16  20   M    M   0        21 360
27  90  70  80  16   0  15 0.00  0.0    0  3.3 15 360   M    M   0        17  10
28  83  65  74   9   0   9 0.00  0.0    0  3.9 13 240   M    M   1 8      18 230
29  91  60  76  11   0  11 0.00  0.0    0  5.1 12 240   M    M   0        16 200
================================================================================
SM 2374 1563        34 122  0.37     0.0 148.9          M       44
================================================================================
AV 81.9 53.9                               5.1 FASTST   M    M   2    MAX(MPH)
                                 MISC ---->  # 18  20               # 29   80
================================================================================
NOTES:
# LAST OF SEVERAL OCCURRENCES

COLUMN 17 PEAK WIND IN M.P.H.

PRELIMINARY LOCAL CLIMATOLOGICAL DATA (WS FORM: F-6) , PAGE 2

                                          STATION:  AURORA STATE OR
                                          MONTH:    JUNE
                                          YEAR:     2015
                                          LATITUDE:   45 15 N
                                          LONGITUDE: 122 46 W

[TEMPERATURE DATA]      [PRECIPITATION DATA]       SYMBOLS USED IN COLUMN 16

AVERAGE MONTHLY: 67.9   TOTAL FOR MONTH:   0.37    1 = FOG OR MIST
DPTR FM NORMAL:   5.7   DPTR FM NORMAL:   -1.61    2 = FOG REDUCING VISIBILITY
HIGHEST:    97 ON 26    GRTST 24HR  0.30 ON  1- 1      TO 1/4 MILE OR LESS
LOWEST:     45 ON 13                               3 = THUNDER
                        SNOW, ICE PELLETS, HAIL    4 = ICE PELLETS
                        TOTAL MONTH:   0.0 INCH    5 = HAIL
                        GRTST 24HR     0.0         6 = FREEZING RAIN OR DRIZZLE
                        GRTST DEPTH:   0           7 = DUSTSTORM OR SANDSTORM:
                                                       VSBY 1/2 MILE OR LESS
                                                   8 = SMOKE OR HAZE
[NO. OF DAYS WITH]      [WEATHER - DAYS WITH]      9 = BLOWING SNOW
                                                   X = TORNADO
MAX 32 OR BELOW:   0    0.01 INCH OR MORE:   2
MAX 90 OR ABOVE:   7    0.10 INCH OR MORE:   1
MIN 32 OR BELOW:   0    0.50 INCH OR MORE:   0
MIN  0 OR BELOW:   0    1.00 INCH OR MORE:   0

[HDD (BASE 65) ]
TOTAL THIS MO.    34    CLEAR  (SCALE 0-3)  24
DPTR FM NORMAL   -80    PTCLDY (SCALE 4-7)   2
TOTAL FM JUL 1  3618    CLOUDY (SCALE 8-10)  3
DPTR FM NORMAL  -830

[CDD (BASE 65) ]
TOTAL THIS MO.   122
DPTR FM NORMAL    87    [PRESSURE DATA]
TOTAL FM JAN 1   134    HIGHEST SLP M ON M
DPTR FM NORMAL    84    LOWEST  SLP 29.81 ON  1

[REMARKS]
