000
CXUS53 KSGF 220800
CF6UNO
PRELIMINARY LOCAL CLIMATOLOGICAL DATA (WS FORM: F-6)

                                          STATION:   WEST PLAINS MO
                                          MONTH:     MAY
                                          YEAR:      2015
                                          LATITUDE:   36 52 N
                                          LONGITUDE:  91 55 W

  TEMPERATURE IN F:       :PCPN:    SNOW:  WIND      :SUNSHINE: SKY     :PK WND
================================================================================
1   2   3   4   5  6A  6B    7    8   9   10  11  12  13   14  15   16   17  18
                                     12Z  AVG MX 2MIN
DY MAX MIN AVG DEP HDD CDD  WTR  SNW DPTH SPD SPD DIR MIN PSBL S-S WX    SPD DR
================================================================================

 1  71  36  54  -8  11   0 0.00    M    M  2.6 10  50   M    M   0        15  30
 2  74  40  57  -5   8   0 0.00    M    M  4.6 13 190   M    M   1        19 180
 3  79  58  69   7   0   4 0.00    M    M  7.8 16 190   M    M   1        22 120
 4  81  58  70   8   0   5 0.00    M    M  7.2 15 170   M    M   2        22 210
 5  80  52  66   3   0   1    T    M    M  6.1 17 180   M    M   2 18     23 190
 6  80  55  68   5   0   3 0.00    M    M  6.6 17 170   M    M   2        24 160
 7  79  62  71   8   0   6 0.00  0.0    0  8.4 17 180   M    M   4        23 160
 8  75  64  70   7   0   5 0.67    M    M  5.9 17 200   M    M   6 13     23 180
 9  78  63  71   7   0   6 0.14    M    M  6.2 16 180   M    M   6 1      20 270
10  77  62  70   6   0   5 0.87    M    M  8.9 29 260   M    M   4 13     38 260
11  72  51  62  -2   3   0 1.23    M    M  7.6 20 280   M    M   5 13     26 260
12  68  45  57  -7   8   0 0.00    M    M  4.8 16 330   M    M   0        21 340
13  73  42  58  -7   7   0 0.00    M    M  7.6 18 120   M    M   3        24 130
14  73  56  65   0   0   0 0.09    M    M  9.3 17 170   M    M   7 8      24 170
15  78  58  68   3   0   3 0.20    M    M   M   M   M   M    M   3 13      M  M
16  78  67  73   8   0   8 0.62    M    M  9.2 22 170   M    M   9 1      29 150
17  76  62  69   3   0   4 0.73    M    M  7.0 25 270   M    M   6 13     35 270
18  82  61  72   6   0   7 0.00    M    M  4.7 13  10   M    M   5 123    18  10
19  74  52  63  -3   2   0 0.00    M    M  7.0 15  40   M    M   1        19  20
20  65  49  57  -9   8   0 0.17    M    M  7.4 15  10   M    M  10 1      20 120
21  63  43  53 -14  12   0 0.00    M    M  6.2 15  30   M    M   6        22 360
================================================================================
SM 1576 1136        59  57  4.72     0.0 135.1          M       83
================================================================================
AV 75.0 54.1                               6.8 FASTST   M    M   4    MAX(MPH)
                                 MISC ---->  # 29 260               # 38  260
================================================================================
NOTES:
# LAST OF SEVERAL OCCURRENCES

COLUMN 17 PEAK WIND IN M.P.H.

PRELIMINARY LOCAL CLIMATOLOGICAL DATA (WS FORM: F-6) , PAGE 2

                                          STATION:  WEST PLAINS MO
                                          MONTH:    MAY
                                          YEAR:     2015
                                          LATITUDE:   36 52 N
                                          LONGITUDE:  91 55 W

[TEMPERATURE DATA]      [PRECIPITATION DATA]       SYMBOLS USED IN COLUMN 16

AVERAGE MONTHLY: 64.6   TOTAL FOR MONTH:   4.72    1 = FOG OR MIST
DPTR FM NORMAL:   0.4   DPTR FM NORMAL:    1.07    2 = FOG REDUCING VISIBILITY
HIGHEST:    82 ON 18    GRTST 24HR  2.07 ON 10-11      TO 1/4 MILE OR LESS
LOWEST:     36 ON  1                               3 = THUNDER
                        SNOW, ICE PELLETS, HAIL    4 = ICE PELLETS
                        TOTAL MONTH:   0.0 INCH    5 = HAIL
                        GRTST 24HR     0.0         6 = FREEZING RAIN OR DRIZZLE
                        GRTST DEPTH:   0           7 = DUSTSTORM OR SANDSTORM:
                                                       VSBY 1/2 MILE OR LESS
                                                   8 = SMOKE OR HAZE
[NO. OF DAYS WITH]      [WEATHER - DAYS WITH]      9 = BLOWING SNOW
                                                   X = TORNADO
MAX 32 OR BELOW:   0    0.01 INCH OR MORE:   9
MAX 90 OR ABOVE:   0    0.10 INCH OR MORE:   8
MIN 32 OR BELOW:   0    0.50 INCH OR MORE:   5
MIN  0 OR BELOW:   0    1.00 INCH OR MORE:   1

[HDD (BASE 65) ]
TOTAL THIS MO.    59    CLEAR  (SCALE 0-3)  10
DPTR FM NORMAL    -9    PTCLDY (SCALE 4-7)   9
TOTAL FM JUL 1  4624    CLOUDY (SCALE 8-10)  2
DPTR FM NORMAL   294

[CDD (BASE 65) ]
TOTAL THIS MO.    57
DPTR FM NORMAL     8    [PRESSURE DATA]
TOTAL FM JAN 1    73    HIGHEST SLP M ON M
DPTR FM NORMAL    -4    LOWEST  SLP 29.78 ON M

[REMARKS]
