000
CXUS53 KUNR 250945
CF6UNR
PRELIMINARY LOCAL CLIMATOLOGICAL DATA (WS FORM: F-6)

                                          STATION:   EAST RAPID CITY SD
                                          MONTH:     SEPTEMBER
                                          YEAR:      2016
                                          LATITUDE:   44  4 N
                                          LONGITUDE: 103 13 W

  TEMPERATURE IN F:       :PCPN:    SNOW:  WIND      :SUNSHINE: SKY     :PK WND
================================================================================
1   2   3   4   5  6A  6B    7    8   9   10  11  12  13   14  15   16   17  18
                                     12Z  AVG MX 2MIN
DY MAX MIN AVG DEP HDD CDD  WTR  SNW DPTH SPD SPD DIR MIN PSBL S-S WX    SPD DR
================================================================================

 1  80  61  71   3   0   6 0.00  0.0    0 11.9 24 180   M    M   M        38 180
 2  81  61  71   4   0   6    T  0.0    0 11.0 20 140   M    M   M        26 150
 3  83  61  72   5   0   7 0.03  0.0    0  6.4 22 190   M    M   M 3      29 190
 4  73  53  63  -4   2   0 0.22  0.0    0  9.7 21 330   M    M   M 3      26 340
 5  77  52  65  -1   0   0    T  0.0    0  8.5 24 350   M    M   M        36 350
 6  69  54  62  -4   3   0 0.05  0.0    0  7.0 17 140   M    M   M        23 140
 7  76  51  64  -1   1   0    T  0.0    0 11.5 30 360   M    M   M        45 360
 8  83  52  68   3   0   3 0.00  0.0    0 10.3 29 330   M    M   M        40 330
 9  62  50  56  -8   9   0 0.02  0.0    0 11.5 28 330   M    M   M        39 330
10  80  49  65   1   0   0 0.00  0.0    0  6.6 16 140   M    M   M        22 210
11  87  59  73   9   0   8 0.00  0.0    M   M   M   M   M    M   M        46 340
12  59  45  52 -11  13   0 0.02  0.0    0   M   M   M   M    M   M        29  M
13  51  42  47 -16  18   0 0.06  0.0    M   M   M   M   M    M   M         M  M
14  75  40  58  -4   7   0    T  0.0    0 11.8 22 280   M    M   M 3      37 280
15  71  56  64   2   1   0 0.08  0.0    0  6.7 17 330   M    M   M 3      22  10
16  72  54  63   2   2   0    T  0.0    0  5.7  9 270   M    M   M        35 340
17  82  55  69   8   0   4 0.00  0.0    0  5.7 13 120   M    M   M        18 260
18  82  58  70  10   0   5 0.00  0.0    0  8.1 17  20   M    M   M        23  20
19  81  59  70  10   0   5    T  0.0    0  7.7 17 140   M    M   M        24 140
20  79  56  68   9   0   3 0.00  0.0    0  7.7 21 330   M    M   M        31 340
21  71  54  63   4   2   0 0.00  0.0    0  8.6 18  10   M    M   M        23  10
22  58  51  55  -3  10   0 0.02  0.0    0  6.1 13 120   M    M   M        15 120
23  73  51  62   4   3   0 0.31  0.0    0  6.5 23  10   M    M   M 13     29 320
24  65  50  58   1   7   0 0.06  0.0    0 10.0 28 320   M    M   M 1      45 320
================================================================================
SM 1770 1274        78  47  0.87     0.0 179.0          M        M
================================================================================
AV 73.8 53.1                               8.5 FASTST   M    M   3    MAX(MPH)
                                 MISC ---->  # 30 360               # 46  340
================================================================================
NOTES:
# LAST OF SEVERAL OCCURRENCES

COLUMN 17 PEAK WIND IN M.P.H.

PRELIMINARY LOCAL CLIMATOLOGICAL DATA (WS FORM: F-6) , PAGE 2

                                          STATION:  EAST RAPID CITY SD
                                          MONTH:    SEPTEMBER
                                          YEAR:     2016
                                          LATITUDE:   44  4 N
                                          LONGITUDE: 103 13 W

[TEMPERATURE DATA]      [PRECIPITATION DATA]       SYMBOLS USED IN COLUMN 16

AVERAGE MONTHLY: 63.4   TOTAL FOR MONTH:   0.87    1 = FOG OR MIST
DPTR FM NORMAL:   0.7   DPTR FM NORMAL:   -0.39    2 = FOG REDUCING VISIBILITY
HIGHEST:    87 ON 11    GRTST 24HR  0.31 ON 23-23      TO 1/4 MILE OR LESS
LOWEST:     40 ON 14                               3 = THUNDER
                        SNOW, ICE PELLETS, HAIL    4 = ICE PELLETS
                        TOTAL MONTH:   0.0 INCH    5 = HAIL
                        GRTST 24HR     0.0         6 = FREEZING RAIN OR DRIZZLE
                        GRTST DEPTH:   0           7 = DUSTSTORM OR SANDSTORM:
                                                       VSBY 1/2 MILE OR LESS
                                                   8 = SMOKE OR HAZE
[NO. OF DAYS WITH]      [WEATHER - DAYS WITH]      9 = BLOWING SNOW
                                                   X = TORNADO
MAX 32 OR BELOW:   0    0.01 INCH OR MORE:  10
MAX 90 OR ABOVE:   0    0.10 INCH OR MORE:   2
MIN 32 OR BELOW:   0    0.50 INCH OR MORE:   0
MIN  0 OR BELOW:   0    1.00 INCH OR MORE:   0

[HDD (BASE 65) ]
TOTAL THIS MO.    78    CLEAR  (SCALE 0-3)   0
DPTR FM NORMAL   -39    PTCLDY (SCALE 4-7)   0
TOTAL FM JUL 1   103    CLOUDY (SCALE 8-10)  0
DPTR FM NORMAL   -44

[CDD (BASE 65) ]
TOTAL THIS MO.    47
DPTR FM NORMAL   -16    [PRESSURE DATA]
TOTAL FM JAN 1   807    HIGHEST SLP M ON M
DPTR FM NORMAL   149    LOWEST  SLP 29.43 ON 23

[REMARKS]
