000
CXUS54 KEWX 010910
CF6UVA
PRELIMINARY LOCAL CLIMATOLOGICAL DATA (WS FORM: F-6)

                                          STATION:   UVALDE
                                          MONTH:     APRIL
                                          YEAR:      2016
                                          LATITUDE:   29 12 N
                                          LONGITUDE:  99 44 W

  TEMPERATURE IN F:       :PCPN:    SNOW:  WIND      :SUNSHINE: SKY     :PK WND
================================================================================
1   2   3   4   5  6A  6B    7    8   9   10  11  12  13   14  15   16   17  18
                                     12Z  AVG MX 2MIN
DY MAX MIN AVG DEP HDD CDD  WTR  SNW DPTH SPD SPD DIR MIN PSBL S-S WX    SPD DR
================================================================================

 1  66  44  55   M  10   0 0.00  0.0    0 11.3 18  20   M    M   4 3      27  50
 2  71  38  55   M  10   0 0.00  0.0    0  3.1  7 360   M    M   0         M  M
 3  76  39  58   M   7   0 0.00  0.0    0  3.7 10 190   M    M   0         M  M
 4  82  42  62   M   3   0 0.00  0.0    0  4.1  9 110   M    M   0         M  M
 5  81  47  64   M   1   0 0.00  0.0    0  7.6 15 130   M    M   0        20 140
 6  81  51  66   M   0   1 0.03  0.0    0  5.5 14  30   M    M   1        23  30
 7  81  46  64   M   1   0 0.00  0.0    0  4.2  9 170   M    M   0        16 170
 8  79  56  68   M   0   3 0.00    M    0  7.9 16 110   M    M   0        22 130
 9  76  58  67   M   0   2 0.00    M    0  7.1 13 140   M    M   9        18 140
10  82  64  73   M   0   8 0.24  0.0    0  9.8 15 140   M    M   8 13     21 140
11  86  66  76   M   0  11 0.00    M    0  3.9  9 120   M    M   4 1       M  M
12  75  63  69   M   0   4 0.89  0.0    0  9.5 16 100   M    M   8 13     22 360
13  75  58  67   M   0   2 0.09  0.0    0  4.6  9 330   M    M   5 3       M  M
14  80  52  66   M   0   1 0.00    M    0  3.0  9  90   M    M   1 1       M  M
15  80  56  68   M   0   3 0.00    M    0  9.1 18 120   M    M   5 1      24 120
16  81  65  73   M   0   8 0.01  0.0    0 12.2 18 110   M    M   8 1      27 110
17  82  68  75   M   0  10 0.01  0.0    0  7.8 18 130   M    M   8 138    28 130
18  75  64  70   M   0   5 0.01  0.0    0  9.9 17  80   M    M   9 13     25  80
19  75  63  69   M   0   4 0.00  0.0    0  4.5 12 110   M    M   8         M  M
20  80  64  72   M   0   7 0.00  0.0    0  6.1 15  60   M    M   7 1      18  60
21  83  63  73   M   0   8 0.00    M    M  5.8 16  40   M    M   5 1      31  40
22  83  60  72   M   0   7 0.00    M    M  4.2  7  90   M    M   1         M  M
23  83  55  69   M   0   4 0.06    M    0  6.3 12 100   M    M   3 3      16 100
24  81  61  71   M   0   6 0.05  0.0    0  4.7 10 150   M    M   5         M  M
25  91  65  78   M   0  13 0.00  0.0    0  6.4 18 120   M    M   6 1      23 120
26  87  69  78   M   0  13 0.00  0.0    0  8.9 14 120   M    M   6 18     18 120
27  89  56  73   M   0   8 0.03  0.0    0  5.4 20 360   M    M   2 13     29  10
28  84  57  71   M   0   6 0.00  0.0    0  9.8 16 110   M    M   6 18     20 110
29  88  70  79   M   0  14 0.00  0.0    0  5.4 15 170   M    M   6 1      16 180
30  88  56  72   M   0   7 0.19    M    0  5.9 18  10   M    M   2 1      41  30
================================================================================
SM 2421 1716        32 155  1.61     0.0 197.7          M      127
================================================================================
AV 80.7 57.2                               6.6 FASTST   M    M   4    MAX(MPH)
                                 MISC ---->    20   M                 41    M
================================================================================
NOTES:
# LAST OF SEVERAL OCCURRENCES

COLUMN 17 PEAK WIND IN M.P.H.

PRELIMINARY LOCAL CLIMATOLOGICAL DATA (WS FORM: F-6) , PAGE 2

                                          STATION:  UVALDE
                                          MONTH:    APRIL
                                          YEAR:     2016
                                          LATITUDE:   29 12 N
                                          LONGITUDE:  99 44 W

[TEMPERATURE DATA]      [PRECIPITATION DATA]       SYMBOLS USED IN COLUMN 16

AVERAGE MONTHLY: 68.9   TOTAL FOR MONTH:   1.61    1 = FOG OR MIST
DPTR FM NORMAL:     M   DPTR FM NORMAL:       M    2 = FOG REDUCING VISIBILITY
HIGHEST:    91 ON 25    GRTST 24HR  0.89 ON 12-12      TO 1/4 MILE OR LESS
LOWEST:     38 ON  2                               3 = THUNDER
                        SNOW, ICE PELLETS, HAIL    4 = ICE PELLETS
                        TOTAL MONTH:   0.0 INCH    5 = HAIL
                        GRTST 24HR     0.0         6 = FREEZING RAIN OR DRIZZLE
                        GRTST DEPTH:   0           7 = DUSTSTORM OR SANDSTORM:
                                                       VSBY 1/2 MILE OR LESS
                                                   8 = SMOKE OR HAZE
[NO. OF DAYS WITH]      [WEATHER - DAYS WITH]      9 = BLOWING SNOW
                                                   X = TORNADO
MAX 32 OR BELOW:   0    0.01 INCH OR MORE:  11
MAX 90 OR ABOVE:   1    0.10 INCH OR MORE:   3
MIN 32 OR BELOW:   0    0.50 INCH OR MORE:   1
MIN  0 OR BELOW:   0    1.00 INCH OR MORE:   0

[HDD (BASE 65) ]
TOTAL THIS MO.    32    CLEAR  (SCALE 0-3)  12
DPTR FM NORMAL     M    PTCLDY (SCALE 4-7)  16
TOTAL FM JUL 1  1294    CLOUDY (SCALE 8-10)  2
DPTR FM NORMAL     M

[CDD (BASE 65) ]
TOTAL THIS MO.   155
DPTR FM NORMAL     M    [PRESSURE DATA]
TOTAL FM JAN 1   243    HIGHEST SLP M ON M
DPTR FM NORMAL     M    LOWEST  SLP M ON M

[REMARKS]
#FINAL-04-16#
