000
CXUS56 KSTO 261355
CF6VCB
PRELIMINARY LOCAL CLIMATOLOGICAL DATA (WS FORM: F-6)

                                          STATION:   VACAVILLE AIRPORT CA
                                          MONTH:     SEPTEMBER
                                          YEAR:      2016
                                          LATITUDE:   38 22 N
                                          LONGITUDE: 121 58 W

  TEMPERATURE IN F:       :PCPN:    SNOW:  WIND      :SUNSHINE: SKY     :PK WND
================================================================================
1   2   3   4   5  6A  6B    7    8   9   10  11  12  13   14  15   16   17  18
                                     12Z  AVG MX 2MIN
DY MAX MIN AVG DEP HDD CDD  WTR  SNW DPTH SPD SPD DIR MIN PSBL S-S WX    SPD DR
================================================================================

 1  87  58  73  -1   0   8 0.00  0.0    0  5.9 13 190   M    M   0        18 230
 2  91  55  73  -1   0   8 0.00  0.0    0  4.7 13 200   M    M   0        17 210
 3  84  59  72  -2   0   7 0.00  0.0    0  8.2 16 220   M    M   0        24 230
 4  85  54  70  -4   0   5 0.00  0.0    0  4.6 13 220   M    M   0        18 220
 5  91  51  71  -3   0   6 0.00  0.0    0  3.5 14 260   M    M   0        16 250
 6  95  52  74   0   0   9 0.00  0.0    0  2.4  9 180   M    M   0        12  90
 7  98  57  78   4   0  13 0.00  0.0    0  4.2 15 350   M    M   0        22 340
 8  95  62  79   5   0  14 0.00  0.0    0  6.9 13 220   M    M   0        16 180
 9  94  57  76   3   0  11 0.00  0.0    0  4.2 12 190   M    M   0        16 180
10  94  58  76   3   0  11 0.00  0.0    0  5.9 13 220   M    M   0        17 210
11  81  57  69  -4   0   4 0.00  0.0    0  8.7 20 220   M    M   0        29 210
12  76  53  65  -8   0   0 0.00  0.0    0  9.5 21 210   M    M   0        30 220
13  77  50  64  -9   1   0 0.00  0.0    0  6.1 13 220   M    M   0        17 220
14  85  49  67  -5   0   2 0.00  0.0    0  2.1 10 150   M    M   0        13 160
15  88  52  70  -2   0   5 0.00  0.0    0  3.4 14 180   M    M   0        18 180
16  91  51  71  -1   0   6 0.00  0.0    0  3.1 12 220   M    M   0        16 210
17  98  52  75   3   0  10 0.00  0.0    0  2.0 12 190   M    M   0        17 190
18  99  57  78   6   0  13 0.00  0.0    0  3.3  9 160   M    M   0        12 150
19 100  59  80   9   0  15 0.00  0.0    0  4.4 13 240   M    M   0        16 210
20  93  65  79   8   0  14 0.00  0.0    0 11.5 26 230   M    M   0        34 220
21  82  54  68  -3   0   3 0.00  0.0    0  9.8 20 220   M    M   0        28 170
22  79  46  63  -8   2   0 0.00  0.0    0  5.0 15 230   M    M   0        20 220
23  85  48  67  -3   0   2 0.00  0.0    0  2.4 13 170   M    M   0        18 190
24  97  54  76   6   0  11 0.00  0.0    0  2.3 12 350   M    M   0        20 350
25  97  58  78   8   0  13 0.00  0.0    0  4.7 12  70   M    M   0        17  70
================================================================================
SM 2242 1368         3 190  0.00     0.0 128.8          M        0
================================================================================
AV 89.7 54.7                               5.2 FASTST   M    M   0    MAX(MPH)
                                 MISC ---->  # 26 230               # 34  220
================================================================================
NOTES:
# LAST OF SEVERAL OCCURRENCES

COLUMN 17 PEAK WIND IN M.P.H.

PRELIMINARY LOCAL CLIMATOLOGICAL DATA (WS FORM: F-6) , PAGE 2

                                          STATION:  VACAVILLE AIRPORT CA
                                          MONTH:    SEPTEMBER
                                          YEAR:     2016
                                          LATITUDE:   38 22 N
                                          LONGITUDE: 121 58 W

[TEMPERATURE DATA]      [PRECIPITATION DATA]       SYMBOLS USED IN COLUMN 16

AVERAGE MONTHLY: 72.2   TOTAL FOR MONTH:   0.00    1 = FOG OR MIST
DPTR FM NORMAL:  -0.2   DPTR FM NORMAL:   -0.16    2 = FOG REDUCING VISIBILITY
HIGHEST:   100 ON 19    GRTST 24HR  0.00 ON 25-25      TO 1/4 MILE OR LESS
LOWEST:     46 ON 22                               3 = THUNDER
                        SNOW, ICE PELLETS, HAIL    4 = ICE PELLETS
                        TOTAL MONTH:   0.0 INCH    5 = HAIL
                        GRTST 24HR     0.0         6 = FREEZING RAIN OR DRIZZLE
                        GRTST DEPTH:   0           7 = DUSTSTORM OR SANDSTORM:
                                                       VSBY 1/2 MILE OR LESS
                                                   8 = SMOKE OR HAZE
[NO. OF DAYS WITH]      [WEATHER - DAYS WITH]      9 = BLOWING SNOW
                                                   X = TORNADO
MAX 32 OR BELOW:   0    0.01 INCH OR MORE:   0
MAX 90 OR ABOVE:  14    0.10 INCH OR MORE:   0
MIN 32 OR BELOW:   0    0.50 INCH OR MORE:   0
MIN  0 OR BELOW:   0    1.00 INCH OR MORE:   0

[HDD (BASE 65) ]
TOTAL THIS MO.     3    CLEAR  (SCALE 0-3)  25
DPTR FM NORMAL     0    PTCLDY (SCALE 4-7)   0
TOTAL FM JUL 1     3    CLOUDY (SCALE 8-10)  0
DPTR FM NORMAL     0

[CDD (BASE 65) ]
TOTAL THIS MO.   190
DPTR FM NORMAL    -2    [PRESSURE DATA]
TOTAL FM JAN 1  1380    HIGHEST SLP M ON M
DPTR FM NORMAL   164    LOWEST  SLP 29.71 ON  3

[REMARKS]
