000
CXUS54 KCRP 281300
CF6VCT
PRELIMINARY LOCAL CLIMATOLOGICAL DATA (WS FORM: F-6)

                                          STATION:   VICTORIA
                                          MONTH:     JUNE
                                          YEAR:      2017
                                          LATITUDE:   28 51 N
                                          LONGITUDE:  96 55 W

  TEMPERATURE IN F:       :PCPN:    SNOW:  WIND      :SUNSHINE: SKY     :PK WND
================================================================================
1   2   3   4   5  6A  6B    7    8   9   10  11  12  13   14  15   16   17  18
                                     12Z  AVG MX 2MIN
DY MAX MIN AVG DEP HDD CDD  WTR  SNW DPTH SPD SPD DIR MIN PSBL S-S WX    SPD DR
================================================================================

 1  85  71  78  -2   0  13 0.16  0.0    0  9.2 22 150   M    M   7 13     26 150
 2  92  74  83   3   0  18 0.00  0.0    0  5.9 18 120   M    M   5 128    23 120
 3  95  74  85   5   0  20 0.00  0.0    M  5.3 15 160   M    M   3 1      17 160
 4  94  70  82   1   0  17 0.03  0.0    0  4.0 23 350   M    M   3 13     30 350
 5  91  70  81   0   0  16 0.11  0.0    0  4.8 20  20   M    M   3 13     24  20
 6  92  72  82   1   0  17 0.00  0.0    0  8.2 20 340   M    M   2        26 350
 7  94  68  81   0   0  16 0.00  0.0    0  5.9 13 360   M    M   1        15  10
 8  92  72  82   1   0  17 0.00  0.0    0  6.3 17 140   M    M   2 1      23 140
 9  90  71  81   0   0  16 0.00  0.0    0  9.4 20 130   M    M   0        23 120
10  91  71  81  -1   0  16 0.00  0.0    0 11.1 20 150   M    M   1        23 150
11  92  69  81  -1   0  16 0.00  0.0    0  8.9 16 130   M    M   1 1      20 120
12  92  72  82   0   0  17 0.00  0.0    0  8.2 17 130   M    M   2 12     24 130
13  93  76  85   3   0  20 0.03  0.0    0 11.8 23 150   M    M   3 1      30 140
14  95  76  86   4   0  21 0.00  0.0    0 12.0 23 150   M    M   3 1      28 150
15  95  75  85   3   0  20 0.00  0.0    0 10.3 22 150   M    M   5 1      27 170
16  96  72  84   2   0  19 0.00  0.0    0 11.5 21 160   M    M   3 1      26 150
17  96  77  87   5   0  22 0.00  0.0    0 14.2 24 160   M    M   4        30 150
18  96  78  87   5   0  22    T  0.0    0 13.5 24 160   M    M   5        30 180
19  97  75  86   4   0  21    T  0.0    0  4.0 16 140   M    M   3 1      20 150
20  99  75  87   5   0  22 0.00  0.0    0  7.9 17  50   M    M   3        24  20
21  98  73  86   3   0  21 0.00  0.0    0 12.3 26  20   M    M   0 1      32  20
22 102  75  89   6   0  24    T  0.0    0 11.2 23 150   M    M   1        29 150
23  98  80  89   6   0  24 0.00  0.0    0 12.7 23 160   M    M   4 18     27 180
24  86  75  81  -2   0  16 0.76  0.0    0  7.2 21 360   M    M   5 138    27 360
25  94  74  84   1   0  19 0.30  0.0    0  5.7 30 170   M    M   2 13     39 170
26  88  74  81  -2   0  16 1.63  0.0    0  5.8 21 120   M    M   4 13     26 110
27  87  72  80  -3   0  15 0.43  0.0    0  6.9 23  30   M    M   6 138    29  20
================================================================================
SM 2520 1981         0 501  3.45     0.0 234.2          M       81
================================================================================
AV 93.3 73.4                               8.7 FASTST   M    M   3    MAX(MPH)
                                 MISC ---->  # 30 170               # 39  170
================================================================================
NOTES:
# LAST OF SEVERAL OCCURRENCES

COLUMN 17 PEAK WIND IN M.P.H.

PRELIMINARY LOCAL CLIMATOLOGICAL DATA (WS FORM: F-6) , PAGE 2

                                          STATION:  VICTORIA
                                          MONTH:    JUNE
                                          YEAR:     2017
                                          LATITUDE:   28 51 N
                                          LONGITUDE:  96 55 W

[TEMPERATURE DATA]      [PRECIPITATION DATA]       SYMBOLS USED IN COLUMN 16

AVERAGE MONTHLY: 83.4   TOTAL FOR MONTH:   3.45    1 = FOG OR MIST
DPTR FM NORMAL:   1.5   DPTR FM NORMAL:   -0.61    2 = FOG REDUCING VISIBILITY
HIGHEST:   102 ON 22    GRTST 24HR  1.63 ON 26-26      TO 1/4 MILE OR LESS
LOWEST:     68 ON  7                               3 = THUNDER
                        SNOW, ICE PELLETS, HAIL    4 = ICE PELLETS
                        TOTAL MONTH:   0.0 INCH    5 = HAIL
                        GRTST 24HR     0.0         6 = FREEZING RAIN OR DRIZZLE
                        GRTST DEPTH:   0           7 = DUSTSTORM OR SANDSTORM:
                                                       VSBY 1/2 MILE OR LESS
                                                   8 = SMOKE OR HAZE
[NO. OF DAYS WITH]      [WEATHER - DAYS WITH]      9 = BLOWING SNOW
                                                   X = TORNADO
MAX 32 OR BELOW:   0    0.01 INCH OR MORE:   8
MAX 90 OR ABOVE:  23    0.10 INCH OR MORE:   6
MIN 32 OR BELOW:   0    0.50 INCH OR MORE:   2
MIN  0 OR BELOW:   0    1.00 INCH OR MORE:   1

[HDD (BASE 65) ]
TOTAL THIS MO.     0    CLEAR  (SCALE 0-3)  14
DPTR FM NORMAL     0    PTCLDY (SCALE 4-7)  13
TOTAL FM JUL 1   567    CLOUDY (SCALE 8-10)  0
DPTR FM NORMAL  -682

[CDD (BASE 65) ]
TOTAL THIS MO.   501
DPTR FM NORMAL    47    [PRESSURE DATA]
TOTAL FM JAN 1  1513    HIGHEST SLP M ON M
DPTR FM NORMAL   400    LOWEST  SLP 29.61 ON 21

[REMARKS]
