000
CXUS55 KGJT 301000
CF6VEL
PRELIMINARY LOCAL CLIMATOLOGICAL DATA (WS FORM: F-6)

                                          STATION:   VERNAL UT
                                          MONTH:     AUGUST
                                          YEAR:      2014
                                          LATITUDE:   40 27 N
                                          LONGITUDE: 109 31 W

  TEMPERATURE IN F:       :PCPN:    SNOW:  WIND      :SUNSHINE: SKY     :PK WND
================================================================================
1   2   3   4   5  6A  6B    7    8   9   10  11  12  13   14  15   16   17  18
                                     12Z  AVG MX 2MIN
DY MAX MIN AVG DEP HDD CDD  WTR  SNW DPTH SPD SPD DIR MIN PSBL S-S WX    SPD DR
================================================================================

 1  88  56  72  -1   0   7 0.00    M    M  4.8 14 170   M    M   0        19 180
 2  90  57  74   1   0   9 0.00    M    M  3.5  8 190   M    M   0        12 150
 3  88  57  73   0   0   8    T    M    M  5.0 18 200   M    M   1        25 210
 4  80  62  71  -2   0   6 0.05    M    M  4.9 15 140   M    M   5 3      18 150
 5  81  58  70  -2   0   5    T    M    M  5.7 21 260   M    M   5 3      30 270
 6  85  56  71  -1   0   6 0.01    M    M  5.8 23 220   M    M   0 3      30 220
 7  83  60  72   0   0   7 0.01    M    M  4.6 21  10   M    M   1 3      26  10
 8  81  53  67  -5   0   2    T    M    M  5.4 22 360   M    M   1        27 350
 9  83  55  69  -3   0   4 0.01    M    M  5.8 26 330   M    M   0 3      32 340
10  89  53  71  -1   0   6 0.00    M    M  4.9 14 350   M    M   0        24 140
11  91  55  73   1   0   8 0.00    M    M  3.2  9 320   M    M   0        12 170
12  88  57  73   2   0   8 0.00    M    M  5.9 23 190   M    M   1        33 180
13  79  60  70  -1   0   5 0.15    M    M  4.3 15 290   M    M   7 1      21 290
14  78  59  69  -2   0   4    T    M    M  3.2 12 100   M    M   5        14 110
15  88  58  73   2   0   8 0.00    M    M  6.7 20  50   M    M   1 3      26  40
16  92  56  74   3   0   9 0.00    M    M  3.7 12 360   M    M   0        16 330
17  92  56  74   4   0   9 0.00    M    M  5.8 21  10   M    M   0        29  10
18  93  59  76   6   0  11 0.00    M    M  6.3 20  20   M    M   0 3      23  20
19  81  59  70   0   0   5 0.57    M    M  6.6 23 220   M    M   7 13     32 230
20  76  56  66  -4   0   1 0.47    M    M  5.0 29 330   M    M   6 13     40 330
21  79  52  66  -3   0   1 0.01    M    M  6.5 18 350   M    M   2 3      25 330
22  78  53  66  -3   0   1 0.65    M    M  5.4 20 280   M    M   4 13     26 280
23  67  50  59 -10   6   0 0.69    M    M  5.9 17  10   M    M   4 13     22  70
24  74  45  60  -8   5   0 0.03    M    M  5.0 18 350   M    M   2        23 340
25  73  52  63  -5   2   0 0.46    M    M  5.7 28 310   M    M   4 13     37 290
26  73  54  64  -4   1   0 0.00    M    M  3.7 17 230   M    M   3 3      24 250
27  65  53  59  -9   6   0 0.90    M    M  3.3 25 180   M    M  10 13     33 170
28  74  53  64  -3   1   0    T    M    M  2.9  9 210   M    M   4 1      12 230
29  76  51  64  -3   1   0 0.00    M    M  5.6 17 300   M    M   1        23 310
================================================================================
SM 2365 1605        22 130  4.01    M    145.1          M       74
================================================================================
AV 81.6 55.3                               5.0 FASTST   M    M   3    MAX(MPH)
                                 MISC ---->  # 29 330               # 40  330
================================================================================
NOTES:
# LAST OF SEVERAL OCCURRENCES

COLUMN 17 PEAK WIND IN M.P.H.

PRELIMINARY LOCAL CLIMATOLOGICAL DATA (WS FORM: F-6) , PAGE 2

                                          STATION:  VERNAL UT
                                          MONTH:    AUGUST
                                          YEAR:     2014
                                          LATITUDE:   40 27 N
                                          LONGITUDE: 109 31 W

[TEMPERATURE DATA]      [PRECIPITATION DATA]       SYMBOLS USED IN COLUMN 16

AVERAGE MONTHLY: 68.4   TOTAL FOR MONTH:   4.01    1 = FOG OR MIST
DPTR FM NORMAL:  -2.0   DPTR FM NORMAL:    3.31    2 = FOG REDUCING VISIBILITY
HIGHEST:    93 ON 18    GRTST 24HR  1.34 ON 22-23      TO 1/4 MILE OR LESS
LOWEST:     45 ON 24                               3 = THUNDER
                        SNOW, ICE PELLETS, HAIL    4 = ICE PELLETS
                        TOTAL MONTH:    M          5 = HAIL
                        GRTST 24HR    M  ON   M    6 = FREEZING RAIN OR DRIZZLE
                        GRTST DEPTH:  M  ON   M    7 = DUSTSTORM OR SANDSTORM:
                                                       VSBY 1/2 MILE OR LESS
                                                   8 = SMOKE OR HAZE
[NO. OF DAYS WITH]      [WEATHER - DAYS WITH]      9 = BLOWING SNOW
                                                   X = TORNADO
MAX 32 OR BELOW:   0    0.01 INCH OR MORE:  13
MAX 90 OR ABOVE:   5    0.10 INCH OR MORE:   7
MIN 32 OR BELOW:   0    0.50 INCH OR MORE:   4
MIN  0 OR BELOW:   0    1.00 INCH OR MORE:   0

[HDD (BASE 65) ]
TOTAL THIS MO.    22    CLEAR  (SCALE 0-3)  17
DPTR FM NORMAL    17    PTCLDY (SCALE 4-7)  11
TOTAL FM JUL 1    22    CLOUDY (SCALE 8-10)  1
DPTR FM NORMAL    11

[CDD (BASE 65) ]
TOTAL THIS MO.   130
DPTR FM NORMAL   -36    [PRESSURE DATA]
TOTAL FM JAN 1   586    HIGHEST SLP M ON M
DPTR FM NORMAL   102    LOWEST  SLP 29.69 ON 19

[REMARKS]
