416
CXUS55 KVEF 300940
CF6VGT
PRELIMINARY LOCAL CLIMATOLOGICAL DATA (WS FORM: F-6)

                                          STATION:   NORTH_LAS_VEGAS NV
                                          MONTH:     APRIL
                                          YEAR:      2016
                                          LATITUDE:   36 12 N
                                          LONGITUDE: 115 12 W

  TEMPERATURE IN F:       :PCPN:    SNOW:  WIND      :SUNSHINE: SKY     :PK WND
================================================================================
1   2   3   4   5  6A  6B    7    8   9   10  11  12  13   14  15   16   17  18
                                     12Z  AVG MX 2MIN
DY MAX MIN AVG DEP HDD CDD  WTR  SNW DPTH SPD SPD DIR MIN PSBL S-S WX    SPD DR
================================================================================

 1  76  54  65   3   0   0 0.00  0.0    0  6.7 18 350   M    M   1        23 340
 2  79  52  66   3   0   1 0.00  0.0    0  4.1 12 120   M    M   0        16  60
 3  84  55  70   7   0   5 0.00  0.0    0  6.9 17 160   M    M   0        23 140
 4  85  57  71   8   0   6 0.00  0.0    0  6.2 17 220   M    M   0        22 240
 5  89  62  76  12   0  11 0.00  0.0    0  8.0 21 360   M    M   0        28 330
 6  87  60  74  10   0   9 0.00  0.0    0  5.5 17  80   M    M   0        21  80
 7  85  65  75  11   0  10 0.00  0.0    0  7.0 20 220   M    M   0        25 220
 8  74  58  66   2   0   1 0.06  0.0    0  8.1 18 200   M    M   5        23 200
 9  66  51  59  -5   6   0 1.69  0.0    0  5.9 35 160   M    M   6 12     44 160
10  61  52  57  -8   8   0 0.01  0.0    0  5.3 17 160   M    M   5        19 160
11  68  53  61  -4   4   0 0.01  0.0    0  4.2 13 230   M    M   6        16 120
12  77  53  65   0   0   0 0.00  0.0    0  4.7 13 150   M    M   0        16 160
13  82  56  69   3   0   4 0.00  0.0    0 10.3 22 230   M    M   0        29 210
14  80  63  72   6   0   7 0.00  0.0    0  8.5 29 330   M    M   0        36 330
15  70  59  65  -1   0   0 0.00  0.0    0 21.7 36 330   M    M   0        44 330
16  79  56  68   2   0   3 0.00  0.0    0 14.4 29  20   M    M   0        35  30
17  78  59  69   2   0   4 0.00  0.0    0  8.4 21  70   M    M   0        26  80
18  80  55  68   1   0   3 0.00  0.0    0  4.9 14 180   M    M   0        17 160
19  85  56  71   4   0   6 0.00  0.0    0  3.7 10 160   M    M   0        15 140
20  91  58  75   7   0  10 0.00  0.0    0  7.7 21 230   M    M   0        26 200
21  90  61  76   8   0  11 0.00  0.0    0  8.1 18 170   M    M   0        26 140
22  92  64  78  10   0  13 0.00  0.0    0 15.1 35 260   M    M   0        44 260
23  78  59  69   0   0   4 0.00  0.0    0 15.0 30 350   M    M   0        42 350
24  79  57  68  -1   0   3 0.00  0.0    0  8.6 36 260   M    M   1        44 250
25  64  52  58 -11   7   0 0.02  0.0    0 16.1 36 320   M    M   6        44 300
26  75  53  64  -6   1   0 0.00  0.0    0 11.7 28 330   M    M   1        35 330
27  73  57  65  -5   0   0    T  0.0    0 11.4 29 260   M    M   2        37 270
28  67  51  59 -11   6   0 0.24  0.0    0  7.8 24  30   M    M   7        29  30
29  75  52  64  -7   1   0    T  0.0    0  7.6 20 210   M    M   3        25 220
================================================================================
SM 2269 1640        33 111  2.03     0.0 253.6          M       43
================================================================================
AV 78.2 56.6                               8.7 FASTST   M    M   1    MAX(MPH)
                                 MISC ---->  # 36 330               # 44  160
================================================================================
NOTES:
# LAST OF SEVERAL OCCURRENCES

COLUMN 17 PEAK WIND IN M.P.H.

PRELIMINARY LOCAL CLIMATOLOGICAL DATA (WS FORM: F-6) , PAGE 2

                                          STATION:  NORTH_LAS_VEGAS NV
                                          MONTH:    APRIL
                                          YEAR:     2016
                                          LATITUDE:   36 12 N
                                          LONGITUDE: 115 12 W

[TEMPERATURE DATA]      [PRECIPITATION DATA]       SYMBOLS USED IN COLUMN 16

AVERAGE MONTHLY: 67.4   TOTAL FOR MONTH:   2.03    1 = FOG OR MIST
DPTR FM NORMAL:   1.1   DPTR FM NORMAL:    1.72    2 = FOG REDUCING VISIBILITY
HIGHEST:    92 ON 22    GRTST 24HR  1.69 ON  9- 9      TO 1/4 MILE OR LESS
LOWEST:     51 ON 28, 9                            3 = THUNDER
                        SNOW, ICE PELLETS, HAIL    4 = ICE PELLETS
                        TOTAL MONTH:   0.0 INCH    5 = HAIL
                        GRTST 24HR     0.0         6 = FREEZING RAIN OR DRIZZLE
                        GRTST DEPTH:   0           7 = DUSTSTORM OR SANDSTORM:
                                                       VSBY 1/2 MILE OR LESS
                                                   8 = SMOKE OR HAZE
[NO. OF DAYS WITH]      [WEATHER - DAYS WITH]      9 = BLOWING SNOW
                                                   X = TORNADO
MAX 32 OR BELOW:   0    0.01 INCH OR MORE:   6
MAX 90 OR ABOVE:   3    0.10 INCH OR MORE:   2
MIN 32 OR BELOW:   0    0.50 INCH OR MORE:   1
MIN  0 OR BELOW:   0    1.00 INCH OR MORE:   1

[HDD (BASE 65) ]
TOTAL THIS MO.    33    CLEAR  (SCALE 0-3)  23
DPTR FM NORMAL   -30    PTCLDY (SCALE 4-7)   6
TOTAL FM JUL 1  1846    CLOUDY (SCALE 8-10)  0
DPTR FM NORMAL  -193

[CDD (BASE 65) ]
TOTAL THIS MO.   111
DPTR FM NORMAL    12    [PRESSURE DATA]
TOTAL FM JAN 1   159    HIGHEST SLP M ON M
DPTR FM NORMAL    38    LOWEST  SLP 29.54 ON 27

[REMARKS]
