488
CXUS55 KVEF 250940
CF6VGT
PRELIMINARY LOCAL CLIMATOLOGICAL DATA (WS FORM: F-6)

                                          STATION:   NORTH_LAS_VEGAS NV
                                          MONTH:     NOVEMBER
                                          YEAR:      2017
                                          LATITUDE:   36 12 N
                                          LONGITUDE: 115 12 W

  TEMPERATURE IN F:       :PCPN:    SNOW:  WIND      :SUNSHINE: SKY     :PK WND
================================================================================
1   2   3   4   5  6A  6B    7    8   9   10  11  12  13   14  15   16   17  18
                                     12Z  AVG MX 2MIN
DY MAX MIN AVG DEP HDD CDD  WTR  SNW DPTH SPD SPD DIR MIN PSBL S-S WX    SPD DR
================================================================================

 1  77  56  67   5   0   2 0.00  0.0    0  6.1 14 190   M    M   0        19 200
 2  77  55  66   4   0   1 0.00  0.0    0  9.1 22 160   M    M   1        30 150
 3  71  57  64   2   1   0 0.00  0.0    0 13.9 24 180   M    M   0        30 170
 4  75  59  67   6   0   2 0.00  0.0    0 13.2 29 190   M    M   0        35 220
 5  73  52  63   2   2   0 0.00  0.0    0  6.6 20 210   M    M   0        23 210
 6  74  49  62   2   3   0 0.00  0.0    0  5.2 16 240   M    M   0        23 290
 7  71  51  61   1   4   0 0.00  0.0    0  5.0 12 330   M    M   0        15 340
 8  68  45  57  -3   8   0 0.00  0.0    0  4.7 12 110   M    M   0        17 160
 9  79  49  64   5   1   0 0.00  0.0    0  6.0 21 190   M    M   0        25 180
10  78  48  63   4   2   0 0.00  0.0    0  6.7 20 200   M    M   0        24 180
11  74  52  63   5   2   0 0.00  0.0    0  6.3 15 320   M    M   0        18 330
12  67  50  59   1   6   0 0.00  0.0    0  4.1  9 140   M    M   0        14 130
13  70  47  59   1   6   0 0.00  0.0    0  3.9  8 330   M    M   0        10 100
14  72  49  61   4   4   0 0.00  0.0    0  4.3 10 330   M    M   0        12 330
15  68  48  58   1   7   0 0.00  0.0    0  3.1  8 300   M    M   0        12 140
16  80  51  66  10   0   1 0.00  0.0    0 10.0 31 270   M    M   0        38 280
17  76  53  65   9   0   0 0.00  0.0    0 17.8 37 240   M    M   0        49 250
18  61  45  53  -2  12   0 0.00  0.0    0  7.3 23 340   M    M   0        29 330
19  63  39  51  -4  14   0 0.00  0.0    0  4.9 13 330   M    M   0        15 330
20  64  41  53  -1  12   0 0.00  0.0    0  2.8  7 310   M    M   0         8 320
21  72  47  60   6   5   0 0.00  0.0    0  3.4  8 310   M    M   0         9 300
22  79  52  66  12   0   1 0.00  0.0    0  3.2 10 310   M    M   0        11 310
23  79  51  65  12   0   0 0.00  0.0    0  3.2  9 310   M    M   0        10 300
24  77  51  64  11   1   0 0.00  0.0    0  2.7 12 340   M    M   0        14 340
================================================================================
SM 1745 1197        90   7  0.00     0.0 153.5          M        1
================================================================================
AV 72.7 49.9                               6.4 FASTST   M    M   0    MAX(MPH)
                                 MISC ---->  # 37 240               # 49  250
================================================================================
NOTES:
# LAST OF SEVERAL OCCURRENCES

COLUMN 17 PEAK WIND IN M.P.H.

PRELIMINARY LOCAL CLIMATOLOGICAL DATA (WS FORM: F-6) , PAGE 2

                                          STATION:  NORTH_LAS_VEGAS NV
                                          MONTH:    NOVEMBER
                                          YEAR:     2017
                                          LATITUDE:   36 12 N
                                          LONGITUDE: 115 12 W

[TEMPERATURE DATA]      [PRECIPITATION DATA]       SYMBOLS USED IN COLUMN 16

AVERAGE MONTHLY: 61.3   TOTAL FOR MONTH:   0.00    1 = FOG OR MIST
DPTR FM NORMAL:   3.6   DPTR FM NORMAL:   -0.34    2 = FOG REDUCING VISIBILITY
HIGHEST:    80 ON 16    GRTST 24HR  0.00 ON 24-24      TO 1/4 MILE OR LESS
LOWEST:     39 ON 19                               3 = THUNDER
                        SNOW, ICE PELLETS, HAIL    4 = ICE PELLETS
                        TOTAL MONTH:   0.0 INCH    5 = HAIL
                        GRTST 24HR     0.0         6 = FREEZING RAIN OR DRIZZLE
                        GRTST DEPTH:   0           7 = DUSTSTORM OR SANDSTORM:
                                                       VSBY 1/2 MILE OR LESS
                                                   8 = SMOKE OR HAZE
[NO. OF DAYS WITH]      [WEATHER - DAYS WITH]      9 = BLOWING SNOW
                                                   X = TORNADO
MAX 32 OR BELOW:   0    0.01 INCH OR MORE:   0
MAX 90 OR ABOVE:   0    0.10 INCH OR MORE:   0
MIN 32 OR BELOW:   0    0.50 INCH OR MORE:   0
MIN  0 OR BELOW:   0    1.00 INCH OR MORE:   0

[HDD (BASE 65) ]
TOTAL THIS MO.    90    CLEAR  (SCALE 0-3)  24
DPTR FM NORMAL   -96    PTCLDY (SCALE 4-7)   0
TOTAL FM JUL 1    94    CLOUDY (SCALE 8-10)  0
DPTR FM NORMAL  -136

[CDD (BASE 65) ]
TOTAL THIS MO.     7
DPTR FM NORMAL    -1    [PRESSURE DATA]
TOTAL FM JAN 1  3660    HIGHEST SLP M ON M
DPTR FM NORMAL   368    LOWEST  SLP 29.71 ON 16

[REMARKS]
