000
CXUS55 KVEF 190940
CF6VGT
PRELIMINARY LOCAL CLIMATOLOGICAL DATA (WS FORM: F-6)

                                          STATION:   NORTH_LAS_VEGAS NV
                                          MONTH:     SEPTEMBER
                                          YEAR:      2014
                                          LATITUDE:   36 12 N
                                          LONGITUDE: 115 12 W

  TEMPERATURE IN F:       :PCPN:    SNOW:  WIND      :SUNSHINE: SKY     :PK WND
================================================================================
1   2   3   4   5  6A  6B    7    8   9   10  11  12  13   14  15   16   17  18
                                     12Z  AVG MX 2MIN
DY MAX MIN AVG DEP HDD CDD  WTR  SNW DPTH SPD SPD DIR MIN PSBL S-S WX    SPD DR
================================================================================

 1 103  75  89   3   0  24 0.00  0.0    0  7.6 20 140   M    M   0        24 140
 2 105  75  90   4   0  25 0.00  0.0    0  8.2 20 190   M    M   0        29 120
 3 104  74  89   3   0  24 0.00  0.0    0  7.9 22 200   M    M   0        27 200
 4 102  73  88   3   0  23 0.00  0.0    0  7.5 22 160   M    M   0        32 170
 5  98  77  88   3   0  23 0.00  0.0    0  8.0 22 140   M    M   0        27 150
 6 100  76  88   3   0  23 0.00  0.0    0  6.1 18 140   M    M   0        28 140
 7  96  77  87   3   0  22    T  0.0    0  6.8 35 200   M    M   1        41 210
 8  86  72  79  -5   0  14 0.31  0.0    0  5.8 22 170   M    M   5 1      28 160
 9  91  71  81  -3   0  16 0.00  0.0    0  4.5 12 260   M    M   1        17 310
10  95  69  82  -1   0  17 0.00  0.0    0  3.7  9 110   M    M   0        12 100
11  98  71  85   2   0  20 0.00  0.0    0  4.3 10 340   M    M   0 8      12 180
12  98  73  86   3   0  21 0.00  0.0    0  4.3 10 140   M    M   0 8      14 120
13 100  70  85   3   0  20 0.00  0.0    0  5.4 15 140   M    M   0 8      19 150
14 101  73  87   5   0  22 0.00  0.0    0  5.0 10 100   M    M   0        15  90
15 102  76  89   7   0  24 0.00  0.0    0  3.7 10 140   M    M   0        16 140
16 100  78  89   8   0  24 0.00  0.0    0  6.6 26 170   M    M   0        33 180
17  96  77  87   6   0  22 0.00  0.0    0  5.1 14 140   M    M   0        17 150
18  98  79  89   9   0  24 0.00  0.0    0 10.4 24 210   M    M   0        30 200
================================================================================
SM 1773 1336         0 388  0.31     0.0 110.9          M        7
================================================================================
AV 98.5 74.2                               6.2 FASTST   M    M   0    MAX(MPH)
                                 MISC ---->  # 35 200               # 41  210
================================================================================
NOTES:
# LAST OF SEVERAL OCCURRENCES

COLUMN 17 PEAK WIND IN M.P.H.

PRELIMINARY LOCAL CLIMATOLOGICAL DATA (WS FORM: F-6) , PAGE 2

                                          STATION:  NORTH_LAS_VEGAS NV
                                          MONTH:    SEPTEMBER
                                          YEAR:     2014
                                          LATITUDE:   36 12 N
                                          LONGITUDE: 115 12 W

[TEMPERATURE DATA]      [PRECIPITATION DATA]       SYMBOLS USED IN COLUMN 16

AVERAGE MONTHLY: 86.4   TOTAL FOR MONTH:   0.31    1 = FOG OR MIST
DPTR FM NORMAL:   2.9   DPTR FM NORMAL:    0.05    2 = FOG REDUCING VISIBILITY
HIGHEST:   105 ON  2    GRTST 24HR  0.31 ON  8- 8      TO 1/4 MILE OR LESS
LOWEST:     69 ON 10                               3 = THUNDER
                        SNOW, ICE PELLETS, HAIL    4 = ICE PELLETS
                        TOTAL MONTH:   0.0 INCH    5 = HAIL
                        GRTST 24HR     0.0         6 = FREEZING RAIN OR DRIZZLE
                        GRTST DEPTH:   0           7 = DUSTSTORM OR SANDSTORM:
                                                       VSBY 1/2 MILE OR LESS
                                                   8 = SMOKE OR HAZE
[NO. OF DAYS WITH]      [WEATHER - DAYS WITH]      9 = BLOWING SNOW
                                                   X = TORNADO
MAX 32 OR BELOW:   0    0.01 INCH OR MORE:   1
MAX 90 OR ABOVE:  17    0.10 INCH OR MORE:   1
MIN 32 OR BELOW:   0    0.50 INCH OR MORE:   0
MIN  0 OR BELOW:   0    1.00 INCH OR MORE:   0

[HDD (BASE 65) ]
TOTAL THIS MO.     0    CLEAR  (SCALE 0-3)  17
DPTR FM NORMAL     0    PTCLDY (SCALE 4-7)   1
TOTAL FM JUL 1     0    CLOUDY (SCALE 8-10)  0
DPTR FM NORMAL     0

[CDD (BASE 65) ]
TOTAL THIS MO.   388
DPTR FM NORMAL    56    [PRESSURE DATA]
TOTAL FM JAN 1  3166    HIGHEST SLP M ON M
DPTR FM NORMAL   188    LOWEST  SLP 29.54 ON  4

[REMARKS]
