000
CXUS52 KTAE 270800
CF6VLD
PRELIMINARY LOCAL CLIMATOLOGICAL DATA (WS FORM: F-6)

                                          STATION:   VALDOSTA
                                          MONTH:     AUGUST
                                          YEAR:      2014
                                          LATITUDE:   30 46 N
                                          LONGITUDE:  83 17 W

  TEMPERATURE IN F:       :PCPN:    SNOW:  WIND      :SUNSHINE: SKY     :PK WND
================================================================================
1   2   3   4   5  6A  6B    7    8   9   10  11  12  13   14  15   16   17  18
                                     12Z  AVG MX 2MIN
DY MAX MIN AVG DEP HDD CDD  WTR  SNW DPTH SPD SPD DIR MIN PSBL S-S WX    SPD DR
================================================================================

 1  98  71  85   3   0  20 0.79  0.0    0  1.8 14  40   M    M   6 138    23  40
 2  98  74  86   4   0  21 0.22  0.0    0  4.2 12  10   M    M   5 128    17  10
 3  95  75  85   3   0  20 0.07  0.0    0  4.2 20  20   M    M   7        21  20
 4  95  77  86   4   0  21 0.00  0.0    0  6.5 18  10   M    M   6        22  10
 5  98  75  87   5   0  22 0.00  0.0    0  2.1 10  10   M    M   5 128    15  20
 6 100  73  87   5   0  22 0.00  0.0    0  1.9 10 360   M    M   2 8      22 320
 7 102  73  88   6   0  23    T  0.0    0  1.9 17 180   M    M   2 18     21 200
 8 101  75  88   6   0  23 0.00  0.0    0  3.2 18 180   M    M   1 8      24 170
 9 101  76  89   7   0  24 0.01  0.0    0  3.0 13  40   M    M   3 8      17  40
10  99  74  87   5   0  22 0.08  0.0    0  1.9 16 190   M    M   3 138    21 200
11  95  74  85   3   0  20 0.27  0.0    0  2.3 16 190   M    M   4 138    21 190
12  96  76  86   5   0  21 0.74  0.0    0  2.4 17 210   M    M   5 1238   29 220
13  89  76  83   2   0  18 0.22  0.0    0  2.7 10 180   M    M   3 138    13 180
14  91  73  82   1   0  17 0.00  0.0    0  1.6 14 180   M    M   2 18     17 180
15  91  70  81   0   0  16 0.00  0.0    0  2.6 12 180   M    M   2 18     15 180
16  94  72  83   2   0  18 0.00  0.0    0  1.2  8 190   M    M   3 18     16 360
17  92  70  81   0   0  16    T  0.0    0  1.8 12 180   M    M   2 138    17 200
18  92  72  82   1   0  17    T  0.0    0  2.2 12 210   M    M   2 13     16 220
19  93  72  83   2   0  18 0.07  0.0    0  1.8 10 200   M    M   1 138    20 300
20  96  71  84   3   0  19 0.00  0.0    0  1.2  9 320   M    M   1 1      15 330
21  98  73  86   5   0  21 0.00  0.0    0  1.4 10  10   M    M   3 13     15  10
22  99  70  85   4   0  20 0.00  0.0    0  1.9 13  10   M    M   1 1      15  10
23 101  74  88   7   0  23 0.15  0.0    0  2.5 23  50   M    M   3 13     30  40
24  98  73  86   5   0  21 0.07  0.0    0  4.4 20  30   M    M   1 13     24  30
25  90  73  82   1   0  17 0.00  0.0    0  8.3 18  40   M    M   0        23  50
26  90  70  80  -1   0  15 0.08  0.0    0  6.2 15  50   M    M   5 18     20  60
================================================================================
SM 2492 1902         0 515  2.77     0.0  75.2          M       78
================================================================================
AV 95.8 73.2                               2.9 FASTST   M    M   3    MAX(MPH)
                                 MISC ---->  # 23  50               # 30   40
================================================================================
NOTES:
# LAST OF SEVERAL OCCURRENCES

COLUMN 17 PEAK WIND IN M.P.H.

PRELIMINARY LOCAL CLIMATOLOGICAL DATA (WS FORM: F-6) , PAGE 2

                                          STATION:  VALDOSTA
                                          MONTH:    AUGUST
                                          YEAR:     2014
                                          LATITUDE:   30 46 N
                                          LONGITUDE:  83 17 W

[TEMPERATURE DATA]      [PRECIPITATION DATA]       SYMBOLS USED IN COLUMN 16

AVERAGE MONTHLY: 84.5   TOTAL FOR MONTH:   2.77    1 = FOG OR MIST
DPTR FM NORMAL:   3.1   DPTR FM NORMAL:   -1.79    2 = FOG REDUCING VISIBILITY
HIGHEST:   102 ON  7    GRTST 24HR  1.00 ON 11-12      TO 1/4 MILE OR LESS
LOWEST:     70 ON 26,22                            3 = THUNDER
                        SNOW, ICE PELLETS, HAIL    4 = ICE PELLETS
                        TOTAL MONTH:   0.0 INCH    5 = HAIL
                        GRTST 24HR     0.0         6 = FREEZING RAIN OR DRIZZLE
                        GRTST DEPTH:   0           7 = DUSTSTORM OR SANDSTORM:
                                                       VSBY 1/2 MILE OR LESS
                                                   8 = SMOKE OR HAZE
[NO. OF DAYS WITH]      [WEATHER - DAYS WITH]      9 = BLOWING SNOW
                                                   X = TORNADO
MAX 32 OR BELOW:   0    0.01 INCH OR MORE:  12
MAX 90 OR ABOVE:  25    0.10 INCH OR MORE:   6
MIN 32 OR BELOW:   0    0.50 INCH OR MORE:   2
MIN  0 OR BELOW:   0    1.00 INCH OR MORE:   0

[HDD (BASE 65) ]
TOTAL THIS MO.     0    CLEAR  (SCALE 0-3)  18
DPTR FM NORMAL     0    PTCLDY (SCALE 4-7)   8
TOTAL FM JUL 1     0    CLOUDY (SCALE 8-10)  0
DPTR FM NORMAL     0

[CDD (BASE 65) ]
TOTAL THIS MO.   515
DPTR FM NORMAL    92    [PRESSURE DATA]
TOTAL FM JAN 1  2282    HIGHEST SLP M ON M
DPTR FM NORMAL   507    LOWEST  SLP 29.83 ON 24

[REMARKS]
