000
CXUS55 KLOX 181655
CF6VNY
PRELIMINARY LOCAL CLIMATOLOGICAL DATA (WS FORM: F-6)

                                          STATION:   VAN NUYS AIRPORT CA
                                          MONTH:     FEBRUARY
                                          YEAR:      2018
                                          LATITUDE:   34 13 N
                                          LONGITUDE: 118 29 W

  TEMPERATURE IN F:       :PCPN:    SNOW:  WIND      :SUNSHINE: SKY     :PK WND
================================================================================
1   2   3   4   5  6A  6B    7    8   9   10  11  12  13   14  15   16   17  18
                                     12Z  AVG MX 2MIN
DY MAX MIN AVG DEP HDD CDD  WTR  SNW DPTH SPD SPD DIR MIN PSBL S-S WX    SPD DR
================================================================================

 1  83  46  65  10   0   0 0.00  0.0    0  1.6  8 170   M    M   0        10 170
 2  85  49  67  12   0   2 0.00  0.0    0  1.5 10 170   M    M   0        12 170
 3  86  49  68  13   0   3 0.00  0.0    0  2.1  9 100   M    M   0 8      12  80
 4  87  51  69  14   0   4 0.00  0.0    0  2.9 14 130   M    M   0        16 130
 5  81  49  65  10   0   0 0.00  0.0    0  3.2 13 160   M    M   0        14 160
 6  79  48  64   9   1   0 0.00  0.0    0  2.3 10 160   M    M   1 128    13 140
 7  84  47  66  11   0   1 0.00  0.0    0  4.7 20 360   M    M   0 18     23 350
 8  86  50  68  13   0   3 0.00  0.0    0  3.6 18 350   M    M   0        22 350
 9  79  50  65  10   0   0 0.00  0.0    0  3.7 12 160   M    M   0 18     16 150
10  65  52  59   3   6   0 0.00  0.0    0  4.0 12 170   M    M   6 18     13 160
11  74  45  60   4   5   0 0.00  0.0    0  6.4 20 350   M    M   0 18     26 340
12  62  48  55  -1  10   0 0.01    M    0  7.1 18 170   M    M   6        23 170
13  65  44  55  -1  10   0 0.00  0.0    0  4.7 16 140   M    M   5        23 160
14  68  51  60   4   5   0 0.01  0.0    0  2.6 12 170   M    M   5        14 150
15  73  46  60   4   5   0 0.00  0.0    0  7.5 20  30   M    M   1        29  10
16  74  52  63   7   2   0 0.00  0.0    0  5.4 17 360   M    M   0        22  10
17  76  42  59   3   6   0 0.00  0.0    0  2.0 12 170   M    M   0        14 140
================================================================================
SM 1307  819        50  13  0.02     0.0  65.3          M       24
================================================================================
AV 76.9 48.2                               3.8 FASTST   M    M   1    MAX(MPH)
                                 MISC ---->    20   M                 29    M
================================================================================
NOTES:
# LAST OF SEVERAL OCCURRENCES

COLUMN 17 PEAK WIND IN M.P.H.

PRELIMINARY LOCAL CLIMATOLOGICAL DATA (WS FORM: F-6) , PAGE 2

                                          STATION:  VAN NUYS AIRPORT CA
                                          MONTH:    FEBRUARY
                                          YEAR:     2018
                                          LATITUDE:   34 13 N
                                          LONGITUDE: 118 29 W

[TEMPERATURE DATA]      [PRECIPITATION DATA]       SYMBOLS USED IN COLUMN 16

AVERAGE MONTHLY: 62.5   TOTAL FOR MONTH:   0.02    1 = FOG OR MIST
DPTR FM NORMAL:   7.1   DPTR FM NORMAL:   -1.82    2 = FOG REDUCING VISIBILITY
HIGHEST:    87 ON  4    GRTST 24HR  0.01 ON 14-14      TO 1/4 MILE OR LESS
LOWEST:     42 ON 17                               3 = THUNDER
                        SNOW, ICE PELLETS, HAIL    4 = ICE PELLETS
                        TOTAL MONTH:   0.0 INCH    5 = HAIL
                        GRTST 24HR     0.0         6 = FREEZING RAIN OR DRIZZLE
                        GRTST DEPTH:   0           7 = DUSTSTORM OR SANDSTORM:
                                                       VSBY 1/2 MILE OR LESS
                                                   8 = SMOKE OR HAZE
[NO. OF DAYS WITH]      [WEATHER - DAYS WITH]      9 = BLOWING SNOW
                                                   X = TORNADO
MAX 32 OR BELOW:   0    0.01 INCH OR MORE:   2
MAX 90 OR ABOVE:   0    0.10 INCH OR MORE:   0
MIN 32 OR BELOW:   0    0.50 INCH OR MORE:   0
MIN  0 OR BELOW:   0    1.00 INCH OR MORE:   0

[HDD (BASE 65) ]
TOTAL THIS MO.    50    CLEAR  (SCALE 0-3)  13
DPTR FM NORMAL  -115    PTCLDY (SCALE 4-7)   4
TOTAL FM JUL 1   343    CLOUDY (SCALE 8-10)  0
DPTR FM NORMAL  -659

[CDD (BASE 65) ]
TOTAL THIS MO.    13
DPTR FM NORMAL    13    [PRESSURE DATA]
TOTAL FM JAN 1    41    HIGHEST SLP M ON M
DPTR FM NORMAL    35    LOWEST  SLP 29.77 ON 12

[REMARKS]
