000
CXUS52 KFFC 261110
CF6VPC
PRELIMINARY LOCAL CLIMATOLOGICAL DATA (WS FORM: F-6)

                                          STATION:   CARTERSVILLE
                                          MONTH:     APRIL
                                          YEAR:      2017
                                          LATITUDE:   34  7 N
                                          LONGITUDE:  84 51 W

  TEMPERATURE IN F:       :PCPN:    SNOW:  WIND      :SUNSHINE: SKY     :PK WND
================================================================================
1   2   3   4   5  6A  6B    7    8   9   10  11  12  13   14  15   16   17  18
                                     12Z  AVG MX 2MIN
DY MAX MIN AVG DEP HDD CDD  WTR  SNW DPTH SPD SPD DIR MIN PSBL S-S WX    SPD DR
================================================================================

 1  75  47  61   5   4   0 0.00  0.0    0  2.9 13 360   M    M   0        18  20
 2  81  43  62   6   3   0 0.00  0.0    0  3.8 12 160   M    M   0        16 160
 3  72  59  66  10   0   1 0.98  0.0    0  7.6 21 150   M    M   4 123    31 150
 4  82  56  69  13   0   4 0.00  0.0    0  1.8  7 230   M    M   2        13 220
 5  66  56  61   5   4   0 1.23  0.0    0  7.1 18 130   M    M   7 13     30 140
 6  56  42  49  -8  16   0 0.01  0.0    0  3.3 12 280   M    M   8        25 280
 7  64  39  52  -5  13   0 0.00  0.0    0  3.2 15 350   M    M   0        26 330
 8  69  34  52  -5  13   0 0.00  0.0    0  2.4 14 360   M    M   0        22 360
 9  77  34  56  -1   9   0 0.00  0.0    0  3.8 14 180   M    M   0        21 180
10  80  48  64   6   1   0 0.00  0.0    0  4.8 13 180   M    M   0        18 170
11  81  50  66   8   0   1 0.00  0.0    0  1.1  9  80   M    M   2        11  90
12  81  55  68  10   0   3    T  0.0    0  0.9 10 360   M    M   2        15  10
13  84  50  67   9   0   2 0.00  0.0    0  0.7  8  10   M    M   1        11  20
14  82  54  68   9   0   3 0.00  0.0    0  1.5 10 150   M    M   3        13 150
15  81  57  69  10   0   4    T  0.0    0  5.3 17 130   M    M   1        26 140
16  81  55  68   9   0   3 0.00  0.0    0  4.3 12 170   M    M   3        19 170
17  83  53  68   8   0   3 0.20  0.0    0  1.8 14 210   M    M   5 13     21 210
18  78  59  69   9   0   4 0.02  0.0    0  4.3 13 100   M    M   4 1      21 110
19  80  62  71  11   0   6 0.01  0.0    0  4.1 12 130   M    M   6 13     17 110
20  81  62  72  12   0   7 0.00  0.0    0  2.3 10 170   M    M   6        13 160
21  85  57  71  10   0   6 0.00  0.0    0  1.8 10 190   M    M   2 1      16 220
22  82  56  69   8   0   4 0.46  0.0    0  4.0 21  20   M    M   3 13     27  10
23  66  54  60  -1   5   0 0.57  0.0    0  4.3 13 120   M    M   9 1      20 120
24  69  53  61   0   4   0 0.18  0.0    0  1.0  8  20   M    M   9 1      11 340
25  76  53  65   3   0   0    T  0.0    0  0.5  9 350   M    M   3 1      13 350
================================================================================
SM 1912 1288        72  51  3.66     0.0  78.6          M       80
================================================================================
AV 76.5 51.5                               3.1 FASTST   M    M   3    MAX(MPH)
                                 MISC ---->  # 21 150               # 31  150
================================================================================
NOTES:
# LAST OF SEVERAL OCCURRENCES

COLUMN 17 PEAK WIND IN M.P.H.

PRELIMINARY LOCAL CLIMATOLOGICAL DATA (WS FORM: F-6) , PAGE 2

                                          STATION:  CARTERSVILLE
                                          MONTH:    APRIL
                                          YEAR:     2017
                                          LATITUDE:   34  7 N
                                          LONGITUDE:  84 51 W

[TEMPERATURE DATA]      [PRECIPITATION DATA]       SYMBOLS USED IN COLUMN 16

AVERAGE MONTHLY: 64.0   TOTAL FOR MONTH:   3.66    1 = FOG OR MIST
DPTR FM NORMAL:   5.5   DPTR FM NORMAL:    0.47    2 = FOG REDUCING VISIBILITY
HIGHEST:    85 ON 21    GRTST 24HR  1.23 ON  5- 5      TO 1/4 MILE OR LESS
LOWEST:     34 ON  9, 8                            3 = THUNDER
                        SNOW, ICE PELLETS, HAIL    4 = ICE PELLETS
                        TOTAL MONTH:   0.0 INCH    5 = HAIL
                        GRTST 24HR     0.0         6 = FREEZING RAIN OR DRIZZLE
                        GRTST DEPTH:   0           7 = DUSTSTORM OR SANDSTORM:
                                                       VSBY 1/2 MILE OR LESS
                                                   8 = SMOKE OR HAZE
[NO. OF DAYS WITH]      [WEATHER - DAYS WITH]      9 = BLOWING SNOW
                                                   X = TORNADO
MAX 32 OR BELOW:   0    0.01 INCH OR MORE:   9
MAX 90 OR ABOVE:   0    0.10 INCH OR MORE:   6
MIN 32 OR BELOW:   0    0.50 INCH OR MORE:   3
MIN  0 OR BELOW:   0    1.00 INCH OR MORE:   1

[HDD (BASE 65) ]
TOTAL THIS MO.    72    CLEAR  (SCALE 0-3)  15
DPTR FM NORMAL  -106    PTCLDY (SCALE 4-7)   7
TOTAL FM JUL 1  2220    CLOUDY (SCALE 8-10)  3
DPTR FM NORMAL  -986

[CDD (BASE 65) ]
TOTAL THIS MO.    51
DPTR FM NORMAL    37    [PRESSURE DATA]
TOTAL FM JAN 1    72    HIGHEST SLP M ON M
DPTR FM NORMAL    54    LOWEST  SLP 29.59 ON  5

[REMARKS]
