000
CXUS52 KMLB 280627
CF6VRB
PRELIMINARY LOCAL CLIMATOLOGICAL DATA (WS FORM: F-6)

                                          STATION:   VERO BEACH
                                          MONTH:     MARCH
                                          YEAR:      2017
                                          LATITUDE:   27 39 N
                                          LONGITUDE:  80 25 W

  TEMPERATURE IN F:       :PCPN:    SNOW:  WIND      :SUNSHINE: SKY     :PK WND
================================================================================
1   2   3   4   5  6A  6B    7    8   9   10  11  12  13   14  15   16   17  18
                                     12Z  AVG MX 2MIN
DY MAX MIN AVG DEP HDD CDD  WTR  SNW DPTH SPD SPD DIR MIN PSBL S-S WX    SPD DR
================================================================================

 1  82  66  74   8   0   9 0.01  0.0    0 11.3 18 200   M    M   2 1      25 200
 2  89  68  79  13   0  14 0.00  0.0    0  8.5 23 360   M    M   7        31 350
 3  76  67  72   6   0   7 0.00  0.0    0 16.4 23  40   M    M   7        32  40
 4  76  66  71   5   0   6 0.00  0.0    0 14.0 22  80   M    M   5        28  70
 5  75  65  70   4   0   5    T  0.0    0 17.6 24  90   M    M   7        32  70
 6  76  66  71   5   0   6    T  0.0    0 17.1 24  90   M    M   6        32 100
 7  79  67  73   7   0   8 0.00  0.0    0 12.4 22 130   M    M   4        27 130
 8  75  62  69   2   0   4 0.08  0.0    0  5.7 13 160   M    M   9 18     16 150
 9  83  58  71   4   0   6 0.00  0.0    0  4.8 13 110   M    M   2 1      17 110
10  88  60  74   7   0   9 0.00  0.0    0  8.1 21 290   M    M   1 18     29 320
11  82  56  69   2   0   4 0.00  0.0    0  9.6 16  50   M    M   1 1      22  50
12  81  61  71   4   0   6 0.49  0.0    0  4.3 20 270   M    M   4 13     23 270
13  80  58  69   2   0   4 0.33  0.0    0  5.1 14 200   M    M   5 12     18 140
14  75  54  65  -2   0   0    T  0.0    0 14.9 25 280   M    M   4        32 280
15  61  43  52 -15  13   0 0.00  0.0    0  9.7 20 340   M    M   0        25  10
16  64  41  53 -14  12   0 0.00  0.0    0  9.3 17  30   M    M   0 8      26  40
17  72  39  56 -12   9   0 0.00  0.0    0  6.7 17  50   M    M   1        22  70
18  76  48  62  -6   3   0 0.00  0.0    0  6.0 14 140   M    M   1         M  M
19  82  51  67  -1   0   2 0.00  0.0    0 11.8 23  30   M    M   1        28  30
20  76  51  64  -4   1   0 0.00  0.0    0  6.7 15  50   M    M   1        26  50
21  79  49  64  -4   1   0 0.00  0.0    0  6.7 15 130   M    M   0        17 130
22  86  55  71   3   0   6 0.00  0.0    0  6.7 17 260   M    M   1 1      22 280
23  79  64  72   4   0   7 0.70  0.0    0 12.0 37  80   M    M   6 138    54  70
24  78  68  73   5   0   8    T  0.0    0 13.1 24 100   M    M   7        30 100
25  80  67  74   6   0   9 0.01  0.0    0 11.3 23 120   M    M   3        27 120
26  80  60  70   2   0   5 0.00  0.0    0  9.4 17 120   M    M   1        22  70
27  80  56  68   0   0   3 0.00  0.0    0  5.7 14  50   M    M   1        18  40
================================================================================
SM 2110 1566        39 128  1.62     0.0 264.9          M       87
================================================================================
AV 78.2 58.0                               9.8 FASTST   M    M   3    MAX(MPH)
                                 MISC ---->  # 37  80               # 54   70
================================================================================
NOTES:
# LAST OF SEVERAL OCCURRENCES

COLUMN 17 PEAK WIND IN M.P.H.

PRELIMINARY LOCAL CLIMATOLOGICAL DATA (WS FORM: F-6) , PAGE 2

                                          STATION:  VERO BEACH
                                          MONTH:    MARCH
                                          YEAR:     2017
                                          LATITUDE:   27 39 N
                                          LONGITUDE:  80 25 W

[TEMPERATURE DATA]      [PRECIPITATION DATA]       SYMBOLS USED IN COLUMN 16

AVERAGE MONTHLY: 68.1   TOTAL FOR MONTH:   1.62    1 = FOG OR MIST
DPTR FM NORMAL:   0.9   DPTR FM NORMAL:   -1.98    2 = FOG REDUCING VISIBILITY
HIGHEST:    89 ON  2    GRTST 24HR  0.70 ON 23-23      TO 1/4 MILE OR LESS
LOWEST:     39 ON 17                               3 = THUNDER
                        SNOW, ICE PELLETS, HAIL    4 = ICE PELLETS
                        TOTAL MONTH:   0.0 INCH    5 = HAIL
                        GRTST 24HR     0.0         6 = FREEZING RAIN OR DRIZZLE
                        GRTST DEPTH:   0           7 = DUSTSTORM OR SANDSTORM:
                                                       VSBY 1/2 MILE OR LESS
                                                   8 = SMOKE OR HAZE
[NO. OF DAYS WITH]      [WEATHER - DAYS WITH]      9 = BLOWING SNOW
                                                   X = TORNADO
MAX 32 OR BELOW:   0    0.01 INCH OR MORE:   6
MAX 90 OR ABOVE:   0    0.10 INCH OR MORE:   3
MIN 32 OR BELOW:   0    0.50 INCH OR MORE:   1
MIN  0 OR BELOW:   0    1.00 INCH OR MORE:   0

[HDD (BASE 65) ]
TOTAL THIS MO.    39    CLEAR  (SCALE 0-3)  15
DPTR FM NORMAL   -12    PTCLDY (SCALE 4-7)  11
TOTAL FM JUL 1   182    CLOUDY (SCALE 8-10)  1
DPTR FM NORMAL  -254

[CDD (BASE 65) ]
TOTAL THIS MO.   128
DPTR FM NORMAL    18    [PRESSURE DATA]
TOTAL FM JAN 1   329    HIGHEST SLP M ON M
DPTR FM NORMAL    80    LOWEST  SLP 29.73 ON 14

[REMARKS]
