666
CXUS51 KBTV 200700
CF6VSF
PRELIMINARY LOCAL CLIMATOLOGICAL DATA (WS FORM: F-6)

                                          STATION:   SPRINGFIELD VT
                                          MONTH:     JANUARY
                                          YEAR:      2018
                                          LATITUDE:   43 19 N
                                          LONGITUDE:  72 31 W

  TEMPERATURE IN F:       :PCPN:    SNOW:  WIND      :SUNSHINE: SKY     :PK WND
================================================================================
1   2   3   4   5  6A  6B    7    8   9   10  11  12  13   14  15   16   17  18
                                     12Z  AVG MX 2MIN
DY MAX MIN AVG DEP HDD CDD  WTR  SNW DPTH SPD SPD DIR MIN PSBL S-S WX    SPD DR
================================================================================

 1   4 -20  -8 -29  73   0    T    M    0  4.1 18 280   M    M   1 18     26 270
 2  14 -22  -4 -25  69   0 0.00  0.0    0  1.6  9 160   M    M   3 18     11 160
 3  21 -12   5 -15  60   0 0.00  0.0    0  1.6  9 150   M    M   0 18     13 160
 4  23  -1  11  -9  54   0 0.29    M    0  7.0 22 320   M    M   8 12     35 270
 5  17  -3   7 -13  58   0    T    M    0 10.4 25 270   M    M  10 89     35 280
 6   4  -7  -1 -21  66   0 0.01    M    0 11.3 21 270   M    M   3 89     31 280
 7  11 -18  -3 -23  68   0    T    M    0  2.2 15 280   M    M   3        21 300
 8  25   9  17  -3  48   0 0.02    M    0  1.5 13 170   M    M  10 18     18 180
 9  36  22  29   9  36   0 0.01    M    0  8.3 23 290   M    M   9 8      34 290
10  34   5  20   1  45   0 0.00  0.0    0  2.5 10 150   M    M   1 1      14 130
11  42  26  34  15  31   0 0.00  0.0    0  0.8  8 150   M    M   5 1      10 150
12  51  33  42  23  23   0 0.96    M    0  1.5 10 180   M    M  10 12     15 160
13  44  10  27   8  38   0 0.41    M    0  8.9 21 300   M    M   8 168    31 310
14  16  -1   8 -11  57   0 0.00  0.0    0  3.5  9 310   M    M   1        14 300
15  19  -2   9 -10  56   0 0.00  0.0    0  0.2  6 100   M    M   3         8  50
16  27  15  21   2  44   0 0.06    M    0  0.4  6 160   M    M  10 18      9 130
17  29  15  22   3  43   0 0.21    M    0  1.1 12 280   M    M  10 1      13 280
18  27   3  15  -4  50   0    T    M    0  4.7 13 310   M    M   6 1      20 330
19  29  18  24   5  41   0    T    M    0  1.5  9 280   M    M   9 1      12 290
================================================================================
SM  473   70       960   0  1.97     0.0  73.1          M      110
================================================================================
AV 24.9  3.7                               3.8 FASTST   M    M   6    MAX(MPH)
                                 MISC ---->  # 25 270               # 35  270
================================================================================
NOTES:
# LAST OF SEVERAL OCCURRENCES

COLUMN 17 PEAK WIND IN M.P.H.

PRELIMINARY LOCAL CLIMATOLOGICAL DATA (WS FORM: F-6) , PAGE 2

                                          STATION:  SPRINGFIELD VT
                                          MONTH:    JANUARY
                                          YEAR:     2018
                                          LATITUDE:   43 19 N
                                          LONGITUDE:  72 31 W

[TEMPERATURE DATA]      [PRECIPITATION DATA]       SYMBOLS USED IN COLUMN 16

AVERAGE MONTHLY: 14.3   TOTAL FOR MONTH:   1.97    1 = FOG OR MIST
DPTR FM NORMAL:  -5.3   DPTR FM NORMAL:   -0.02    2 = FOG REDUCING VISIBILITY
HIGHEST:    51 ON 12    GRTST 24HR  0.96 ON 12-12      TO 1/4 MILE OR LESS
LOWEST:    -22 ON  2                               3 = THUNDER
                        SNOW, ICE PELLETS, HAIL    4 = ICE PELLETS
                        TOTAL MONTH:   0.0 INCH    5 = HAIL
                        GRTST 24HR     0.0         6 = FREEZING RAIN OR DRIZZLE
                        GRTST DEPTH:   0           7 = DUSTSTORM OR SANDSTORM:
                                                       VSBY 1/2 MILE OR LESS
                                                   8 = SMOKE OR HAZE
[NO. OF DAYS WITH]      [WEATHER - DAYS WITH]      9 = BLOWING SNOW
                                                   X = TORNADO
MAX 32 OR BELOW:  14    0.01 INCH OR MORE:   8
MAX 90 OR ABOVE:   0    0.10 INCH OR MORE:   4
MIN 32 OR BELOW:  18    0.50 INCH OR MORE:   1
MIN  0 OR BELOW:   9    1.00 INCH OR MORE:   0

[HDD (BASE 65) ]
TOTAL THIS MO.   960    CLEAR  (SCALE 0-3)   7
DPTR FM NORMAL    97    PTCLDY (SCALE 4-7)   4
TOTAL FM JUL 1  3724    CLOUDY (SCALE 8-10)  8
DPTR FM NORMAL    -2

[CDD (BASE 65) ]
TOTAL THIS MO.     0
DPTR FM NORMAL     0    [PRESSURE DATA]
TOTAL FM JAN 1     0    HIGHEST SLP M ON M
DPTR FM NORMAL     0    LOWEST  SLP 29.23 ON  4

[REMARKS]
