000
CXUS55 KLBF 221200
CF6VTN
PRELIMINARY LOCAL CLIMATOLOGICAL DATA (WS FORM: F-6)

                                          STATION:   VALENTINE NE
                                          MONTH:     OCTOBER
                                          YEAR:      2014
                                          LATITUDE:   42 52 N
                                          LONGITUDE: 100 33 W

  TEMPERATURE IN F:       :PCPN:    SNOW:  WIND      :SUNSHINE: SKY     :PK WND
================================================================================
1   2   3   4   5  6A  6B    7    8   9   10  11  12  13   14  15   16   17  18
                                     12Z  AVG MX 2MIN
DY MAX MIN AVG DEP HDD CDD  WTR  SNW DPTH SPD SPD DIR MIN PSBL S-S WX    SPD DR
================================================================================

 1  72  46  59   4   6   0 0.25  0.0    0  7.7 18 340   M    M   2 1      26 340
 2  69  41  55   1  10   0 0.04  0.0    0 12.3 37 340   M    M   5 18     47 330
 3  53  30  42 -12  23   0 0.00  0.0    0 18.3 36 320   M    M   5        45 310
 4  63  24  44  -9  21   0    T  0.0    0  6.0 14 260   M    M   5        18 270
 5  69  42  56   3   9   0    T  0.0    0 13.6 36 330   M    M   5        46 300
 6  74  41  58   6   7   0    T  0.0    0 10.5 28 280   M    M   3        36 290
 7  67  38  53   1  12   0    T  0.0    0 10.6 24 320   M    M   7        34 310
 8  75  35  55   3  10   0 0.00  0.0    0  7.3 20 180   M    M   1        23 170
 9  62  37  50  -1  15   0 0.00  0.0    0  7.2 15  70   M    M   4        19  80
10  62  42  52   1  13   0 0.00  0.0    0  5.2 13 160   M    M   6 8      16 160
11  71  38  55   5  10   0 0.00  0.0    0 15.2 28 190   M    M   0        36 180
12  66  45  56   6   9   0 0.03  0.0    0 15.0 31 340   M    M   5 1      41 330
13  64  39  52   2  13   0 0.00  0.0    0 14.9 30 340   M    M   2        41 340
14  70  30  50   1  15   0 0.00  0.0    0  6.3 14 160   M    M   0        16 170
15  83  38  61  12   4   0 0.00  0.0    0 12.1 28 200   M    M   0        33 200
16  72  45  59  11   6   0 0.00  0.0    0 16.1 33 330   M    M   0        43 320
17  59  31  45  -3  20   0 0.00  0.0    0 11.3 22 310   M    M   2        29 320
18  69  22  46  -2  19   0 0.00  0.0    0 11.1 25 190   M    M   0        32 180
19  80  38  59  12   6   0 0.00  0.0    0  7.9 18 210   M    M   0        21 220
20  79  31  55   8  10   0 0.00  0.0    0  8.0 18 190   M    M   0        29 190
21  79  48  64  18   1   0 0.00  0.0    0 16.2 30 190   M    M   0        37 170
================================================================================
SM 1458  781       239   0  0.32     0.0 232.8          M       52
================================================================================
AV 69.4 37.2                              11.1 FASTST   M    M   2    MAX(MPH)
                                 MISC ---->  # 37 340               # 47  330
================================================================================
NOTES:
# LAST OF SEVERAL OCCURRENCES

COLUMN 17 PEAK WIND IN M.P.H.

PRELIMINARY LOCAL CLIMATOLOGICAL DATA (WS FORM: F-6) , PAGE 2

                                          STATION:  VALENTINE NE
                                          MONTH:    OCTOBER
                                          YEAR:     2014
                                          LATITUDE:   42 52 N
                                          LONGITUDE: 100 33 W

[TEMPERATURE DATA]      [PRECIPITATION DATA]       SYMBOLS USED IN COLUMN 16

AVERAGE MONTHLY: 53.3   TOTAL FOR MONTH:   0.32    1 = FOG OR MIST
DPTR FM NORMAL:   2.9   DPTR FM NORMAL:   -0.61    2 = FOG REDUCING VISIBILITY
HIGHEST:    83 ON 15    GRTST 24HR  0.29 ON  1- 2      TO 1/4 MILE OR LESS
LOWEST:     22 ON 18                               3 = THUNDER
                        SNOW, ICE PELLETS, HAIL    4 = ICE PELLETS
                        TOTAL MONTH:   0.0 INCH    5 = HAIL
                        GRTST 24HR     0.0         6 = FREEZING RAIN OR DRIZZLE
                        GRTST DEPTH:   0           7 = DUSTSTORM OR SANDSTORM:
                                                       VSBY 1/2 MILE OR LESS
                                                   8 = SMOKE OR HAZE
[NO. OF DAYS WITH]      [WEATHER - DAYS WITH]      9 = BLOWING SNOW
                                                   X = TORNADO
MAX 32 OR BELOW:   0    0.01 INCH OR MORE:   3
MAX 90 OR ABOVE:   0    0.10 INCH OR MORE:   1
MIN 32 OR BELOW:   6    0.50 INCH OR MORE:   0
MIN  0 OR BELOW:   0    1.00 INCH OR MORE:   0

[HDD (BASE 65) ]
TOTAL THIS MO.   239    CLEAR  (SCALE 0-3)  13
DPTR FM NORMAL   -71    PTCLDY (SCALE 4-7)   8
TOTAL FM JUL 1   393    CLOUDY (SCALE 8-10)  0
DPTR FM NORMAL  -102

[CDD (BASE 65) ]
TOTAL THIS MO.     0
DPTR FM NORMAL    -1    [PRESSURE DATA]
TOTAL FM JAN 1   724    HIGHEST SLP M ON M
DPTR FM NORMAL   -94    LOWEST  SLP 29.60 ON 12

[REMARKS]
