000
CXUS55 KLBF 261200
CF6VTN
PRELIMINARY LOCAL CLIMATOLOGICAL DATA (WS FORM: F-6)

                                          STATION:   VALENTINE NE
                                          MONTH:     MARCH
                                          YEAR:      2015
                                          LATITUDE:   42 52 N
                                          LONGITUDE: 100 33 W

  TEMPERATURE IN F:       :PCPN:    SNOW:  WIND      :SUNSHINE: SKY     :PK WND
================================================================================
1   2   3   4   5  6A  6B    7    8   9   10  11  12  13   14  15   16   17  18
                                     12Z  AVG MX 2MIN
DY MAX MIN AVG DEP HDD CDD  WTR  SNW DPTH SPD SPD DIR MIN PSBL S-S WX    SPD DR
================================================================================

 1  36  14  25  -6  40   0 0.01    T    T  8.1 22 300   M    M   6 18     28 340
 2  41  14  28  -4  37   0 0.00  0.0    0 15.5 36 180   M    M   5 8      46 180
 3  32   9  21 -11  44   0 0.02  0.5    T 15.0 35 340   M    M   8 18     48 360
 4  20  -1  10 -22  55   0 0.00  0.0    T  9.5 23 320   M    M   1 18     28 320
 5  47  -3  22 -11  43   0 0.00  0.0    T  6.7 16 290   M    M   1        23 290
 6  59  21  40   7  25   0 0.00  0.0    0 10.2 21 300   M    M   2        26 300
 7  60  27  44  11  21   0 0.00  0.0    0  7.4 17  50   M    M   2        22 120
 8  56  23  40   6  25   0 0.00  0.0    0  7.3 18  20   M    M   0 8      24  20
 9  67  28  48  14  17   0 0.00  0.0    0  9.0 24 240   M    M   0 8      31 220
10  69  22  46  12  19   0 0.00  0.0    0  7.9 17 350   M    M   0        21 360
11  76  28  52  17  13   0 0.00  0.0    0 13.7 29 210   M    M   0        37 230
12  74  44  59  24   6   0 0.00  0.0    0 12.4 30 190   M    M   0        39 190
13  68  32  50  15  15   0 0.00  0.0    0 11.9 25 360   M    M   0        35 350
14  70  22  46  10  19   0 0.00  0.0    0 14.2 29 200   M    M   0        35 200
15  84  50  67  31   0   2 0.00  0.0    0 12.0 28 220   M    M   0        35 220
16  74  34  54  18  11   0 0.00  0.0    0 15.0 36  10   M    M   3 8      45  10
17  41  28  35  -2  30   0 0.00  0.0    0  8.9 17 120   M    M   8        21  10
18  58  30  44   7  21   0 0.00  0.0    0 13.3 24 180   M    M   0        32 160
19  60  27  44   7  21   0 0.00  0.0    0 12.8 32 300   M    M   0        48 320
20  72  25  49  11  16   0 0.00  0.0    0 11.8 25 320   M    M   0        36 320
21  76  25  51  13  14   0 0.00  0.0    0 12.3 25 190   M    M   0 18     31 180
22  52  26  39   1  26   0 0.00  0.0    0 10.2 23 350   M    M   0        32 320
23  64  19  42   4  23   0 0.00  0.0    0 10.7 25 190   M    M   4 18     30 200
24  64  36  50  11  15   0 0.00  0.0    0  8.9 28 160   M    M   4 8      34 290
25  46  20  33  -6  32   0 0.00  0.0    0 13.3 28 330   M    M   5        37 330
================================================================================
SM 1466  600       588   2  0.03     0.5 278.0          M       49
================================================================================
AV 58.6 24.0                              11.1 FASTST   M    M   2    MAX(MPH)
                                 MISC ---->  # 36 180               # 48  360
================================================================================
NOTES:
# LAST OF SEVERAL OCCURRENCES

COLUMN 17 PEAK WIND IN M.P.H.

PRELIMINARY LOCAL CLIMATOLOGICAL DATA (WS FORM: F-6) , PAGE 2

                                          STATION:  VALENTINE NE
                                          MONTH:    MARCH
                                          YEAR:     2015
                                          LATITUDE:   42 52 N
                                          LONGITUDE: 100 33 W

[TEMPERATURE DATA]      [PRECIPITATION DATA]       SYMBOLS USED IN COLUMN 16

AVERAGE MONTHLY: 41.3   TOTAL FOR MONTH:   0.03    1 = FOG OR MIST
DPTR FM NORMAL:   6.0   DPTR FM NORMAL:   -0.77    2 = FOG REDUCING VISIBILITY
HIGHEST:    84 ON 15    GRTST 24HR  0.02 ON  3- 3      TO 1/4 MILE OR LESS
LOWEST:     -3 ON  5                               3 = THUNDER
                        SNOW, ICE PELLETS, HAIL    4 = ICE PELLETS
                        TOTAL MONTH:   0.5 INCH    5 = HAIL
                        GRTST 24HR   0.5 ON  3- 3  6 = FREEZING RAIN OR DRIZZLE
                        GRTST DEPTH:   0           7 = DUSTSTORM OR SANDSTORM:
                                                       VSBY 1/2 MILE OR LESS
                                                   8 = SMOKE OR HAZE
[NO. OF DAYS WITH]      [WEATHER - DAYS WITH]      9 = BLOWING SNOW
                                                   X = TORNADO
MAX 32 OR BELOW:   2    0.01 INCH OR MORE:   2
MAX 90 OR ABOVE:   0    0.10 INCH OR MORE:   0
MIN 32 OR BELOW:  21    0.50 INCH OR MORE:   0
MIN  0 OR BELOW:   2    1.00 INCH OR MORE:   0

[HDD (BASE 65) ]
TOTAL THIS MO.   588    CLEAR  (SCALE 0-3)  18
DPTR FM NORMAL  -155    PTCLDY (SCALE 4-7)   7
TOTAL FM JUL 1  5714    CLOUDY (SCALE 8-10)  0
DPTR FM NORMAL  -265

[CDD (BASE 65) ]
TOTAL THIS MO.     2
DPTR FM NORMAL     2    [PRESSURE DATA]
TOTAL FM JAN 1     2    HIGHEST SLP M ON M
DPTR FM NORMAL     2    LOWEST  SLP 29.63 ON  3

[REMARKS]
