000
CXUS55 KRIW 230945
CF6WRL
PRELIMINARY LOCAL CLIMATOLOGICAL DATA (WS FORM: F-6)

                                          STATION:   WORLAND WY
                                          MONTH:     OCTOBER
                                          YEAR:      2017
                                          LATITUDE:   43 58 N
                                          LONGITUDE: 107 57 W

  TEMPERATURE IN F:       :PCPN:    SNOW:  WIND      :SUNSHINE: SKY     :PK WND
================================================================================
1   2   3   4   5  6A  6B    7    8   9   10  11  12  13   14  15   16   17  18
                                     12Z  AVG MX 2MIN
DY MAX MIN AVG DEP HDD CDD  WTR  SNW DPTH SPD SPD DIR MIN PSBL S-S WX    SPD DR
================================================================================

 1  55  38  47  -4  18   0 0.07  0.0    0  7.2 16 270   M    M   8        20 340
 2  48  36  42  -9  23   0 0.02    M    M  7.5 14 170   M    M  10        18 330
 3  49  26  38 -12  27   0 0.00    M    M  3.1 12 170   M    M   4        12 170
 4  61  26  44  -6  21   0 0.00    M    M  3.5 14 360   M    M   0        17 360
 5  60  28  44  -6  21   0 0.00  0.0    M  3.0  9 170   M    M   1        11  50
 6  61  37  49   0  16   0    T    M    M  6.2 15 130   M    M   4        19 120
 7  77  34  56   7   9   0 0.00  0.0    M  6.8 20 340   M    M   0        25 340
 8  45  31  38 -10  27   0 0.14    M    M  7.6 21 160   M    M   7 1      27 160
 9  51  23  37 -11  28   0 0.00  0.0    M  4.7 14 180   M    M   0        19 160
10  61  22  42  -6  23   0 0.00  0.0    M  5.5 21 170   M    M   0        26 170
11  70  27  49   2  16   0 0.00  0.0    M  6.3 18 190   M    M   0        24 160
12  55  26  41  -6  24   0 0.00  0.0    M  4.3 10 170   M    M   0        15 290
13  60  20  40  -7  25   0    T    M    M  9.0 26 240   M    M   1        34 260
14  50  25  38  -8  27   0    T    M    M  7.9 24 330   M    M   5 1      31 330
15  59  21  40  -6  25   0 0.00  0.0    M  5.4 12 120   M    M   0        14 100
16  68  26  47   1  18   0 0.00    M    M  3.6  9 180   M    M   0        10 180
17  74  27  51   6  14   0 0.00    M    M  4.3 13 200   M    M   0        15 180
18  75  31  53   8  12   0 0.00    M    M  4.9 13 210   M    M   0        15 110
19  77  29  53   9  12   0 0.00    M    M  6.2 17 200   M    M   0        19 200
20  75  38  57  13   8   0 0.00    M    M 10.7 29 190   M    M   1        36 240
21  55  21  38  -6  27   0 0.00    M    M  4.7 21 330   M    M   2        32 330
22  62  24  43   0  22   0 0.00  0.0    0  5.0 25 360   M    M   1        39 350
================================================================================
SM 1348  616       443   0  0.23     0.0 127.4          M       44
================================================================================
AV 61.3 28.0                               5.8 FASTST   M    M   2    MAX(MPH)
                                 MISC ---->  # 29 190               # 39  350
================================================================================
NOTES:
# LAST OF SEVERAL OCCURRENCES

COLUMN 17 PEAK WIND IN M.P.H.

PRELIMINARY LOCAL CLIMATOLOGICAL DATA (WS FORM: F-6) , PAGE 2

                                          STATION:  WORLAND WY
                                          MONTH:    OCTOBER
                                          YEAR:     2017
                                          LATITUDE:   43 58 N
                                          LONGITUDE: 107 57 W

[TEMPERATURE DATA]      [PRECIPITATION DATA]       SYMBOLS USED IN COLUMN 16

AVERAGE MONTHLY: 44.6   TOTAL FOR MONTH:   0.23    1 = FOG OR MIST
DPTR FM NORMAL:  -2.5   DPTR FM NORMAL:   -0.33    2 = FOG REDUCING VISIBILITY
HIGHEST:    77 ON 19, 7 GRTST 24HR  0.14 ON  8- 8      TO 1/4 MILE OR LESS
LOWEST:     20 ON 13                               3 = THUNDER
                        SNOW, ICE PELLETS, HAIL    4 = ICE PELLETS
                        TOTAL MONTH:   0.0 INCH    5 = HAIL
                        GRTST 24HR     0.0         6 = FREEZING RAIN OR DRIZZLE
                        GRTST DEPTH:   0           7 = DUSTSTORM OR SANDSTORM:
                                                       VSBY 1/2 MILE OR LESS
                                                   8 = SMOKE OR HAZE
[NO. OF DAYS WITH]      [WEATHER - DAYS WITH]      9 = BLOWING SNOW
                                                   X = TORNADO
MAX 32 OR BELOW:   0    0.01 INCH OR MORE:   3
MAX 90 OR ABOVE:   0    0.10 INCH OR MORE:   1
MIN 32 OR BELOW:  17    0.50 INCH OR MORE:   0
MIN  0 OR BELOW:   0    1.00 INCH OR MORE:   0

[HDD (BASE 65) ]
TOTAL THIS MO.   443    CLEAR  (SCALE 0-3)  16
DPTR FM NORMAL    53    PTCLDY (SCALE 4-7)   4
TOTAL FM JUL 1   712    CLOUDY (SCALE 8-10)  2
DPTR FM NORMAL    65

[CDD (BASE 65) ]
TOTAL THIS MO.     0
DPTR FM NORMAL     0    [PRESSURE DATA]
TOTAL FM JAN 1   588    HIGHEST SLP M ON M
DPTR FM NORMAL    53    LOWEST  SLP 29.49 ON 20

[REMARKS]
