000
CXUS56 KMTR 241000
CF6WVI
PRELIMINARY LOCAL CLIMATOLOGICAL DATA (WS FORM: F-6)

                                          STATION:   WATSONVILLE AIRPORT
                                          MONTH:     FEBRUARY
                                          YEAR:      2017
                                          LATITUDE:   36 55 N
                                          LONGITUDE: 121 47 W

  TEMPERATURE IN F:       :PCPN:    SNOW:  WIND      :SUNSHINE: SKY     :PK WND
================================================================================
1   2   3   4   5  6A  6B    7    8   9   10  11  12  13   14  15   16   17  18
                                     12Z  AVG MX 2MIN
DY MAX MIN AVG DEP HDD CDD  WTR  SNW DPTH SPD SPD DIR MIN PSBL S-S WX    SPD DR
================================================================================

 1  62  43  53   2  12   0 0.04    M    0  4.3 20 240   M    M   2        26 240
 2  61  50  56   5   9   0 0.72  0.0    0  2.8 10 140   M    M  10 1      15 160
 3  61  53  57   6   8   0 0.28  0.0    0 10.2 22 190   M    M   9 1      36 190
 4  60  50  55   4  10   0 0.20  0.0    0  3.4 10 210   M    M   9 1      18 120
 5  59  46  53   2  12   0 0.59    M    0  3.1 13 220   M    M   7 1      23 320
 6  60  54  57   6   8   0 0.87  0.0    0  9.1 21 190   M    M   9 1      30 190
 7  60  54  57   6   8   0 0.60  0.0    0 13.6 33 190   M    M  10 128    44 180
 8  62  57  60   8   5   0 0.26  0.0    0  2.6  9 220   M    M  10 18     14 240
 9  64  57  61   9   4   0 1.54  0.0    0  5.9 20 190   M    M  10 1      27 210
10  60  48  54   2  11   0 0.30    M    0  2.7 10 230   M    M   8 1      14 230
11  60  41  51  -1  14   0 0.00  0.0    0  4.3 10 180   M    M   1 1      13 220
12  64  40  52   0  13   0 0.00  0.0    0  3.0 10 230   M    M   0 18     13 220
13  66  39  53   1  12   0 0.00  0.0    0  2.2  9 250   M    M   0        12 250
14  72  41  57   5   8   0 0.00  0.0    0  3.8 13 230   M    M   0        15 230
15  68  47  58   6   7   0 0.00  0.0    0  2.3 10 250   M    M   1 8      13 250
16  64  51  58   6   7   0 0.46  0.0    0  3.5 13 220   M    M   8 1      18 290
17  60  51  56   4   9   0 1.02  0.0    0 10.2 29 110   M    M  10 1      40 100
18  59  44  52   0  13   0 0.07    M    0  6.2 17 270   M    M   8 1      25 270
19  54  43  49  -3  16   0 0.15  0.0    0  2.7 10 160   M    M   9 1      18  90
20  61  51  56   4   9   0 2.50  0.0    0  9.1 29 190   M    M  10 1      36 190
21  61  45  53   1  12   0 0.19    M    0 10.2 25 180   M    M   8 1      31 190
22  59  38  49  -3  16   0 0.00  0.0    0  5.7 17 270   M    M   1        24 260
23  58  35  47  -5  18   0 0.00  0.0    0  4.4 18 220   M    M   1        23 230
================================================================================
SM 1415 1078       241   0  9.79     0.0 125.3          M      141
================================================================================
AV 61.5 46.9                               5.4 FASTST   M    M   6    MAX(MPH)
                                 MISC ---->  # 33 190               # 44  180
================================================================================
NOTES:
# LAST OF SEVERAL OCCURRENCES

COLUMN 17 PEAK WIND IN M.P.H.

PRELIMINARY LOCAL CLIMATOLOGICAL DATA (WS FORM: F-6) , PAGE 2

                                          STATION:  WATSONVILLE AIRPORT
                                          MONTH:    FEBRUARY
                                          YEAR:     2017
                                          LATITUDE:   36 55 N
                                          LONGITUDE: 121 47 W

[TEMPERATURE DATA]      [PRECIPITATION DATA]       SYMBOLS USED IN COLUMN 16

AVERAGE MONTHLY: 54.2   TOTAL FOR MONTH:   9.79    1 = FOG OR MIST
DPTR FM NORMAL:   2.5   DPTR FM NORMAL:    6.33    2 = FOG REDUCING VISIBILITY
HIGHEST:    72 ON 14    GRTST 24HR  2.59 ON 19-20      TO 1/4 MILE OR LESS
LOWEST:     35 ON 23                               3 = THUNDER
                        SNOW, ICE PELLETS, HAIL    4 = ICE PELLETS
                        TOTAL MONTH:   0.0 INCH    5 = HAIL
                        GRTST 24HR     0.0         6 = FREEZING RAIN OR DRIZZLE
                        GRTST DEPTH:   0           7 = DUSTSTORM OR SANDSTORM:
                                                       VSBY 1/2 MILE OR LESS
                                                   8 = SMOKE OR HAZE
[NO. OF DAYS WITH]      [WEATHER - DAYS WITH]      9 = BLOWING SNOW
                                                   X = TORNADO
MAX 32 OR BELOW:   0    0.01 INCH OR MORE:  16
MAX 90 OR ABOVE:   0    0.10 INCH OR MORE:  14
MIN 32 OR BELOW:   0    0.50 INCH OR MORE:   7
MIN  0 OR BELOW:   0    1.00 INCH OR MORE:   3

[HDD (BASE 65) ]
TOTAL THIS MO.   241    CLEAR  (SCALE 0-3)   8
DPTR FM NORMAL   -66    PTCLDY (SCALE 4-7)   3
TOTAL FM JUL 1  1866    CLOUDY (SCALE 8-10) 12
DPTR FM NORMAL   -51

[CDD (BASE 65) ]
TOTAL THIS MO.     0
DPTR FM NORMAL     0    [PRESSURE DATA]
TOTAL FM JAN 1     0    HIGHEST SLP M ON M
DPTR FM NORMAL     0    LOWEST  SLP 29.14 ON 17

[REMARKS]
